{"id":96,"date":"2015-11-14T22:27:04","date_gmt":"2015-11-14T21:27:04","guid":{"rendered":"https:\/\/blog.univ-angers.fr\/voxcampus\/?page_id=96"},"modified":"2023-09-24T14:43:53","modified_gmt":"2023-09-24T13:43:53","slug":"2010-2011","status":"publish","type":"page","link":"https:\/\/blog.univ-angers.fr\/voxcampus\/tous-nos-concerts\/2010-2011\/","title":{"rendered":"2007-2011"},"content":{"rendered":"<p><strong>Concerts donn\u00e9s au cours de la saison 2010-2011<\/strong><\/p>\n<p><strong>(01-02) dimanche 19 septembre<\/strong> VOX CAMPUS faisait ses deux premiers concerts de la saison avec les anciens et le programme de l&rsquo;an pass\u00e9 (dans la chapelle de l&rsquo;h\u00f4pital \u00e0 14h30 et \u00e0 17h dans la Chapelle des Ursules).<\/p>\n<p><strong>(03) Mardi 30 Novembre<\/strong> \u00e0 20h30 : Concert commun aux Greniers Saint Jean avec la chorale Kal\u00e9\u00efdovox de M\u00fbrs Erign\u00e9.<\/p>\n<p><strong>(04) Mercredi 15 D\u00e9cembre<\/strong> \u00e0 20h30 : Concert de No\u00ebl aux Ursules (Mairie d&rsquo;Angers)<\/p>\n<p><strong>(05) Vendredi 7 janvier<\/strong> \u00e0 20h : Concert commun de nouvel an et galette avec l&rsquo;OLDA \u00e0 la Facult\u00e9 de droit d&rsquo;Angers. (1\u00e8re Partie -Ch\u0153ur :  Traditionnel Basque (A\u00efta Gurea) ; Rachmaninoff (Bogorodits\u00e9 Di\u00e9vo) ; Traditionnel Sud Africain (Nkosisik\u00e9l\u00e9) \/ 2\u00e8re Partie &#8211; Orchestre Interuniversitaire Vox Campus : Charpentier (Ouverture du Te Deum ; Dvorak (Symphonie du Nouveau Monde 4\u00e8me mvt) \/ 3\u00e8me Partie &#8211; Ch\u0153ur de l&rsquo;Universit\u00e9 d&rsquo;Angers Vox Campus &amp; Orchestre Inter Universitaire Vox Campus :  Mozart (Intro\u00eft, Kyrie, Dies Irae &amp; Lacrimosa du Requiem et Agnus Dei  de la Messe du Couronnement) \/ 4me Partie &#8211; OLDA Orchestre du lyc\u00e9e David d&rsquo;Angers (SviridovLa promenade en tra\u00eeneau ; StravinskiBerceuse et finale de \u00a0\u00bb l&rsquo;oiseau de feu \u00a0\u00bb ;  Tcha\u00efkowskiSymphonie n\u00b02, 2\u00e8me mvt ; Chostakovitch Valse n\u00b02 ; Caccini Ave Maria ; HardimanMusique du ballet \u00a0\u00bb Lord of the dance \u00ab\u00a0) \/ 5\u00e8me Partie : OLDA Orchestre du lyc\u00e9e David d&rsquo;Angers et VOX :   Beethoven Symphonie n\u00b01 (1er mvt).<\/p>\n<p><strong>(06) samedi 12 f\u00e9vrier<\/strong> \u00e0 20h30 : concert \u00e0 Nantes \u00e0 la Chapelle St Joseph (67 r. Gaston Turpin), en commun avec le Ch\u0153ur universitaire de Nantes (CUN). 1e Partie &#8211; CUN \/ 2e Partie &#8211; A\u00efta Gurea ; Bogorodits\u00e9 Di\u00e9vo ; Nkosisik\u00e9l\u00e9 \/ 3e Partie &#8211; Charpentier (Ouverture du Te Deum ; Dvorak (Symphonie du Nouveau Monde 4\u00e8me mvt) \/ 4e Partie &#8211; Ch\u0153ur de l&rsquo;Universit\u00e9 d&rsquo;Angers Vox Campus &amp; Orchestre Inter Universitaire Vox Campus :  Mozart (Intro\u00eft, Kyrie, Dies Irae &amp; Lacrimosa du Requiem et Agnus Dei  de la Messe du Couronnement).<\/p>\n<p><strong>(07) Jeudi 17 f\u00e9vrier<\/strong> 20h Concert Lyc\u00e9e Bergson<\/p>\n<p><strong>(08-12) Samedi 26 f\u00e9vrier<\/strong> au dimanche 6 mars. Tourn\u00e9e de Vox Campus au Pays basque et dans l&rsquo;\u00c9tat espagnol. \u0152uvres de Mozart (extraits du Requiem et de la Messe du couronnement), Beethoven (1e symphonie, 1er mvt), Lalande (Soupers du Roy), Charpentier (ouverture du Te deum), \u0152uvres a capella (Aita Gurea, Bogoroditse, Nkosi&#8230;), etc.<\/p>\n<p>&#8211; dimanche 27 f\u00e9vrier \u00e0 17h30  Concert \u00e0 l\u2019\u00e9glise Ste Eug\u00e9nie de Biarritz avec le choeur OLDARRA<\/p>\n<p>&#8211; mardi 1er mars \u00e0 19h Concert \u00e0 l&rsquo;auditorium de la Maison de la Culture de Tres Cantos<\/p>\n<p>&#8211; jeudi 3 mars \u00e0 20h  Concert \u00e0 la Sala del centro cultural de CCM \u00e0 Tol\u00e8de<\/p>\n<p>&#8211; vendredi 4 mars \u00e0 20h30 Concert \u00e0 l&rsquo;\u00e9glise Inmaculado corazon de Maria, Arg\u00fcelles, \u00e0 Madrid<\/p>\n<p>&#8211; samedi 5 mars \u00e0 12h30 Concert au Mus\u00e9e Guggenheim \u00e0 Bilbao.<\/p>\n<p><strong>(13) Lundi 14 mars<\/strong> \u00e0 20h30 \u00e0 la Chapelle des Ursules \u00e0 Angers, avec les Hongrois de Vezprem<\/p>\n<p><strong>(14) mercredi 16 mars<\/strong> \u00e0 20h30 en l&rsquo;\u00c9glise de Beaucouz\u00e9 : Concerts avec les Hongrois de Vezprem<\/p>\n<p><strong>(15-17) Samedi 26, dimanche 27 mars<\/strong> : Concerts \u00e0 Paris (Jardin du Luxembourg), Chatou et \u00e0 l&rsquo;Abbaye de l&rsquo;\u00c9pau (Le Mans)<\/p>\n<p><strong>(18) Vendredi 8 avril<\/strong> : Concert \u00e0 Saumur<\/p>\n<p><strong>(19) Dimanche 17 avril<\/strong> : Concert \u00e0 St Laurent de la Plaine<\/p>\n<p><strong>(21) Lundi 30 mai<\/strong> : Concert commun avec l\u2019AUSTIN COLLEGE (Cath\u00e9drale d&rsquo;Angers)<\/p>\n<p><strong>(22) Mercredi 1er juin<\/strong> \u00e0 20h30 : Concert XX\u00e8me anniversaire (Grand Th\u00e9\u00e2tre d&rsquo;Angers) (+ F\u00eate le lendemain \u00e0 la Salle du Hutreau)<\/p>\n<p><strong>(23) Mardi 21 juin<\/strong> 2011 &#8211; F\u00caTE DE LA MUSIQUE \u00e0 Angers : concert gratuit de Vox Campus \u00e0 la Chapelle des Ursules (Mairie d&rsquo;Angers).<br \/>\n_________________________________________________________________________________<\/p>\n<p><strong>Concerts donn\u00e9s au cours de la saison 2009-2010<\/strong><\/p>\n<p><strong>1. Dimanche 21 septembre 2009<\/strong> \u00e0 17h00 &#8211;  Concert pour la Journ\u00e9e du patrimoine \u00e0 la Chapelle des Ursules (Mairie d&rsquo;Angers). Extraits du King Arthur de Purcell, 8e danse slave de Dvorak, chants (Tollite hostias de Saint-Saens, What the devil said, La cigale et la fourmi de Mozart).<\/p>\n<p><strong>2. Vendredi 9 octobre 2009 \u00e0 20h30<\/strong> &#8211;  Concert en l&rsquo;\u00e9glise de Boc\u00e9 \u00e0 l&rsquo;occasion du festival de Boc\u00e9 (pr\u00e8s de Beaug\u00e9).<\/p>\n<p><strong>3. Mercredi 2 d\u00e9cembre 2009 \u00e0 20h30 <\/strong>:  Conf\u00e9rence-Concert \u00e0 la chapelle des Ursules \u00e0 Angers AVEC LE MUSICOLOGUE PATRICK BARBIER A L\u2019OCCASION DU 350\u00e8me ANNIVERSAIRE DE LA NAISSANCE DE PURCELL (1659). Extraits de Didon et \u00c9n\u00e9e, de King Arthur, de la Musique pour les fun\u00e9railles de la reine Mary, Extraits du Bourgeois Gentilhomme et d&rsquo;Isis de Lully.<\/p>\n<p><strong>4. Dimanche 13 d\u00e9cembre 2009 \u00e0 15h00<\/strong> &#8211;  Concert \u00ab D\u00e9mineurs \u00bb au th\u00e9\u00e2tre Chanzy (Angers). En compagnie de deux autres chorales, au profit d\u2019une association de \u00ab d\u00e9mineurs sans fronti\u00e8re \u00bb qui d\u00e9minent et construisent des \u00e9coles au Cambodge.<\/p>\n<p><strong>5. Mercredi 16 d\u00e9cembre 2009 \u00e0 20h30<\/strong> &#8211;  Concert \u00ab de No\u00ebl  \u00bb \u00e0 la Chapelle des Ursules (Mairie d&rsquo;Angers). Extraits de Didon et \u00c9n\u00e9e, de King Arthur de Pucell, chants a capella, 1e symphonie de Beethoven, 2e concerto de Rachmaninoff avec Sait\u00e9 Chan au piano.<\/p>\n<p><strong>6. Mercredi 13 janvier 2010 \u00e0 16h00<\/strong> &#8211; Chapelle de l&rsquo;H\u00f4pital d&rsquo;Angers<\/p>\n<p><strong>7. Vendredi 12 mars 2010<\/strong> &#8211; Gala de Pharmacie aux Greniers St Jean (orchestre seulement)<\/p>\n<p><strong>8. Samedi 20 mars 2010 \u00e0 20h30<\/strong>  &#8211; Concert commun de l&rsquo;orchestre avec l&rsquo;orchestre universitaire de Poitiers (\u00c9glise Ste Th\u00e9r\u00e8se, Angers). Avec notamment au programme la symphonie inachev\u00e9 de Schubert.<\/p>\n<p><strong>9. Dimanche 21 mars 2010<\/strong> \u00e0 15h30 &#8211; Concert du ch\u0153ur et de l&rsquo;orchestre \u00e0 l&rsquo;Abbaye de Fontevraud.<\/p>\n<p><strong>10. Lundi 29 mars \u00e0 20h30 <\/strong>&#8211; Chapelle des Ursules &#8211; Concert du ch\u0153ur de Hradec Kralov\u00e9 (Tch\u00e9quie) avec participation du ch\u0153ur de Vox Campus.<\/p>\n<p><strong>11. Jeudi 29 avril \u00e0 20h30<\/strong> &#8211; Concert commun aux Ursules de Vox Campus avec la chorale du lyc\u00e9e musical de Moscou (\u00e9change OLDA).<\/p>\n<p><strong>12. Vendredi 7 mai 2010<\/strong> &#8211; Gala au campus du site St Serge, Universit\u00e9 d&rsquo;Angers.<\/p>\n<p><strong>13. Jeudi 20 mai 2010 de 20h \u00e0 21h<\/strong> &#8211; Concert priv\u00e9 pour le colloque de Parasitologie \u00e0 la Coll\u00e9giale St Martin \u00e0 Angers.<\/p>\n<p><strong>14. Lundi 21 juin 2010<\/strong> &#8211; F\u00caTE DE LA MUSIQUE \u00e0 Angers : concert gratuit de Vox Campus \u00e0 la Chapelle des Ursules (Mairie d&rsquo;Angers) : chants a capella (Aita Gurea, Razbo\u00efnica, Bogore, Cantares, hymne sud-africain), marche pour la c\u00e9r\u00e9monie des Turcs (Bourgeois gentilhomme) de Lully, 1e symphonie de Beethoven, Stabat Mater de Pergol\u00e8se, Te Deum de Charpentier, Une Nuit sur le mont chauve de Moussorgsky,<br \/>\n_____________________________________________________________________________________<\/p>\n<p><strong>Concerts donn\u00e9s en 2008-2009<\/strong><\/p>\n<p>Dimanche 21 septembre 2008 \u00e0 17h30 &#8211;  Concert pour la Journ\u00e9e du patrimoine au Grand Th\u00e9\u00e2tre d&rsquo;Angers.<\/p>\n<p>Vendredi 26 septembre 2008 de 19h \u00e0 20h &#8211;  Concert au \u00ab\u00a0Quai\u00a0\u00bb \u00e0 Angers, pour la Nuit des chercheurs.<\/p>\n<p>Dimanche 19 octobre 2008 \u00e0 16h &#8211;  Concert de l&rsquo;ensemble vocal, avec Fiori Musicali, Notre Dame de Montplac\u00e9 \u00e0 JARZE<\/p>\n<p>Mercredi 5 novembre 2008 \u00e0 20h30 &#8211;  Concert de l&rsquo;ensemble vocal, avec Fiori Musicali, Chapelle St Louis \u00e0 CHOLET<\/p>\n<p>Vendredi 7 novembre 2008 \u00e0 20h30 &#8211;  Concert de l&rsquo;ensemble vocal, avec Fiori Musicali, \u00c9glise Saint Serge \u00e0 ANGERS<\/p>\n<p>Mercredi 17 d\u00e9cembre 2008, Chapelle des Ursules (Mairie d&rsquo;Angers) \u00e0 20h30 &#8211;  1) Ensemble vocal : Bianco e dolce cygno ; Aita Gurea ; Hymn to the virgin ; Bogorodits\u00e9 di\u00e9vo ; 2) Orchestre :  C\u00e9r\u00e9monie des Turcs (Lully)  ;  3e mvt concerto pour trompette (Haydn)  ;  Danse slave N\u00b08 (Dvorak)  ;  3) Harpe et Cie  ;  4) Ch\u0153ur et orchestre  :  Tollite Hostias (St Sa\u00ebns)  ;   That\u2019s what the devil said ; King Arthur [extraits] (Purcell)  ;  5) Bis  : La Cigale et la fourmi (Mozart) ; Pink Panther.<\/p>\n<p>Dimanche 1er f\u00e9vrier 2009 &#8211;  Concert au CHU d&rsquo;Angers (ancienne chapelle) \u00e0 15h30  -&gt;&gt; voir l&rsquo;article du journal du CHU d&rsquo;Angers &lt;&lt;-<\/p>\n<p>Samedi 14 mars 2009 &#8211;  Concert \u00e0 Rez\u00e9 (44), Chapelle du rosaire \u00e0 20h30<\/p>\n<p>Dimanche 15 mars 2009 &#8211;  Concert au Mans (72), Abbaye de l&rsquo;Epau \u00e0 15h30<\/p>\n<p>Jeudi 7 mai 2009 &#8211;  20h30. Repr\u00e9sentation de l&rsquo;op\u00e9ra King Arthur de Purcell, par Vox Campus au Grand Th\u00e9\u00e2tre d&rsquo;Angers.<\/p>\n<p>Samedi 16 mai 2009 &#8211;   \u00e0 20h30 : Concert \u00e0 Poitiers, avec Vox Campus et l&rsquo;orchestre et ch\u0153ur de l&rsquo;universit\u00e9 de Poitiers<\/p>\n<p>Dimanche 21 juin 2009 &#8211; \u00e0 20h30 : F\u00caTE DE LA MUSIQUE &#8211; concert gratuit de Vox Campus \u00e0 la Chapelle des Ursules de la Mairie d&rsquo;Angers, avec des extraits du King Arthur, le Lacrymosa du Requiem de Mozart (en hommage \u00e0 Jean-Pierre Soubigou), et des oeuvres courtes diverses (Saint-Saens, Dvorak&#8230;)<br \/>\n_____________________________________________________________________________________<\/p>\n<p><strong>Concerts donn\u00e9s en 2007-2008<\/strong><\/p>\n<p>Mercredi 19 septembre 2007 \u00e0 20h &#8211;  Concert au \u00ab\u00a0Quai\u00a0\u00bb \u00e0 Angers, pour la soir\u00e9e d&rsquo;accueil des \u00e9tudiants \u00e9trangers (organis\u00e9e  par la mairie d&rsquo;Angers).<\/p>\n<p>Vendredi 7 d\u00e9cembre 2007 apr\u00e8s-midi &#8211;  Concert universitaire \u00e0 la facult\u00e9 de M\u00e9decine pour la remise de doctorats Honoris Causa. Ouverture d&rsquo;Egmont de Beethoven, oeuvres pour harpe, extraits de King Arthur de Purcell (solistes, choeur et orchestre), Le Tourdion, Gaudeamus Igitur.<\/p>\n<p>Mercredi 19 d\u00e9cembre 2007 \u00e0 20h30 &#8211;  Concert de No\u00ebl de Vox Campus \u00e0 l&rsquo;\u00e9glise St L\u00e9onard \u00e0 Angers (359 rue Saint L\u00e9onard). Au programme : oeuvres orchestrales dont l&rsquo;Ouverture d&rsquo;Egmont de Beethoven et des extraits de King Arthur de Purcell (solistes, choeur et orchestre). Direction : Olivier Villeret. Entr\u00e9e libre et participation au profit de l&rsquo;Association Marie-No\u00eblle.<\/p>\n<p>Samedi 2 f\u00e9vrier 2008 \u00e0 20h30 &#8211;  Concert de Vox Campus au Temple \u00e0 Nancy (place Maginot, pr\u00e8s de la FNAC).<\/p>\n<p>Dimanche 3 f\u00e9vrier 2008 \u00e0 14h00 &#8211;  Concert de Vox Campus\u00e0 l&rsquo;\u00e9glise St L\u00e9on \u00e0 Nancy (rue St L\u00e9on).<\/p>\n<p>Au programme de ces deux concerts nanc\u00e9ens : oeuvres orchestrales dont l&rsquo;Ouverture d&rsquo;Egmont de Beethoven et des extraits de King Arthur de Purcell (solistes, choeur et orchestre). Direction : Olivier Villeret.<\/p>\n<p>Mercredi 19 mars 2008 \u00e0 20h30 &#8211;  Concert de Vox Campus \u00e0 la Chapelle des Ursules \u00e0 Angers : Ouverture d&rsquo;Egmont de Beethoven, oeuvres pour harpe, extraits du Roi Arthur de Purcell.<\/p>\n<p>Dimanche 6 avril 2008 &#8211;  Concert de Vox Campus \u00e0 l&rsquo;abbaye de l&rsquo;Epau au Mans.<\/p>\n<p>Jeudi 21 juin 2008 &#8211; F\u00caTE DE LA MUSIQUE \u00e0 Angers, Chapelle des Ursules, \u00e0 21h00 : concert gratuit de Vox Campus<br \/>\n_____________________________________________________________________________________<\/p>\n","protected":false},"excerpt":{"rendered":"<p>Concerts donn\u00e9s au cours de la saison 2010-2011 (01-02) dimanche 19 septembre VOX CAMPUS faisait ses deux premiers concerts de la saison avec les anciens et le programme de l&rsquo;an pass\u00e9 (dans la chapelle de l&rsquo;h\u00f4pital \u00e0 14h30 et \u00e0 &hellip; <a href=\"https:\/\/blog.univ-angers.fr\/voxcampus\/tous-nos-concerts\/2010-2011\/\">Continuer la lecture <span class=\"meta-nav\">&rarr;<\/span><\/a><\/p>\n","protected":false},"author":7672,"featured_media":0,"parent":14,"menu_order":9,"comment_status":"closed","ping_status":"open","template":"","meta":{"footnotes":""},"class_list":["post-96","page","type-page","status-publish","hentry"],"_links":{"self":[{"href":"https:\/\/blog.univ-angers.fr\/voxcampus\/wp-json\/wp\/v2\/pages\/96","targetHints":{"allow":["GET"]}}],"collection":[{"href":"https:\/\/blog.univ-angers.fr\/voxcampus\/wp-json\/wp\/v2\/pages"}],"about":[{"href":"https:\/\/blog.univ-angers.fr\/voxcampus\/wp-json\/wp\/v2\/types\/page"}],"author":[{"embeddable":true,"href":"https:\/\/blog.univ-angers.fr\/voxcampus\/wp-json\/wp\/v2\/users\/7672"}],"replies":[{"embeddable":true,"href":"https:\/\/blog.univ-angers.fr\/voxcampus\/wp-json\/wp\/v2\/comments?post=96"}],"version-history":[{"count":1,"href":"https:\/\/blog.univ-angers.fr\/voxcampus\/wp-json\/wp\/v2\/pages\/96\/revisions"}],"predecessor-version":[{"id":725,"href":"https:\/\/blog.univ-angers.fr\/voxcampus\/wp-json\/wp\/v2\/pages\/96\/revisions\/725"}],"up":[{"embeddable":true,"href":"https:\/\/blog.univ-angers.fr\/voxcampus\/wp-json\/wp\/v2\/pages\/14"}],"wp:attachment":[{"href":"https:\/\/blog.univ-angers.fr\/voxcampus\/wp-json\/wp\/v2\/media?parent=96"}],"curies":[{"name":"wp","href":"https:\/\/api.w.org\/{rel}","templated":true}]}}