{"id":22,"date":"2015-09-09T10:47:04","date_gmt":"2015-09-09T09:47:04","guid":{"rendered":"https:\/\/blog.univ-angers.fr\/voxcampus\/?page_id=22"},"modified":"2025-04-02T20:36:22","modified_gmt":"2025-04-02T19:36:22","slug":"repertoires","status":"publish","type":"page","link":"https:\/\/blog.univ-angers.fr\/voxcampus\/repertoires\/","title":{"rendered":"R\u00e9pertoire"},"content":{"rendered":"<p>Le r\u00e9pertoire de Vox Campus comporte :<br \/>\n&#8211; des \u0153uvres a capella pour la chorale ;<br \/>\n&#8211; des \u0153uvres instrumentales pour l&rsquo;orchestre ;<br \/>\n&#8211; des \u0153uvres pour ch\u0153ur et orchestre.<br \/>\nCette combinaison ch\u0153ur+orchestre est rare dans un ensemble amateur. Que les deux ensembles compl\u00e9mentaires soient plac\u00e9s sous la direction musicale d&rsquo;un m\u00eame chef, Olivier Villeret, l&rsquo;est encore plus. C&rsquo;est une des raisons du dynamisme de Vox Campus et de la fid\u00e9lit\u00e9 d&rsquo;un large public dans la r\u00e9gion angevine et au-del\u00e0.<\/p>\n<p><strong>Liste des \u0153uvres qui ont \u00e9t\u00e9 jou\u00e9es par Vox Campus depuis sa cr\u00e9ation<\/strong><\/p>\n<p><strong>1. GRANDES \u0152UVRES POUR CH\u0152UR ET ORCHESTRE<\/strong><\/p>\n<p>A. MICHNA (1600-1676) : Messe Saint Wenceslas (2000-2001)<br \/>\nM.-A. CHARPENTIER (1645-1704) : Te Deum (1993-1994, 1997-1998 &amp; 2009-2010)<br \/>\nH. PURCELL (1658-1695) : King Arthur (2007-2009) ; Didon et En\u00e9e (2014-2015)<br \/>\nA. VIVALDI (1678-1741) : Gloria (1991-1992, 1992-1993 &amp; 2011-2012) ; Magnificat (1994-1995 &amp; 2006-2007) ; Dixit Dominus (2006-2007)<br \/>\nG.-F. H\u00c4NDEL (1685-1759) : Messiah (extraits) (1992-1993) ; Dettingen Te Deum (2016-2018)<br \/>\nJ.-S. BACH (1685-1750) : Magnificat BWV 243 (2002-2003)<br \/>\nW.-A. MOZART (1756-1791) Spatzenmesse (1991 et 2013-2014) ; Messe du Couronnement (2004-2005, extraits en 2010-2011, 2024-2025) ; Requiem (1995-1996 et 2005-2006, extraits en 2010-2011) ; Spaur-Messe KV258 (2010-2011)<br \/>\nF. SCHUBERT (1797-1828) : Messe n\u00b02 en sol (1994-1995)<br \/>\nC. GOUNOD (1818-1893) : Messe solennelle Ste C\u00e9cile (2003-2004)<br \/>\nG. FAURE (1845-1924) : Requiem (1998-1999)<br \/>\nC. ORFF (1895-1982) : Carmina Burana (2015-2016)<br \/>\nF. POULENC (1899-1963) : Gloria (1996-1997)<br \/>\nM. DURUFLE (1902-1986) : Requiem (2001-2002)<br \/>\nAriel RAMIREZ (1921-2010) : Misa Criolla (2011-2012)<br \/>\nM\u00edkis THEODORAKIS (1925-2021): Canto General (2019-2021)<br \/>\nBernard LALLEMENT (1936-2023) : Missa Gallica (1999-2000 et 2012-2013)<br \/>\nJean-Jo ROUX : Magnificat (2003-2004 et 2012-2013)<br \/>\nKarl JENKINS (1944)\u00a0: L\u2019Homme arm\u00e9 &#8211; Mass for Peace (2022-2023)<\/p>\n<p><strong>2. RENAISSANCE<\/strong><\/p>\n<p>Josquin DES PRES [1440-1521] (Mille regretz&#8230;)<br \/>\nJ.de ANCHIETA [1462-1523](O Bone Jesu)<br \/>\nCl\u00e9ment JANNEQUIN [1485-1558] (Il estoit une fillette, Gr\u00e2ce te rends)<br \/>\nC. de SERMISY [1490-1562] (Tant que vivray)<br \/>\nJ. ARCADELT [1500-1568] (Il bianco e dolce cigno)<br \/>\nPierre CERTON [1515-1572] (La, la, la, Je ne l&rsquo;ose dire&#8230;)<br \/>\nT. ARBEAU [1520-1594] (Pavane, Le Tourdion)<br \/>\nRoland de LASSUS [1532-1594] (La nuit froide et sombre, Mon Coeur se recommande \u00e0 vous, Une Puce)<br \/>\nTheodoricus Petri Rutha de Nyland (1580) : Gaudete (Pi\u00e6 cantiones)<br \/>\nJ.van BERCHEM [actif 1532-1555] (O Jesu Christe)<br \/>\nThomas-Luis de VICTORIA [1548-1611] (Popule meus, quid feci tibi ?)<br \/>\nT. MORLEY [1557-1602] (Now is the month of maying)<br \/>\nGabriel BATAILLE [1574\/75-1630] (Qui veut chasser une migraine&#8230;)<\/p>\n<p><strong>3. BAROQUE ET CLASSIQUE<\/strong><\/p>\n<p>C. MONTEVERDI [1567-1643] : Cantate domino ; Ouverture des Vespro della Beata Vergine<br \/>\nM. PR\u00c6TORIUS [1571-1621] : Es ist ein Ros&rsquo;entsprungen ; Audite silete<br \/>\nH. SCH\u00dcTZ [1585-1672] : Ehre sei dir Christe<br \/>\nJ.-B. LULLY [1632-1687] : Choeur de l&rsquo;hiver ; C\u00e9r\u00e9monie des Turcs ; Caroussel du Roy<br \/>\nJ. PACHELBEL [1653-1706] : Canon<br \/>\nH. PURCELL [1658-1695] : Ouverture de The Fairy Queen ; Fun\u00e9railles de la reine Mary ; + grandes \u0153uvres<br \/>\nA. LOTTI [1665-1740] : Crucifixus<br \/>\nT. ALBINONI [1671-1751] : Concerto pour hautbois<br \/>\nJ.-P. RAMEAU [1683-1765] : La nuit ; Danse des Sauvages<br \/>\nJ.-S. BACH [1685-1750] : Jesus bleibet meine Freude ; Jesu, meine Freude ; Concerto pour violon en la mineur ; + grandes \u0153uvres<br \/>\nG.F. H\u00c4NDEL [1685-1759] : Canticorum Jubilo ; Hallelujah ; Concerto grosso ; Watermusic ; Fireworks<br \/>\nG.-B. PERGOLESE [1710-1736] Stabat Mater<br \/>\nJ. HAYDN [1732-1809] : Concerto pour trompette<br \/>\nW. A. MOZART [1756-1791] : Ave verum corpus ; Concerto pour clarinette ; 2e mvt du Concerto pour piano n\u00b021 ; Ouverture de Dom Giovanni + grandes \u0153uvres et l&rsquo;adaptation d&rsquo;un canon pour <em>La cigale et la fourmi<\/em> ;<\/p>\n<p><strong>4. XIX\u00b0, XX\u00b0 et XXI\u00b0 si\u00e8cles<\/strong><\/p>\n<p>L. van BEETHOVEN [1770-1827] : Egmont (ouverture) ; Fantasie op.80 ; symphonies n\u00b01 (4e mouvement) et 7.<br \/>\nF.-X. GRUBER [1787-1863] &amp; J. MOHR [1792-1848] : Stille Nacht<br \/>\nF. SCHUBERT [1797-1828] : Symphonie inachev\u00e9e (n\u00b08)<br \/>\nF. MENDELSSOHN [1809-1847] : Les H\u00e9brides (ouverture) ; Symphonie \u00e9cossaise.<br \/>\nJ. OFFENBACH [1819-1880] : Cancan (extrait de \u00ab\u00a0Orph\u00e9e aux enfers\u00a0\u00bb)<br \/>\nC. FRANCK [1822-1890] : Symphonie<br \/>\nA. BRUCKNER [1824-1896] : Locus iste, Antiphon, Tota pulchra est<br \/>\nA. BORODINE [1833-1887] : Dans les steppes de l&rsquo;Asie centrale<br \/>\nC. SAINT-SAENS [1835-1921] : Tollite hostias<br \/>\nG. BIZET [1838-1875] : Carmen (ouverture) ; L&rsquo;Arl\u00e9sienne (Farandole)<br \/>\nM. MOUSSORGSKY [1839-1881] : Une nuit sur le Mont chauve<br \/>\nP. TCHA\u00cfKOVSKY (1840-1893) : 2e mvt de la Symphonie n\u00b01 en sol mineur \u00abR\u00eaves d\u2019hiver\u00bb, op. 13 (1866)<br \/>\nA. DVORAK [1841-1904] : Symphonie du Nouveau Monde ; Danses slaves<br \/>\nN. RIMSKY-KORSAKOV [1844-1893] : Mlada, Cort\u00e8ge (n\u00b05)<br \/>\nG. FAURE [1845-1924] : Cantique de Jean Racine ; + grandes \u0153uvres<br \/>\nE. ELGAR [1857-1934] : Ave Maria ; Pump and circonstance<br \/>\nM. IPPOLITOV-IVANOV [1859-1935] : Procession du Sardar<br \/>\nC. DEBUSSY [1862-1918] : Petite suite<br \/>\nS. RACHMANINOV [1873-1943] : Bogoriditse devo ; Concerto pour piano n\u00b02<br \/>\nG. HOLST [1874-1934] : Jupiter<br \/>\nZ. KODALY [1882-1967] : Ave Maria ; La Marseillaise<br \/>\nD. CHOSTAKOVITCH [1906-1975] : Symphonie de chambre ; valse<br \/>\nM. DURUFLE [1902-1986] : Ubi Caritas ; Notre P\u00e8re ; + grandes \u0153uvres<br \/>\nA. BURGESS [1917-1993] : Symphonie pour une R\u00e9volution, Strasbourg<br \/>\nJ.-J. ROUX : Ave Maria<br \/>\nR. HARDIMAN [1961] : The Lord of the dance<br \/>\nK. JENKINS [1944] : The Armed Man: <span class=\"lang-en\" lang=\"en\">A Mass for Peace<\/span> (1999)<br \/>\nD. FORREST [1978] :\u00a0 Jubilate Deo (2016)<\/p>\n<p><em>Musiques de film :<\/em> La Panth\u00e8re rose (H. MANCINI) ; Pirates des Cara\u00efbes (K. BADELT) ; Le Seigneur des Anneaux (H. SHORE), The Mansions of the Lord (Nick GLENNIE-SMITH)&#8230;<\/p>\n<p><strong>5. NEGRO-SPIRITUALS<\/strong><\/p>\n<p>Freedom, Nobody knows, Mary had a baby, Free at last, Ride the chariot, Plenty good room, Elijah Rock, Hail holly queen, Good night sweet heart, Give me your hand, O happy day, That&rsquo;s what the devil said, Deep river, God be with you&#8230;<\/p>\n<p><strong>6. CHANTS D&rsquo;AILLEURS (dont des souvenirs de tourn\u00e9es de Vox Campus \u00e0 l&rsquo;\u00e9tranger)<br \/>\n<\/strong><\/p>\n<p><em>Chant \u00e9tudiant international<\/em> : Gaudeamus igitur<br \/>\n<em>Chants ukrainiens : Ri\u00e9vi\u00e9 ta stogni\u00e9 Dn\u00ecpr chirokiy, Vziav bi ia bandourou <\/em><br \/>\n<em>Lithurgie orthodoxe russe <\/em>: Razbo\u00efnica, Tibie Pa\u00efom, S&rsquo;nami bog, Nyni\u00e9 Otpouchtchai\u00e9chy, Bagarodits\u00e9 di\u00e9vo&#8230;<br \/>\n<em>Chants bulgare<\/em> (Mnoga\u00efaleta), <em>letton<\/em> (Put Vejini), <em>russe<\/em> (Le Don paisible) <em>ou Hymne polonais<\/em> (Gaude mater polonia)<br \/>\n<em>Chants espagnols<\/em> (Ay linda Amiga, Eres como la nieve, Cantares&#8230;), <em>basques<\/em> (Aita gurea, Goizian goizik, Hegoak, Maita nun zira),<em> italiens<\/em> (Signore delle cime, Alta trinita beata, Salade italienne&#8230;) et grec (Arnissi).<br \/>\n<em>Chants sud-africains<\/em> (Erile ba boela hae [ANC], Nkosi Sikelel&rsquo; i Africa)<br \/>\n<em>Chant des \u00eeles Tonga<\/em> (Ka ouala)<\/p>\n<p><strong>7. CR\u00c9ATIONS<\/strong><\/p>\n<p>O. VILLERET (Ave Maria ; Timor et Tremor&#8230;)<br \/>\nM. PICARD (Ballade)<\/p>\n","protected":false},"excerpt":{"rendered":"<p>Le r\u00e9pertoire de Vox Campus comporte : &#8211; des \u0153uvres a capella pour la chorale ; &#8211; des \u0153uvres instrumentales pour l&rsquo;orchestre ; &#8211; des \u0153uvres pour ch\u0153ur et orchestre. Cette combinaison ch\u0153ur+orchestre est rare dans un ensemble amateur. Que &hellip; <a href=\"https:\/\/blog.univ-angers.fr\/voxcampus\/repertoires\/\">Continuer la lecture <span class=\"meta-nav\">&rarr;<\/span><\/a><\/p>\n","protected":false},"author":7672,"featured_media":0,"parent":0,"menu_order":4,"comment_status":"closed","ping_status":"closed","template":"","meta":{"footnotes":""},"class_list":["post-22","page","type-page","status-publish","hentry"],"_links":{"self":[{"href":"https:\/\/blog.univ-angers.fr\/voxcampus\/wp-json\/wp\/v2\/pages\/22","targetHints":{"allow":["GET"]}}],"collection":[{"href":"https:\/\/blog.univ-angers.fr\/voxcampus\/wp-json\/wp\/v2\/pages"}],"about":[{"href":"https:\/\/blog.univ-angers.fr\/voxcampus\/wp-json\/wp\/v2\/types\/page"}],"author":[{"embeddable":true,"href":"https:\/\/blog.univ-angers.fr\/voxcampus\/wp-json\/wp\/v2\/users\/7672"}],"replies":[{"embeddable":true,"href":"https:\/\/blog.univ-angers.fr\/voxcampus\/wp-json\/wp\/v2\/comments?post=22"}],"version-history":[{"count":4,"href":"https:\/\/blog.univ-angers.fr\/voxcampus\/wp-json\/wp\/v2\/pages\/22\/revisions"}],"predecessor-version":[{"id":987,"href":"https:\/\/blog.univ-angers.fr\/voxcampus\/wp-json\/wp\/v2\/pages\/22\/revisions\/987"}],"wp:attachment":[{"href":"https:\/\/blog.univ-angers.fr\/voxcampus\/wp-json\/wp\/v2\/media?parent=22"}],"curies":[{"name":"wp","href":"https:\/\/api.w.org\/{rel}","templated":true}]}}