{"id":21,"date":"2015-09-09T10:43:21","date_gmt":"2015-09-09T09:43:21","guid":{"rendered":"https:\/\/blog.univ-angers.fr\/voxcampus\/?page_id=21"},"modified":"2024-03-08T16:50:49","modified_gmt":"2024-03-08T15:50:49","slug":"partenaires","status":"publish","type":"page","link":"https:\/\/blog.univ-angers.fr\/voxcampus\/partenaires\/","title":{"rendered":"Partenaires"},"content":{"rendered":"<p>Vox Campus remercie chaleureusement tous ceux qui l&rsquo;aident mat\u00e9riellement. Vox Campus re\u00e7oit le soutien r\u00e9gulier de l&rsquo;UNIVERSIT\u00c9 d&rsquo;ANGERS et de la DCI. La VILLE D&rsquo;ANGERS, notamment au travers de la mise \u00e0 disposition gratuite de la Chapelle des Ursules pour des r\u00e9p\u00e9titions et des concerts gratuits, m\u00e9rite largement d&rsquo;\u00eatre cit\u00e9e. Le FAVE et un organisme universitaire tel que le CROUS ont ponctuellement permis l&rsquo;achat d&rsquo;instruments de musique. D&rsquo;autres organismes ou entreprises apportent r\u00e9guli\u00e8rement leur aide, par exemple pour l&rsquo;\u00e9dition de tracts et affiches portant leurs logos.<\/p>\n<p><a href=\"https:\/\/blog.univ-angers.fr\/voxcampus\/files\/2015\/09\/UA.jpg\"><img loading=\"lazy\" decoding=\"async\" src=\"https:\/\/blog.univ-angers.fr\/voxcampus\/files\/2015\/09\/UA-300x89.jpg\" alt=\"Universit\u00e9 d'Angers\" class=\"alignnone size-medium wp-image-66\" width=\"300\" height=\"89\" srcset=\"https:\/\/blog.univ-angers.fr\/voxcampus\/files\/2015\/09\/UA-300x89.jpg 300w, https:\/\/blog.univ-angers.fr\/voxcampus\/files\/2015\/09\/UA-1024x304.jpg 1024w, https:\/\/blog.univ-angers.fr\/voxcampus\/files\/2015\/09\/UA-500x148.jpg 500w\" sizes=\"auto, (max-width: 300px) 100vw, 300px\" \/><\/a><br \/>\n<a href=\"https:\/\/blog.univ-angers.fr\/voxcampus\/files\/2015\/09\/AngersVilleW.jpg\"><img loading=\"lazy\" decoding=\"async\" src=\"https:\/\/blog.univ-angers.fr\/voxcampus\/files\/2015\/09\/AngersVilleW.jpg\" alt=\"AngersVilleW\" class=\"alignnone size-full wp-image-67\" width=\"158\" height=\"236\"><\/a><br \/>\n<a href=\"https:\/\/blog.univ-angers.fr\/voxcampus\/files\/2015\/09\/HarmonieAnjouWH.png\"><img loading=\"lazy\" decoding=\"async\" src=\"https:\/\/blog.univ-angers.fr\/voxcampus\/files\/2015\/09\/HarmonieAnjouWH-300x114.png\" alt=\"HarmonieAnjouWH\" class=\"alignnone size-medium wp-image-68\" width=\"300\" height=\"114\" srcset=\"https:\/\/blog.univ-angers.fr\/voxcampus\/files\/2015\/09\/HarmonieAnjouWH-300x114.png 300w, https:\/\/blog.univ-angers.fr\/voxcampus\/files\/2015\/09\/HarmonieAnjouWH-1024x390.png 1024w, https:\/\/blog.univ-angers.fr\/voxcampus\/files\/2015\/09\/HarmonieAnjouWH-500x190.png 500w\" sizes=\"auto, (max-width: 300px) 100vw, 300px\" \/><\/a><a href=\"https:\/\/blog.univ-angers.fr\/voxcampus\/files\/2015\/09\/LOGO-CM.jpg\"><img loading=\"lazy\" decoding=\"async\" src=\"https:\/\/blog.univ-angers.fr\/voxcampus\/files\/2015\/09\/LOGO-CM-300x75.jpg\" alt=\"LOGO-CM\" class=\"alignnone size-medium wp-image-74\" width=\"300\" height=\"75\" srcset=\"https:\/\/blog.univ-angers.fr\/voxcampus\/files\/2015\/09\/LOGO-CM-300x75.jpg 300w, https:\/\/blog.univ-angers.fr\/voxcampus\/files\/2015\/09\/LOGO-CM-500x125.jpg 500w, https:\/\/blog.univ-angers.fr\/voxcampus\/files\/2015\/09\/LOGO-CM.jpg 787w\" sizes=\"auto, (max-width: 300px) 100vw, 300px\" \/><\/a><\/p>\n","protected":false},"excerpt":{"rendered":"<p>Vox Campus remercie chaleureusement tous ceux qui l&rsquo;aident mat\u00e9riellement. Vox Campus re\u00e7oit le soutien r\u00e9gulier de l&rsquo;UNIVERSIT\u00c9 d&rsquo;ANGERS et de la DCI. La VILLE D&rsquo;ANGERS, notamment au travers de la mise \u00e0 disposition gratuite de la Chapelle des Ursules pour &hellip; <a href=\"https:\/\/blog.univ-angers.fr\/voxcampus\/partenaires\/\">Continuer la lecture <span class=\"meta-nav\">&rarr;<\/span><\/a><\/p>\n","protected":false},"author":15657,"featured_media":0,"parent":0,"menu_order":7,"comment_status":"closed","ping_status":"closed","template":"","meta":{"footnotes":""},"class_list":["post-21","page","type-page","status-publish","hentry"],"_links":{"self":[{"href":"https:\/\/blog.univ-angers.fr\/voxcampus\/wp-json\/wp\/v2\/pages\/21","targetHints":{"allow":["GET"]}}],"collection":[{"href":"https:\/\/blog.univ-angers.fr\/voxcampus\/wp-json\/wp\/v2\/pages"}],"about":[{"href":"https:\/\/blog.univ-angers.fr\/voxcampus\/wp-json\/wp\/v2\/types\/page"}],"author":[{"embeddable":true,"href":"https:\/\/blog.univ-angers.fr\/voxcampus\/wp-json\/wp\/v2\/users\/15657"}],"replies":[{"embeddable":true,"href":"https:\/\/blog.univ-angers.fr\/voxcampus\/wp-json\/wp\/v2\/comments?post=21"}],"version-history":[{"count":1,"href":"https:\/\/blog.univ-angers.fr\/voxcampus\/wp-json\/wp\/v2\/pages\/21\/revisions"}],"predecessor-version":[{"id":668,"href":"https:\/\/blog.univ-angers.fr\/voxcampus\/wp-json\/wp\/v2\/pages\/21\/revisions\/668"}],"wp:attachment":[{"href":"https:\/\/blog.univ-angers.fr\/voxcampus\/wp-json\/wp\/v2\/media?parent=21"}],"curies":[{"name":"wp","href":"https:\/\/api.w.org\/{rel}","templated":true}]}}