{"id":6,"date":"2015-02-27T14:07:29","date_gmt":"2015-02-27T13:07:29","guid":{"rendered":"https:\/\/blog.univ-angers.fr\/tonevenementducoin\/?page_id=6"},"modified":"2015-05-05T18:04:58","modified_gmt":"2015-05-05T17:04:58","slug":"segre","status":"publish","type":"page","link":"https:\/\/blog.univ-angers.fr\/tonevenementducoin\/segre\/","title":{"rendered":"Segr\u00e9"},"content":{"rendered":"<p><a href=\"https:\/\/blog.univ-angers.fr\/tonevenementducoin\/files\/2015\/02\/713905001430759893images1.jpg\"><img loading=\"lazy\" decoding=\"async\" src=\"https:\/\/blog.univ-angers.fr\/tonevenementducoin\/files\/2015\/02\/713905001430759893images1.jpg\" alt=\"713905001430759893images1\" width=\"400\" height=\"272\" class=\"aligncenter size-full wp-image-100\" srcset=\"https:\/\/blog.univ-angers.fr\/tonevenementducoin\/files\/2015\/02\/713905001430759893images1.jpg 400w, https:\/\/blog.univ-angers.fr\/tonevenementducoin\/files\/2015\/02\/713905001430759893images1-300x204.jpg 300w\" sizes=\"auto, (max-width: 400px) 100vw, 400px\" \/><\/a>Image: Libre de droits d\u2019usage ou de distribution<\/p>\n<p>La sensibilisation culturelle concerne plus de 2\u2009000 jeunes chaque ann\u00e9e (en plus des 4\u2009000 spectateurs). Elle s\u2019attache \u00e0 forger les \u00e9motions, le sens critique des jeunes citoyens, \u00e0 faire d\u00e9couvrir le monde selon le regard des artistes. <strong>Mots choisis en compagnie de Colette Romann, adjointe \u00e0 la culture. <\/strong>(Site de Segr\u00e9 &#8211; Actualit\u00e9s)<\/p>\n<!-- AddThis Advanced Settings generic via filter on the_content --><!-- AddThis Share Buttons generic via filter on the_content -->","protected":false},"excerpt":{"rendered":"<p>Image: Libre de droits d\u2019usage ou de distribution La sensibilisation culturelle concerne plus de 2\u2009000 jeunes chaque ann\u00e9e (en plus des 4\u2009000 spectateurs). Elle s\u2019attache \u00e0 forger les \u00e9motions, le sens critique des jeunes citoyens, \u00e0 faire d\u00e9couvrir le monde selon le regard des artistes. Mots choisis en compagnie de Colette Romann, adjointe \u00e0 la &hellip; <a href=\"https:\/\/blog.univ-angers.fr\/tonevenementducoin\/segre\/\" class=\"more-link\">Continuer la lecture de <span class=\"screen-reader-text\">Segr\u00e9<\/span> <span class=\"meta-nav\">&rarr;<\/span><\/a><!-- AddThis Advanced Settings generic via filter on get_the_excerpt --><!-- AddThis Share Buttons generic via filter on get_the_excerpt --><\/p>\n","protected":false},"author":26954,"featured_media":0,"parent":0,"menu_order":0,"comment_status":"open","ping_status":"open","template":"","meta":{"footnotes":""},"class_list":["post-6","page","type-page","status-publish","hentry"],"_links":{"self":[{"href":"https:\/\/blog.univ-angers.fr\/tonevenementducoin\/wp-json\/wp\/v2\/pages\/6","targetHints":{"allow":["GET"]}}],"collection":[{"href":"https:\/\/blog.univ-angers.fr\/tonevenementducoin\/wp-json\/wp\/v2\/pages"}],"about":[{"href":"https:\/\/blog.univ-angers.fr\/tonevenementducoin\/wp-json\/wp\/v2\/types\/page"}],"author":[{"embeddable":true,"href":"https:\/\/blog.univ-angers.fr\/tonevenementducoin\/wp-json\/wp\/v2\/users\/26954"}],"replies":[{"embeddable":true,"href":"https:\/\/blog.univ-angers.fr\/tonevenementducoin\/wp-json\/wp\/v2\/comments?post=6"}],"version-history":[{"count":1,"href":"https:\/\/blog.univ-angers.fr\/tonevenementducoin\/wp-json\/wp\/v2\/pages\/6\/revisions"}],"predecessor-version":[{"id":97,"href":"https:\/\/blog.univ-angers.fr\/tonevenementducoin\/wp-json\/wp\/v2\/pages\/6\/revisions\/97"}],"wp:attachment":[{"href":"https:\/\/blog.univ-angers.fr\/tonevenementducoin\/wp-json\/wp\/v2\/media?parent=6"}],"curies":[{"name":"wp","href":"https:\/\/api.w.org\/{rel}","templated":true}]}}