{"id":4,"date":"2014-10-20T10:20:07","date_gmt":"2014-10-20T09:20:07","guid":{"rendered":"https:\/\/blog.univ-angers.fr\/tapisseriedelapocalypse\/?page_id=4"},"modified":"2014-10-20T10:20:07","modified_gmt":"2014-10-20T09:20:07","slug":"presentation-generale-de-loeuvre","status":"publish","type":"page","link":"https:\/\/blog.univ-angers.fr\/tapisseriedelapocalypse\/presentation-generale-de-loeuvre\/","title":{"rendered":"Pr\u00e9sentation g\u00e9n\u00e9rale de l&rsquo;oeuvre"},"content":{"rendered":"<!-- AddThis Advanced Settings generic via filter on the_content --><!-- AddThis Share Buttons generic via filter on the_content -->","protected":false},"excerpt":{"rendered":"<p><!-- AddThis Advanced Settings generic via filter on get_the_excerpt --><!-- AddThis Share Buttons generic via filter on get_the_excerpt --><\/p>\n","protected":false},"author":19339,"featured_media":0,"parent":0,"menu_order":0,"comment_status":"open","ping_status":"open","template":"","meta":{"footnotes":""},"class_list":["post-4","page","type-page","status-publish","hentry"],"_links":{"self":[{"href":"https:\/\/blog.univ-angers.fr\/tapisseriedelapocalypse\/wp-json\/wp\/v2\/pages\/4","targetHints":{"allow":["GET"]}}],"collection":[{"href":"https:\/\/blog.univ-angers.fr\/tapisseriedelapocalypse\/wp-json\/wp\/v2\/pages"}],"about":[{"href":"https:\/\/blog.univ-angers.fr\/tapisseriedelapocalypse\/wp-json\/wp\/v2\/types\/page"}],"author":[{"embeddable":true,"href":"https:\/\/blog.univ-angers.fr\/tapisseriedelapocalypse\/wp-json\/wp\/v2\/users\/19339"}],"replies":[{"embeddable":true,"href":"https:\/\/blog.univ-angers.fr\/tapisseriedelapocalypse\/wp-json\/wp\/v2\/comments?post=4"}],"version-history":[{"count":0,"href":"https:\/\/blog.univ-angers.fr\/tapisseriedelapocalypse\/wp-json\/wp\/v2\/pages\/4\/revisions"}],"wp:attachment":[{"href":"https:\/\/blog.univ-angers.fr\/tapisseriedelapocalypse\/wp-json\/wp\/v2\/media?parent=4"}],"curies":[{"name":"wp","href":"https:\/\/api.w.org\/{rel}","templated":true}]}}