{"id":111,"date":"2014-11-03T13:09:02","date_gmt":"2014-11-03T12:09:02","guid":{"rendered":"https:\/\/blog.univ-angers.fr\/tapisseriedelapocalypse\/?page_id=111"},"modified":"2014-11-03T15:39:57","modified_gmt":"2014-11-03T14:39:57","slug":"accueil-2","status":"publish","type":"page","link":"https:\/\/blog.univ-angers.fr\/tapisseriedelapocalypse\/","title":{"rendered":"Accueil"},"content":{"rendered":"<p><span style=\"text-decoration: underline\"><strong>Pr\u00e9sentation du blog<\/strong><\/span><strong> :<\/strong><strong><br \/>\n<\/strong><\/p>\n<p style=\"text-align: justify\">\u00a0 \u00a0Construite entre 1953 et 1954 par l&rsquo;architecte en chef des Monuments historiques,\u00a0<strong>Bernard Vitry<\/strong>, \u00e0 l&#8217;emplacement m\u00eame des anciens b\u00e2timents qui fermaient autrefois la cour seigneuriale du ch\u00e2teau d&rsquo;Angers, la\u00a0<strong><em>\u00ab\u00a0galerie de l&rsquo;Apocalypse\u00a0\u00bb<\/em><\/strong>\u00a0conserve, tel un \u00e9crin,\u00a0<strong>la plus grande tapisserie m\u00e9di\u00e9vale du monde<\/strong>. L&rsquo;oeuvre, longue de\u00a0<strong>106 m\u00e8tres<\/strong>\u00a0et compos\u00e9e de\u00a0<strong>6 pi\u00e8ces<\/strong>\u00a0de\u00a0<strong>74 tableaux<\/strong>, constitue un\u00a0<strong>v\u00e9ritable tr\u00e9sor m\u00e9di\u00e9val<\/strong>\u00a0de par sa dimension exceptionnelle. Si cette oeuvre impose naturellement sa pr\u00e9sence en raison de ses proportions monumentales, elle rec\u00e8le \u00e9galement une histoire pour le moins mouvement\u00e9e. Mutil\u00e9e et d\u00e9coup\u00e9e en de nombreux morceaux \u00e0 la R\u00e9volution, servant tant de couverture pour les chevaux que d&rsquo;essuie-pieds, ou encore de protection pour les orangers en hiver, la parvenue jusqu&rsquo;\u00e0 nous d&rsquo;un tel joyau rev\u00eat un caract\u00e8re miraculeux. Tel sera le th\u00e8me de ce blog qui aura pour objet, \u00e0 travers une description de cette tenture et de son histoire, de vous faire d\u00e9couvrir, ou red\u00e9couvrir, la richesse de cette oeuvre et sa singularit\u00e9.<\/p>\n<p><strong>Bonne visite!<\/strong><\/p>\n<p style=\"text-align: center\">\u00a0<span style=\"text-decoration: underline\"><strong>L&rsquo;Apocalypse selon SAINT JEAN<\/strong><\/span><\/p>\n<p><a href=\"http:\/\/www.ina.fr\/video\/RXC00000777\/l-apocalypse-selon-saint-jean-video.html\"><img loading=\"lazy\" decoding=\"async\" class=\"wp-image-51 aligncenter\" alt=\"L'Apocalypse selon SAINT JEAN\" src=\"https:\/\/blog.univ-angers.fr\/tapisseriedelapocalypse\/files\/2014\/10\/LApocalypse-selon-SAINT-JEAN-300x203.jpg\" width=\"600\" height=\"406\" srcset=\"https:\/\/blog.univ-angers.fr\/tapisseriedelapocalypse\/files\/2014\/10\/LApocalypse-selon-SAINT-JEAN-300x203.jpg 300w, https:\/\/blog.univ-angers.fr\/tapisseriedelapocalypse\/files\/2014\/10\/LApocalypse-selon-SAINT-JEAN-1024x695.jpg 1024w\" sizes=\"auto, (max-width: 600px) 100vw, 600px\" \/><\/a><\/p>\n<!-- AddThis Advanced Settings generic via filter on the_content --><!-- AddThis Share Buttons generic via filter on the_content -->","protected":false},"excerpt":{"rendered":"<p>Pr\u00e9sentation du blog : \u00a0 \u00a0Construite entre 1953 et 1954 par l&rsquo;architecte en chef des Monuments historiques,\u00a0Bernard Vitry, \u00e0 l&#8217;emplacement m\u00eame des anciens b\u00e2timents qui fermaient autrefois la cour seigneuriale du ch\u00e2teau d&rsquo;Angers, la\u00a0\u00ab\u00a0galerie de l&rsquo;Apocalypse\u00a0\u00bb\u00a0conserve, tel un \u00e9crin,\u00a0la plus &hellip; <a href=\"https:\/\/blog.univ-angers.fr\/tapisseriedelapocalypse\/\">Continuer la lecture <span class=\"meta-nav\">&rarr;<\/span><\/a><!-- AddThis Advanced Settings generic via filter on get_the_excerpt --><!-- AddThis Share Buttons generic via filter on get_the_excerpt --><\/p>\n","protected":false},"author":5956,"featured_media":0,"parent":0,"menu_order":0,"comment_status":"open","ping_status":"open","template":"","meta":{"footnotes":""},"class_list":["post-111","page","type-page","status-publish","hentry"],"_links":{"self":[{"href":"https:\/\/blog.univ-angers.fr\/tapisseriedelapocalypse\/wp-json\/wp\/v2\/pages\/111","targetHints":{"allow":["GET"]}}],"collection":[{"href":"https:\/\/blog.univ-angers.fr\/tapisseriedelapocalypse\/wp-json\/wp\/v2\/pages"}],"about":[{"href":"https:\/\/blog.univ-angers.fr\/tapisseriedelapocalypse\/wp-json\/wp\/v2\/types\/page"}],"author":[{"embeddable":true,"href":"https:\/\/blog.univ-angers.fr\/tapisseriedelapocalypse\/wp-json\/wp\/v2\/users\/5956"}],"replies":[{"embeddable":true,"href":"https:\/\/blog.univ-angers.fr\/tapisseriedelapocalypse\/wp-json\/wp\/v2\/comments?post=111"}],"version-history":[{"count":1,"href":"https:\/\/blog.univ-angers.fr\/tapisseriedelapocalypse\/wp-json\/wp\/v2\/pages\/111\/revisions"}],"predecessor-version":[{"id":113,"href":"https:\/\/blog.univ-angers.fr\/tapisseriedelapocalypse\/wp-json\/wp\/v2\/pages\/111\/revisions\/113"}],"wp:attachment":[{"href":"https:\/\/blog.univ-angers.fr\/tapisseriedelapocalypse\/wp-json\/wp\/v2\/media?parent=111"}],"curies":[{"name":"wp","href":"https:\/\/api.w.org\/{rel}","templated":true}]}}