{"id":20,"date":"2015-11-04T09:16:01","date_gmt":"2015-11-04T08:16:01","guid":{"rendered":"https:\/\/blog.univ-angers.fr\/pabloescobar\/?page_id=20"},"modified":"2016-02-02T14:11:45","modified_gmt":"2016-02-02T13:11:45","slug":"biographie-2","status":"publish","type":"page","link":"https:\/\/blog.univ-angers.fr\/pabloescobar\/biographie-2\/","title":{"rendered":"Biographie"},"content":{"rendered":"<p>Pablo Emilio Escobar Gaviria, n\u00e9 le 1er d\u00e9cembre 1949 \u00e0 Rionegro en Colombie. Il a \u00e9t\u00e9 un c\u00e9l\u00e8bre trafiquant colombien de coca\u00efne. \u00c0 la t\u00eate du cartel de Medell\u00edn, il a \u00e9t\u00e9 l&rsquo;un des principaux barons de la drogue dans les ann\u00e9es 1980. Il \u00e9tait surnomm\u00e9 dans le milieu El Patr\u00f3n, Don Pablo, El Se\u00f1or, El Doctor, El Capo, El Duro, El Zar de la coca\u00edna ou encore El Diablo. Activement recherch\u00e9, il est tu\u00e9 \u00e0 44 ans, le 2 d\u00e9cembre 1993 dans son fief \u00e0 Medell\u00edn en Colombie.<\/p>\n<p><a href=\"https:\/\/blog.univ-angers.fr\/pabloescobar\/files\/2015\/11\/cropped-pablo-money1.jpg\"><img loading=\"lazy\" decoding=\"async\" src=\"https:\/\/blog.univ-angers.fr\/pabloescobar\/files\/2015\/11\/cropped-pablo-money1.jpg\" alt=\"jolie moustache et cheveux bien coiff\u00e9s d'un homme m\u00e9chant\" width=\"1000\" height=\"600\" class=\"alignnone size-full wp-image-7\" srcset=\"https:\/\/blog.univ-angers.fr\/pabloescobar\/files\/2015\/11\/cropped-pablo-money1.jpg 1000w, https:\/\/blog.univ-angers.fr\/pabloescobar\/files\/2015\/11\/cropped-pablo-money1-300x180.jpg 300w, https:\/\/blog.univ-angers.fr\/pabloescobar\/files\/2015\/11\/cropped-pablo-money1-500x300.jpg 500w\" sizes=\"auto, (max-width: 1000px) 100vw, 1000px\" \/><\/a>  CC0 Public Domain <\/p>\n<!-- AddThis Advanced Settings generic via filter on the_content --><!-- AddThis Share Buttons generic via filter on the_content -->","protected":false},"excerpt":{"rendered":"<p>Pablo Emilio Escobar Gaviria, n\u00e9 le 1er d\u00e9cembre 1949 \u00e0 Rionegro en Colombie. Il a \u00e9t\u00e9 un c\u00e9l\u00e8bre trafiquant colombien de coca\u00efne. \u00c0 la t\u00eate du cartel de Medell\u00edn, il a \u00e9t\u00e9 l&rsquo;un des principaux barons de la drogue dans &hellip; <a href=\"https:\/\/blog.univ-angers.fr\/pabloescobar\/biographie-2\/\">Continuer la lecture <span class=\"meta-nav\">&rarr;<\/span><\/a><!-- AddThis Advanced Settings generic via filter on get_the_excerpt --><!-- AddThis Share Buttons generic via filter on get_the_excerpt --><\/p>\n","protected":false},"author":28078,"featured_media":0,"parent":0,"menu_order":0,"comment_status":"open","ping_status":"open","template":"","meta":{"footnotes":""},"class_list":["post-20","page","type-page","status-publish","hentry"],"_links":{"self":[{"href":"https:\/\/blog.univ-angers.fr\/pabloescobar\/wp-json\/wp\/v2\/pages\/20","targetHints":{"allow":["GET"]}}],"collection":[{"href":"https:\/\/blog.univ-angers.fr\/pabloescobar\/wp-json\/wp\/v2\/pages"}],"about":[{"href":"https:\/\/blog.univ-angers.fr\/pabloescobar\/wp-json\/wp\/v2\/types\/page"}],"author":[{"embeddable":true,"href":"https:\/\/blog.univ-angers.fr\/pabloescobar\/wp-json\/wp\/v2\/users\/28078"}],"replies":[{"embeddable":true,"href":"https:\/\/blog.univ-angers.fr\/pabloescobar\/wp-json\/wp\/v2\/comments?post=20"}],"version-history":[{"count":2,"href":"https:\/\/blog.univ-angers.fr\/pabloescobar\/wp-json\/wp\/v2\/pages\/20\/revisions"}],"predecessor-version":[{"id":58,"href":"https:\/\/blog.univ-angers.fr\/pabloescobar\/wp-json\/wp\/v2\/pages\/20\/revisions\/58"}],"wp:attachment":[{"href":"https:\/\/blog.univ-angers.fr\/pabloescobar\/wp-json\/wp\/v2\/media?parent=20"}],"curies":[{"name":"wp","href":"https:\/\/api.w.org\/{rel}","templated":true}]}}