{"id":51,"date":"2021-11-27T17:40:59","date_gmt":"2021-11-27T16:40:59","guid":{"rendered":"https:\/\/blog.univ-angers.fr\/mathsinfo\/?page_id=51"},"modified":"2022-01-23T10:52:10","modified_gmt":"2022-01-23T09:52:10","slug":"python","status":"publish","type":"page","link":"https:\/\/blog.univ-angers.fr\/mathsinfo\/python\/","title":{"rendered":"Python"},"content":{"rendered":"<table border=\"0\" cellspacing=\"0\" cellpadding=\"0\">\n<col \/>\n<tbody>\n<tr>\n<td height=\"21\"><a href=\"https:\/\/www.youtube.com\/watch?v=_73GVGDqgvQ\" target=\"_parent\">Python &#8211; Exp\u00e9riences al\u00e9atoires, simulations et probabilit\u00e9s<\/a><\/td>\n<\/tr>\n<tr>\n<td height=\"21\"><a href=\"https:\/\/www.youtube.com\/watch?v=YOBwrrTIHe0\" target=\"_parent\">Simulations avec Python : 4 exemples concrets amusants<\/a><\/td>\n<\/tr>\n<tr>\n<td height=\"21\"><a href=\"https:\/\/www.youtube.com\/watch?v=RBKElEdLQGA\" target=\"_parent\">Simulations avec Python : 5 nouveaux exemples amusants<\/a><\/td>\n<\/tr>\n<tr>\n<td height=\"21\"><a href=\"https:\/\/www.youtube.com\/watch?v=HDKtyYPr_bs\" target=\"_parent\">Simulations avec Python : Loi Normale (Partie 1) &#8211; Pourquoi ? Comment ? Exemples<\/a><\/td>\n<\/tr>\n<tr>\n<td height=\"21\"><a href=\"https:\/\/www.youtube.com\/watch?v=0DgVvMLVH_4\" target=\"_parent\">Simulations avec Python : Loi Normale (Partie 2) &#8211; Pourquoi ? Comment ? Exemples<\/a><\/td>\n<\/tr>\n<tr>\n<td height=\"21\"><a href=\"https:\/\/www.youtube.com\/watch?v=Q9mwnQ1AsR8\" target=\"_parent\">Simulations avec Python : Loi de Poisson &#8211; Pourquoi ? Comment ? Exemples<\/a><\/td>\n<\/tr>\n<tr>\n<td height=\"21\"><a href=\"https:\/\/www.youtube.com\/watch?v=LvseKXJpP1M\" target=\"_parent\">Le jeu Mastermind en Python (20 lignes de code)<\/a><\/td>\n<\/tr>\n<tr>\n<td height=\"21\"><a href=\"https:\/\/www.youtube.com\/watch?v=QVyLvrK-FUw\" target=\"_parent\">Python &#8211; Jeu du type Morpion avec la tortue (Part 1)<\/a><\/td>\n<\/tr>\n<tr>\n<td height=\"21\"><a href=\"https:\/\/www.youtube.com\/watch?v=xaqQx_OC8vM\" target=\"_parent\">Python &#8211; Jeu du type Morpion avec la tortue (Part 2)<\/a><\/td>\n<\/tr>\n<tr>\n<td height=\"21\"><a href=\"https:\/\/www.youtube.com\/watch?v=ReAsH6bCbu8\" target=\"_parent\">Reconna\u00eetre les majuscules et minuscules en Python<\/a><\/td>\n<\/tr>\n<tr>\n<td height=\"21\"><a href=\"https:\/\/www.youtube.com\/watch?v=ywL11klFtYU\" target=\"_parent\">Exercice Python : Brin d&rsquo;ADN<\/a><\/td>\n<\/tr>\n<tr>\n<td height=\"21\"><a href=\"https:\/\/www.youtube.com\/watch?v=OsKRPNJErkc\" target=\"_parent\">Exercice Python : Tirage de d\u00e9s et de boules de loto<\/a><\/td>\n<\/tr>\n<tr>\n<td height=\"21\"><a href=\"https:\/\/www.youtube.com\/watch?v=b3GrD5LZARQ\" target=\"_parent\">Python : Algorithme gagnant du jeu de Nim en 15 lignes<\/a><\/td>\n<\/tr>\n<tr>\n<td height=\"21\"><a href=\"https:\/\/www.youtube.com\/watch?v=1wyO4AAXBpY\" target=\"_parent\">jeu 1 : Pile-Pile contre Face avec une pi\u00e8ce (Simulation avec JavaScript et Python)<\/a><\/td>\n<\/tr>\n<tr>\n<td height=\"21\"><a href=\"https:\/\/www.youtube.com\/watch?v=IfE8EZAbtYs\" target=\"_parent\">jeu 2 : Noir-Noir contre Rouge-Noir aux cartes (Simulation avec JavaScript et Python)<\/a><\/td>\n<\/tr>\n<tr>\n<td height=\"21\"><a href=\"https:\/\/www.youtube.com\/watch?v=N39HWwyGNn0\" target=\"_parent\">jeu 3 : NNR contre NRR et tour de magie (Simulation avec JavaScript et Python)<\/a><\/td>\n<\/tr>\n<tr>\n<td height=\"21\"><a href=\"https:\/\/www.youtube.com\/watch?v=6TwFRwJtscE\" target=\"_parent\">jeu 4 et 5 : Labyrinthe avec un puit (Simulation avec JavaScript et Python)<\/a><\/td>\n<\/tr>\n<tr>\n<td height=\"21\"><a href=\"https:\/\/www.youtube.com\/watch?v=Ua-uupv_Plw\" target=\"_parent\">jeu 6 : Le chat et la souris (Simulation avec Python)<\/a><\/td>\n<\/tr>\n<tr>\n<td height=\"21\"><a href=\"https:\/\/www.youtube.com\/watch?v=wLfGhMLcnGQ\" target=\"_parent\">jeu 7 : M\u00e9t\u00e9o sur 3 jours (Simulation avec JavaScript et Python)<\/a><\/td>\n<\/tr>\n<tr>\n<td height=\"21\"><a href=\"https:\/\/www.youtube.com\/watch?v=%20--xmMF9Kyu8\" target=\"_parent\">jeu 8 : Erreur de transmission (Simulation avec JavaScript et Python)<\/a><\/td>\n<\/tr>\n<tr>\n<td height=\"21\"><a href=\"https:\/\/www.youtube.com\/watch?v=ho9cVdkW0Js\" target=\"_parent\">Surfaces 3D en Python ou JavaScript<\/a><\/td>\n<\/tr>\n<tr>\n<td height=\"21\"><a href=\"https:\/\/www.youtube.com\/watch?v=7GdCXo4NqCw\" target=\"_parent\">Transformer un gif anim\u00e9 en programme Python<\/a><\/td>\n<\/tr>\n<tr>\n<td height=\"21\"><a href=\"https:\/\/www.youtube.com\/watch?v=0f4QF0_rMbA\" target=\"_parent\">Python algorithme : String Art (L&rsquo;art des tableaux de fils)<\/a><\/td>\n<\/tr>\n<tr>\n<td height=\"21\"><a href=\"https:\/\/www.youtube.com\/watch?v=V9WDHDyq_0w\" target=\"_parent\">Exercice Python : Cr\u00e9er 2 rubans al\u00e9atoires<\/a><\/td>\n<\/tr>\n<tr>\n<td height=\"21\"><a href=\"https:\/\/www.youtube.com\/watch?v=eWkRpa-60io\" target=\"_parent\">Exercice Python : Serpentin de lettres<\/a><\/td>\n<\/tr>\n<tr>\n<td height=\"21\"><a href=\"https:\/\/www.youtube.com\/watch?v=tqakBdy-0yk\" target=\"_parent\">Cr\u00e9er une machine de Turing en Javascript (ou Python)<\/a><\/td>\n<\/tr>\n<tr>\n<td height=\"21\"><a href=\"https:\/\/www.youtube.com\/watch?v=1nuKNr8DQvA\" target=\"_parent\">Python : D\u00e9tectez la langue d&rsquo;un texte par analyse fr\u00e9quentielle ou par intervalle de fluctuation<\/a><\/td>\n<\/tr>\n<tr>\n<td height=\"21\"><a href=\"https:\/\/www.youtube.com\/watch?v=9Ur2lhdZLlQ\" target=\"_parent\">Python &#8211; Programmation et analyse d&rsquo;un petit jeu de hasard des ann\u00e9es 80<\/a><\/td>\n<\/tr>\n<tr>\n<td height=\"21\"><a href=\"https:\/\/www.youtube.com\/watch?v=HLPleAUtoqM\" target=\"_parent\">Alerte au virus ! Exercice Python et JavaScript sur les fonctions, boucles, listes et tests<\/a><\/td>\n<\/tr>\n<tr>\n<td height=\"21\"><a href=\"https:\/\/www.youtube.com\/watch?v=twd08SU0vm8\" target=\"_parent\">Codes secrets : Exercice Python et JavaScript sur les fonctions, boucles, listes et tests<\/a><\/td>\n<\/tr>\n<tr>\n<td height=\"21\"><a href=\"https:\/\/www.youtube.com\/watch?v=ESVoqwyybxg\" target=\"_parent\">Codes secrets : Corrig\u00e9 Python et JavaScript<\/a><\/td>\n<\/tr>\n<tr>\n<td height=\"21\"><a href=\"https:\/\/www.youtube.com\/watch?v=%20-VMcyLFJt74\" target=\"_parent\">Art avec la tortue Python : 4 exercices inspir\u00e9s des oeuvres de Vera Molnar<\/a><\/td>\n<\/tr>\n<tr>\n<td height=\"21\"><a href=\"https:\/\/www.youtube.com\/watch?v=VsaGXt8fvdI\" target=\"_parent\">Art avec la tortue Python : Corrig\u00e9 des 4 exercices inspir\u00e9s des oeuvres de Vera Molnar<\/a><\/td>\n<\/tr>\n<tr>\n<td height=\"21\"><a href=\"https:\/\/www.youtube.com\/watch?v=cEQe1h44urM\" target=\"_parent\">Zombies : Exercice Python et JavaScript sur les fonctions, boucles, listes et tests<\/a><\/td>\n<\/tr>\n<tr>\n<td height=\"21\"><a href=\"https:\/\/www.youtube.com\/watch?v=j1ASqKYBlfY\" target=\"_parent\">Zombies : corrig\u00e9 en Python et JavaScript<\/a><\/td>\n<\/tr>\n<tr>\n<td height=\"21\"><a href=\"https:\/\/www.youtube.com\/watch?v=wLUC6Xk5lgU\" target=\"_parent\">Alerte au virus ! Corrig\u00e9 en Python<\/a><\/td>\n<\/tr>\n<tr>\n<td height=\"21\"><a href=\"https:\/\/youtu.be\/5PZtlvqtlFs\" target=\"_parent\">D\u00e9placement de cam\u00e9ra &amp; visualisation 3D<\/a><\/td>\n<\/tr>\n<\/tbody>\n<\/table>\n","protected":false},"excerpt":{"rendered":"<p>Python &#8211; Exp\u00e9riences al\u00e9atoires, simulations et probabilit\u00e9s Simulations avec Python : 4 exemples concrets amusants Simulations avec Python : 5 nouveaux exemples amusants Simulations avec Python : Loi Normale (Partie 1) &#8211; Pourquoi ? Comment ? Exemples Simulations avec Python &hellip; <a href=\"https:\/\/blog.univ-angers.fr\/mathsinfo\/python\/\">Continuer la lecture <span class=\"meta-nav\">&rarr;<\/span><\/a><\/p>\n","protected":false},"author":4913,"featured_media":0,"parent":0,"menu_order":0,"comment_status":"closed","ping_status":"closed","template":"","meta":{"footnotes":""},"class_list":["post-51","page","type-page","status-publish","hentry"],"_links":{"self":[{"href":"https:\/\/blog.univ-angers.fr\/mathsinfo\/wp-json\/wp\/v2\/pages\/51","targetHints":{"allow":["GET"]}}],"collection":[{"href":"https:\/\/blog.univ-angers.fr\/mathsinfo\/wp-json\/wp\/v2\/pages"}],"about":[{"href":"https:\/\/blog.univ-angers.fr\/mathsinfo\/wp-json\/wp\/v2\/types\/page"}],"author":[{"embeddable":true,"href":"https:\/\/blog.univ-angers.fr\/mathsinfo\/wp-json\/wp\/v2\/users\/4913"}],"replies":[{"embeddable":true,"href":"https:\/\/blog.univ-angers.fr\/mathsinfo\/wp-json\/wp\/v2\/comments?post=51"}],"version-history":[{"count":0,"href":"https:\/\/blog.univ-angers.fr\/mathsinfo\/wp-json\/wp\/v2\/pages\/51\/revisions"}],"wp:attachment":[{"href":"https:\/\/blog.univ-angers.fr\/mathsinfo\/wp-json\/wp\/v2\/media?parent=51"}],"curies":[{"name":"wp","href":"https:\/\/api.w.org\/{rel}","templated":true}]}}