{"id":26,"date":"2021-11-27T16:25:40","date_gmt":"2021-11-27T15:25:40","guid":{"rendered":"https:\/\/blog.univ-angers.fr\/mathsinfo\/?page_id=26"},"modified":"2022-06-11T08:41:24","modified_gmt":"2022-06-11T07:41:24","slug":"macros","status":"publish","type":"page","link":"https:\/\/blog.univ-angers.fr\/mathsinfo\/macros\/","title":{"rendered":"Macros"},"content":{"rendered":"<table border=\"0\" cellspacing=\"0\" cellpadding=\"0\"><colgroup><col \/> <\/colgroup>\n<tbody>\n<tr>\n<td height=\"21\"><a href=\"https:\/\/www.youtube.com\/watch?v=V7X-fLjvKUA\" target=\"_parent\" rel=\"noopener\">Partie 1 &#8211; Comment enregistrer et am\u00e9liorer de petites macros<\/a><\/td>\n<\/tr>\n<tr>\n<td height=\"21\"><a href=\"https:\/\/www.youtube.com\/watch?v=2jOaK9XXfnY\" target=\"_parent\" rel=\"noopener\">Partie 2 &#8211; Nouveaux exemple | Lancement par ic\u00f4nes<\/a><\/td>\n<\/tr>\n<tr>\n<td height=\"21\"><a href=\"https:\/\/www.youtube.com\/watch?v=6jtC81Udpr4\" target=\"_parent\" rel=\"noopener\">Partie 3 &#8211; Lire et \u00e9crire dans des cellules | Export en PDF<\/a><\/td>\n<\/tr>\n<tr>\n<td height=\"21\"><a href=\"https:\/\/www.youtube.com\/watch?v=GIZSmQxf-fs\" target=\"_parent\" rel=\"noopener\">Partie 4 &#8211; G\u00e9rer les feuilles en utilisant des cellules<\/a><\/td>\n<\/tr>\n<tr>\n<td height=\"21\"><a href=\"https:\/\/www.youtube.com\/watch?v=Fwa8hrWrGmA\" target=\"_parent\" rel=\"noopener\">Partie 5 &#8211; Faire des tests SI<\/a><\/td>\n<\/tr>\n<tr>\n<td height=\"21\"><a href=\"https:\/\/www.youtube.com\/watch?v=VMot-FlPsVE\" target=\"_parent\" rel=\"noopener\">Partie 6 &#8211; Mettre des contenus de cellules en majuscules rapidement<\/a><\/td>\n<\/tr>\n<tr>\n<td height=\"21\"><a href=\"https:\/\/www.youtube.com\/watch?v=f_GHeM4MGzg\" target=\"_parent\" rel=\"noopener\">Partie 8 &#8211; Cr\u00e9er un classeur avec des noms d\u00e9termin\u00e9s<\/a><\/td>\n<\/tr>\n<tr>\n<td height=\"21\"><a href=\"https:\/\/www.youtube.com\/watch?v=oHU0-qjr2O0\" target=\"_parent\" rel=\"noopener\">Partie 7 &#8211; D\u00e9tecter des erreurs de saisies dans un tableau<\/a><\/td>\n<\/tr>\n<tr>\n<td height=\"21\"><a href=\"https:\/\/www.youtube.com\/watch?v=RVabVjj6TTI\" target=\"_parent\" rel=\"noopener\">Partie 9 &#8211; S\u00e9parer les noms et pr\u00e9noms<\/a><\/td>\n<\/tr>\n<tr>\n<td height=\"21\"><a href=\"https:\/\/www.youtube.com\/watch?v=uwdh7NCVDmo\" target=\"_parent\" rel=\"noopener\">Partie 10 &#8211; Cr\u00e9er des RdV pour Outlook ou Google agenda<\/a><\/td>\n<\/tr>\n<tr>\n<td height=\"21\"><a href=\"https:\/\/www.youtube.com\/watch?v=8cVnxiDGgeA\" target=\"_parent\" rel=\"noopener\">Partie 11 &#8211; En-t\u00eate et pied automatiques + copie de sauvegarde<\/a><\/td>\n<\/tr>\n<tr>\n<td height=\"21\"><a href=\"https:\/\/www.youtube.com\/watch?v=Uypo4sRC294\" target=\"_parent\" rel=\"noopener\">Partie 12 &#8211; Boites de dialogue et onglet personnalis\u00e9<\/a><\/td>\n<\/tr>\n<tr>\n<td height=\"21\"><a href=\"https:\/\/www.youtube.com\/watch?v=JHs30IYe9j4\" target=\"_parent\" rel=\"noopener\">Partie 13 &#8211; Extraire efficacement des informations d&rsquo;un tableau<\/a><\/td>\n<\/tr>\n<tr>\n<td height=\"21\"><a href=\"https:\/\/www.youtube.com\/watch?v=qbNS0GYgecU\" target=\"_parent\" rel=\"noopener\">Partie 14 &#8211; S\u00e9parer les donn\u00e9es d\u2019un tableau sur plusieurs feuilles<\/a><\/td>\n<\/tr>\n<tr>\n<td height=\"21\"><a href=\"https:\/\/www.youtube.com\/watch?v=agvLxlmK3nQ\" target=\"_parent\" rel=\"noopener\">Partie 15 &#8211; Donn\u00e9es de plusieurs feuilles vers un tableau unique<\/a><\/td>\n<\/tr>\n<tr>\n<td height=\"21\"><a href=\"https:\/\/www.youtube.com\/watch?v=RThLdtC7MIw\" target=\"_parent\" rel=\"noopener\">Partie 16 &#8211; Donn\u00e9es uniques et coloriage<\/a><\/td>\n<\/tr>\n<tr>\n<td height=\"21\"><a href=\"https:\/\/youtu.be\/S30AikNYAA8\" target=\"_parent\" rel=\"noopener\">Partie 17 &#8211; Copier des cellules vers des zones multi-formes <\/a><\/td>\n<\/tr>\n<tr>\n<td height=\"21\"><a href=\"https:\/\/youtu.be\/PAkhgi3iYTE\" target=\"_parent\" rel=\"noopener\">Partie 18 &#8211; Extraction d&rsquo;adresses<\/a><\/td>\n<\/tr>\n<\/tbody>\n<\/table>\n\n\n<p><\/p>\n","protected":false},"excerpt":{"rendered":"<p>Partie 1 &#8211; Comment enregistrer et am\u00e9liorer de petites macros Partie 2 &#8211; Nouveaux exemple | Lancement par ic\u00f4nes Partie 3 &#8211; Lire et \u00e9crire dans des cellules | Export en PDF Partie 4 &#8211; G\u00e9rer les feuilles en utilisant &hellip; <a href=\"https:\/\/blog.univ-angers.fr\/mathsinfo\/macros\/\">Continuer la lecture <span class=\"meta-nav\">&rarr;<\/span><\/a><\/p>\n","protected":false},"author":4913,"featured_media":0,"parent":0,"menu_order":0,"comment_status":"closed","ping_status":"closed","template":"","meta":{"footnotes":""},"class_list":["post-26","page","type-page","status-publish","hentry"],"_links":{"self":[{"href":"https:\/\/blog.univ-angers.fr\/mathsinfo\/wp-json\/wp\/v2\/pages\/26","targetHints":{"allow":["GET"]}}],"collection":[{"href":"https:\/\/blog.univ-angers.fr\/mathsinfo\/wp-json\/wp\/v2\/pages"}],"about":[{"href":"https:\/\/blog.univ-angers.fr\/mathsinfo\/wp-json\/wp\/v2\/types\/page"}],"author":[{"embeddable":true,"href":"https:\/\/blog.univ-angers.fr\/mathsinfo\/wp-json\/wp\/v2\/users\/4913"}],"replies":[{"embeddable":true,"href":"https:\/\/blog.univ-angers.fr\/mathsinfo\/wp-json\/wp\/v2\/comments?post=26"}],"version-history":[{"count":2,"href":"https:\/\/blog.univ-angers.fr\/mathsinfo\/wp-json\/wp\/v2\/pages\/26\/revisions"}],"predecessor-version":[{"id":484,"href":"https:\/\/blog.univ-angers.fr\/mathsinfo\/wp-json\/wp\/v2\/pages\/26\/revisions\/484"}],"wp:attachment":[{"href":"https:\/\/blog.univ-angers.fr\/mathsinfo\/wp-json\/wp\/v2\/media?parent=26"}],"curies":[{"name":"wp","href":"https:\/\/api.w.org\/{rel}","templated":true}]}}