{"id":155,"date":"2026-03-29T11:28:25","date_gmt":"2026-03-29T10:28:25","guid":{"rendered":"https:\/\/blog.univ-angers.fr\/magab\/?page_id=155"},"modified":"2026-03-29T12:28:16","modified_gmt":"2026-03-29T11:28:16","slug":"articles","status":"publish","type":"page","link":"https:\/\/blog.univ-angers.fr\/magab\/articles\/","title":{"rendered":"Recherche"},"content":{"rendered":"\n<p>Enseignant-chercheur en math\u00e9matiques qualifi\u00e9 par le Conseil National des Universit\u00e9s (CNU) en sections 25 et 26 : Analyse et Probabilit\u00e9s. <\/p>\n\n\n\n<p>Ma recherche concerne principalement les \u00e9tudes de la propagation du chaos et du comportement en temps long de dynamiques non lin\u00e9aires de type McKean-Vlasov, notamment via deux objets centraux : les mesures invariantes et les distributions quasi-stationnaires. D&rsquo;autre part, j&rsquo;aime d\u00e9couvrir de nouveaux horizons et \u00e9largir l&rsquo;\u00e9ventail de mes connaissances :  \u00ab\u00a0Quoi que tu r\u00eaves d\u2019entreprendre, commence-le. L\u2019audace a du g\u00e9nie, du pouvoir, de la magie. \u00ab\u00a0\u2014 Johann Wolfgang von Goethe<\/p>\n\n\n\n<p>Pour plus de d\u00e9tails, consulter mes comptes (hyper-liens) ci-dessous.<\/p>\n\n\n\n<p><a href=\"https:\/\/mon-portfolio-de-chercheur.webnode.fr\/\" data-type=\"link\" data-id=\"https:\/\/mon-portfolio-de-chercheur.webnode.fr\/\">Page personnelle de chercheur<\/a><\/p>\n\n\n\n<p><a href=\"https:\/\/www.linkedin.com\/in\/mohamed-alfaki-aboubacrine-assadek-ba402614b?utm_source=share&amp;utm_campaign=share_via&amp;utm_content=profile&amp;utm_medium=android_app\" data-type=\"link\" data-id=\"https:\/\/www.linkedin.com\/in\/mohamed-alfaki-aboubacrine-assadek-ba402614b?utm_source=share&amp;utm_campaign=share_via&amp;utm_content=profile&amp;utm_medium=android_app\">LinkedIn<\/a><\/p>\n\n\n\n<p><a href=\"https:\/\/www.idref.fr\/291702821\" data-type=\"link\" data-id=\"https:\/\/www.idref.fr\/291702821\">IdRef<\/a><\/p>\n\n\n\n<p><a href=\"https:\/\/orcid.org\/0000-0002-3281-1954\" data-type=\"link\" data-id=\"https:\/\/orcid.org\/0000-0002-3281-1954\">ORCID<\/a><\/p>\n\n\n\n<p><a href=\"https:\/\/cv.hal.science\/magaboubacrine\" data-type=\"link\" data-id=\"https:\/\/cv.hal.science\/magaboubacrine\">HAL<\/a><\/p>\n\n\n\n<p><a href=\"https:\/\/theses.fr\/291702821\" data-type=\"link\" data-id=\"https:\/\/theses.fr\/291702821\">Th\u00e8se<\/a><\/p>\n\n\n\n<p><a href=\"https:\/\/ipoline.univ-angers.fr\/fr\/cv\/mohamed-alfaki-ag-aboubacrine-assadeck\/faculte-des-sciences\/2016\" data-type=\"link\" data-id=\"https:\/\/ipoline.univ-angers.fr\/fr\/cv\/mohamed-alfaki-ag-aboubacrine-assadeck\/faculte-des-sciences\/2016\">Ip\u2019oline<\/a><\/p>\n\n\n\n<p><\/p>\n","protected":false},"excerpt":{"rendered":"<p>Enseignant-chercheur en math\u00e9matiques qualifi\u00e9 par le Conseil National des Universit\u00e9s (CNU) en sections 25 et 26 : Analyse et Probabilit\u00e9s. Ma recherche concerne principalement les \u00e9tudes de la propagation du chaos et du comportement en temps long de dynamiques non lin\u00e9aires de type McKean-Vlasov, notamment via deux objets centraux : les mesures invariantes et les &hellip; <a href=\"https:\/\/blog.univ-angers.fr\/magab\/articles\/\" class=\"more-link\">Continuer la lecture de <span class=\"screen-reader-text\">Recherche<\/span>  <span class=\"meta-nav\">&rarr;<\/span><\/a><\/p>\n","protected":false},"author":50956,"featured_media":0,"parent":0,"menu_order":0,"comment_status":"closed","ping_status":"closed","template":"","meta":{"footnotes":""},"class_list":["post-155","page","type-page","status-publish","hentry"],"_links":{"self":[{"href":"https:\/\/blog.univ-angers.fr\/magab\/wp-json\/wp\/v2\/pages\/155","targetHints":{"allow":["GET"]}}],"collection":[{"href":"https:\/\/blog.univ-angers.fr\/magab\/wp-json\/wp\/v2\/pages"}],"about":[{"href":"https:\/\/blog.univ-angers.fr\/magab\/wp-json\/wp\/v2\/types\/page"}],"author":[{"embeddable":true,"href":"https:\/\/blog.univ-angers.fr\/magab\/wp-json\/wp\/v2\/users\/50956"}],"replies":[{"embeddable":true,"href":"https:\/\/blog.univ-angers.fr\/magab\/wp-json\/wp\/v2\/comments?post=155"}],"version-history":[{"count":5,"href":"https:\/\/blog.univ-angers.fr\/magab\/wp-json\/wp\/v2\/pages\/155\/revisions"}],"predecessor-version":[{"id":174,"href":"https:\/\/blog.univ-angers.fr\/magab\/wp-json\/wp\/v2\/pages\/155\/revisions\/174"}],"wp:attachment":[{"href":"https:\/\/blog.univ-angers.fr\/magab\/wp-json\/wp\/v2\/media?parent=155"}],"curies":[{"name":"wp","href":"https:\/\/api.w.org\/{rel}","templated":true}]}}