{"id":547,"date":"2023-04-26T16:44:35","date_gmt":"2023-04-26T14:44:35","guid":{"rendered":"https:\/\/blog.univ-angers.fr\/jardinspasserelle\/?page_id=547"},"modified":"2023-06-02T11:50:29","modified_gmt":"2023-06-02T09:50:29","slug":"articles","status":"publish","type":"page","link":"https:\/\/blog.univ-angers.fr\/jardinspasserelle\/articles\/","title":{"rendered":"Articles"},"content":{"rendered":"<div class=\"wp-block-categories-dropdown alignright wp-block-categories has-small-font-size\"><label class=\"wp-block-categories__label\" for=\"wp-block-categories-1\">Cat\u00e9gories<\/label><select  name='category_name' id='wp-block-categories-1' class='postform'>\n\t<option value='-1'>S\u00e9lectionner Cat\u00e9gorie<\/option>\n\t<option class=\"level-0\" value=\"actualite-du-jardin\">Actualit\u00e9 du jardin&nbsp;&nbsp;(7)<\/option>\n\t<option class=\"level-0\" value=\"agriculture-urbaine\">Agriculture Urbaine&nbsp;&nbsp;(6)<\/option>\n\t<option class=\"level-0\" value=\"biodiversite\">Biodiversit\u00e9&nbsp;&nbsp;(1)<\/option>\n<\/select><script>\n( ( [ dropdownId, homeUrl ] ) => {\n\t\tconst dropdown = document.getElementById( dropdownId );\n\t\tfunction onSelectChange() {\n\t\t\tsetTimeout( () => {\n\t\t\t\tif ( 'escape' === dropdown.dataset.lastkey ) {\n\t\t\t\t\treturn;\n\t\t\t\t}\n\t\t\t\tif ( dropdown.value && dropdown instanceof HTMLSelectElement ) {\n\t\t\t\t\tconst url = new URL( homeUrl );\n\t\t\t\t\turl.searchParams.set( dropdown.name, dropdown.value );\n\t\t\t\t\tlocation.href = url.href;\n\t\t\t\t}\n\t\t\t}, 250 );\n\t\t}\n\t\tfunction onKeyUp( event ) {\n\t\t\tif ( 'Escape' === event.key ) {\n\t\t\t\tdropdown.dataset.lastkey = 'escape';\n\t\t\t} else {\n\t\t\t\tdelete dropdown.dataset.lastkey;\n\t\t\t}\n\t\t}\n\t\tfunction onClick() {\n\t\t\tdelete dropdown.dataset.lastkey;\n\t\t}\n\t\tdropdown.addEventListener( 'keyup', onKeyUp );\n\t\tdropdown.addEventListener( 'click', onClick );\n\t\tdropdown.addEventListener( 'change', onSelectChange );\n\t} )( [\"wp-block-categories-1\",\"https:\/\/blog.univ-angers.fr\/jardinspasserelle\"] );\n\/\/# sourceURL=build_dropdown_script_block_core_categories\n<\/script>\n\n<\/div>\n\n\n<div style=\"height:25px\" aria-hidden=\"true\" class=\"wp-block-spacer\"><\/div>\n\n\n\n<div class=\"wp-block-query alignwide is-layout-flow wp-block-query-is-layout-flow\"><ul class=\"alignwide wp-block-post-template is-layout-flow wp-block-post-template-is-layout-flow\"><li class=\"wp-block-post post-1046 post type-post status-publish format-standard has-post-thumbnail hentry category-actualite-du-jardin category-agriculture-urbaine tag-actualites-du-jardin tag-agriculture-urbaine\">\n\n<div class=\"wp-block-group alignwide is-nowrap is-layout-flex wp-container-core-group-is-layout-ad2f72ca wp-block-group-is-layout-flex\"><figure style=\"width:600px;height:400px;\" class=\"wp-block-post-featured-image\"><a href=\"https:\/\/blog.univ-angers.fr\/jardinspasserelle\/2023\/10\/10\/un-nouveau-bac-pour-le-composteur\/\" target=\"_self\"  style=\"height:400px\"><img loading=\"lazy\" decoding=\"async\" width=\"1200\" height=\"540\" src=\"https:\/\/blog.univ-angers.fr\/jardinspasserelle\/files\/2023\/10\/20231003_134952-1200x540.jpg\" class=\"attachment-post-thumbnail size-post-thumbnail wp-post-image\" alt=\"Un nouveau bac pour le composteur !\" style=\"height:400px;object-fit:cover;\" srcset=\"https:\/\/blog.univ-angers.fr\/jardinspasserelle\/files\/2023\/10\/20231003_134952-1200x540.jpg 1200w, https:\/\/blog.univ-angers.fr\/jardinspasserelle\/files\/2023\/10\/20231003_134952-300x135.jpg 300w, https:\/\/blog.univ-angers.fr\/jardinspasserelle\/files\/2023\/10\/20231003_134952-1024x461.jpg 1024w, https:\/\/blog.univ-angers.fr\/jardinspasserelle\/files\/2023\/10\/20231003_134952-768x346.jpg 768w, https:\/\/blog.univ-angers.fr\/jardinspasserelle\/files\/2023\/10\/20231003_134952-1536x691.jpg 1536w, https:\/\/blog.univ-angers.fr\/jardinspasserelle\/files\/2023\/10\/20231003_134952-2048x922.jpg 2048w, https:\/\/blog.univ-angers.fr\/jardinspasserelle\/files\/2023\/10\/20231003_134952-1980x891.jpg 1980w\" sizes=\"auto, (max-width: 1200px) 100vw, 1200px\" \/><\/a><\/figure>\n\n\n<p>  <\/p>\n\n\n\n<div class=\"wp-block-group\"><div class=\"wp-block-group__inner-container is-layout-constrained wp-block-group-is-layout-constrained\"><h2 style=\"color:#05617d;\" class=\"has-text-align-left wp-block-post-title has-text-color has-larger-font-size\"><a href=\"https:\/\/blog.univ-angers.fr\/jardinspasserelle\/2023\/10\/10\/un-nouveau-bac-pour-le-composteur\/\" target=\"_self\" >Un nouveau bac pour le composteur !<\/a><\/h2>\n\n<div style=\"color:#05617d;\" class=\"wp-block-post-excerpt has-text-color has-normal-font-size\"><p class=\"wp-block-post-excerpt__excerpt\">Mardi 3 octobre dernier, le composteur de la maison de la Maison de la Recherche Germaine Tillon (MRGT) a connu une nouvelle \u00e9tape dans son d\u00e9veloppement. En effet, apr\u00e8s 6 mois d\u2019activit\u00e9, le premier bac de 600 litres est enfin rempli et a pu \u00eatre ferm\u00e9. Il va ainsi entrer en maturation, sera brass\u00e9 environ<\/p><p class=\"wp-block-post-excerpt__more-text\"><a class=\"wp-block-post-excerpt__more-link\" href=\"https:\/\/blog.univ-angers.fr\/jardinspasserelle\/2023\/10\/10\/un-nouveau-bac-pour-le-composteur\/\">Lire la suite<\/a><\/p><\/div><\/div><\/div>\n<\/div>\n\n\n\n<div style=\"height:25px\" aria-hidden=\"true\" class=\"wp-block-spacer\"><\/div>\n\n<\/li><li class=\"wp-block-post post-984 post type-post status-publish format-standard has-post-thumbnail hentry category-actualite-du-jardin tag-actualites-du-jardin\">\n\n<div class=\"wp-block-group alignwide is-nowrap is-layout-flex wp-container-core-group-is-layout-ad2f72ca wp-block-group-is-layout-flex\"><figure style=\"width:600px;height:400px;\" class=\"wp-block-post-featured-image\"><a href=\"https:\/\/blog.univ-angers.fr\/jardinspasserelle\/2023\/08\/30\/cest-la-rentree-pour-les-jardins-passerelle\/\" target=\"_self\"  style=\"height:400px\"><img loading=\"lazy\" decoding=\"async\" width=\"1200\" height=\"900\" src=\"https:\/\/blog.univ-angers.fr\/jardinspasserelle\/files\/2023\/08\/20230812_161944-1200x900.jpg\" class=\"attachment-post-thumbnail size-post-thumbnail wp-post-image\" alt=\"C\u2019est la rentr\u00e9e pour les jardins Passerelle !\" style=\"height:400px;object-fit:cover;\" srcset=\"https:\/\/blog.univ-angers.fr\/jardinspasserelle\/files\/2023\/08\/20230812_161944-1200x900.jpg 1200w, https:\/\/blog.univ-angers.fr\/jardinspasserelle\/files\/2023\/08\/20230812_161944-300x225.jpg 300w, https:\/\/blog.univ-angers.fr\/jardinspasserelle\/files\/2023\/08\/20230812_161944-1024x768.jpg 1024w, https:\/\/blog.univ-angers.fr\/jardinspasserelle\/files\/2023\/08\/20230812_161944-768x576.jpg 768w, https:\/\/blog.univ-angers.fr\/jardinspasserelle\/files\/2023\/08\/20230812_161944-1536x1152.jpg 1536w, https:\/\/blog.univ-angers.fr\/jardinspasserelle\/files\/2023\/08\/20230812_161944-2048x1536.jpg 2048w, https:\/\/blog.univ-angers.fr\/jardinspasserelle\/files\/2023\/08\/20230812_161944-1980x1485.jpg 1980w\" sizes=\"auto, (max-width: 1200px) 100vw, 1200px\" \/><\/a><\/figure>\n\n\n<p>  <\/p>\n\n\n\n<div class=\"wp-block-group\"><div class=\"wp-block-group__inner-container is-layout-constrained wp-block-group-is-layout-constrained\"><h2 style=\"color:#05617d;\" class=\"has-text-align-left wp-block-post-title has-text-color has-larger-font-size\"><a href=\"https:\/\/blog.univ-angers.fr\/jardinspasserelle\/2023\/08\/30\/cest-la-rentree-pour-les-jardins-passerelle\/\" target=\"_self\" >C\u2019est la rentr\u00e9e pour les jardins Passerelle !<\/a><\/h2>\n\n<div style=\"color:#05617d;\" class=\"wp-block-post-excerpt has-text-color has-normal-font-size\"><p class=\"wp-block-post-excerpt__excerpt\">Apr\u00e8s un mois \u00e0 \u00eatre plus ou moins livr\u00e9 \u00e0 lui-m\u00eame, o\u00f9 en est le jardin ?&nbsp; Aliment\u00e9 en eau par Mariandr\u00e9a, stagiaire au Laboratoire LPG, et par les pluies r\u00e9colt\u00e9es du toit de la Passerelle, le jardin a donn\u00e9 beaucoup de concombres et de tomates. Malheureusement, faute d&rsquo;une pr\u00e9sence quotidienne, une partie des tomates<\/p><p class=\"wp-block-post-excerpt__more-text\"><a class=\"wp-block-post-excerpt__more-link\" href=\"https:\/\/blog.univ-angers.fr\/jardinspasserelle\/2023\/08\/30\/cest-la-rentree-pour-les-jardins-passerelle\/\">Lire la suite<\/a><\/p><\/div><\/div><\/div>\n<\/div>\n\n\n\n<div style=\"height:25px\" aria-hidden=\"true\" class=\"wp-block-spacer\"><\/div>\n\n<\/li><li class=\"wp-block-post post-901 post type-post status-publish format-standard has-post-thumbnail hentry category-actualite-du-jardin category-agriculture-urbaine tag-actualites-du-jardin tag-agriculture-urbaine\">\n\n<div class=\"wp-block-group alignwide is-nowrap is-layout-flex wp-container-core-group-is-layout-ad2f72ca wp-block-group-is-layout-flex\"><figure style=\"width:600px;height:400px;\" class=\"wp-block-post-featured-image\"><a href=\"https:\/\/blog.univ-angers.fr\/jardinspasserelle\/2023\/07\/17\/un-systeme-dirrigation-automatique-pour-le-jardin\/\" target=\"_self\"  style=\"height:400px\"><img loading=\"lazy\" decoding=\"async\" width=\"1200\" height=\"1145\" src=\"https:\/\/blog.univ-angers.fr\/jardinspasserelle\/files\/2023\/07\/20230613_181028-1-scaled-e1689588303642-1200x1145.jpg\" class=\"attachment-post-thumbnail size-post-thumbnail wp-post-image\" alt=\"Un syst\u00e8me d&rsquo;irrigation automatique pour le jardin\" style=\"height:400px;object-fit:cover;\" srcset=\"https:\/\/blog.univ-angers.fr\/jardinspasserelle\/files\/2023\/07\/20230613_181028-1-scaled-e1689588303642-1200x1145.jpg 1200w, https:\/\/blog.univ-angers.fr\/jardinspasserelle\/files\/2023\/07\/20230613_181028-1-scaled-e1689588303642-300x286.jpg 300w, https:\/\/blog.univ-angers.fr\/jardinspasserelle\/files\/2023\/07\/20230613_181028-1-scaled-e1689588303642-1024x977.jpg 1024w, https:\/\/blog.univ-angers.fr\/jardinspasserelle\/files\/2023\/07\/20230613_181028-1-scaled-e1689588303642-768x733.jpg 768w, https:\/\/blog.univ-angers.fr\/jardinspasserelle\/files\/2023\/07\/20230613_181028-1-scaled-e1689588303642-1536x1466.jpg 1536w, https:\/\/blog.univ-angers.fr\/jardinspasserelle\/files\/2023\/07\/20230613_181028-1-scaled-e1689588303642.jpg 1684w\" sizes=\"auto, (max-width: 1200px) 100vw, 1200px\" \/><\/a><\/figure>\n\n\n<p>  <\/p>\n\n\n\n<div class=\"wp-block-group\"><div class=\"wp-block-group__inner-container is-layout-constrained wp-block-group-is-layout-constrained\"><h2 style=\"color:#05617d;\" class=\"has-text-align-left wp-block-post-title has-text-color has-larger-font-size\"><a href=\"https:\/\/blog.univ-angers.fr\/jardinspasserelle\/2023\/07\/17\/un-systeme-dirrigation-automatique-pour-le-jardin\/\" target=\"_self\" >Un syst\u00e8me d&rsquo;irrigation automatique pour le jardin<\/a><\/h2>\n\n<div style=\"color:#05617d;\" class=\"wp-block-post-excerpt has-text-color has-normal-font-size\"><p class=\"wp-block-post-excerpt__excerpt\">Durant toute une partie de l&rsquo;ann\u00e9e, Katell et C\u00e9line, \u00e9tudiantes \u00e0 Polytech Angers, ont mis au point leur projet tutor\u00e9 \u00e0 deux pas des parcelles, dans le fablab de Polytech Angers. Achev\u00e9 il y a quelques semaines, l&rsquo;objectif \u00e9tait de proposer un syst\u00e8me d&rsquo;irrigation automatique pour les jardins Passerelle. Alors que l&rsquo;universit\u00e9 ferme bient\u00f4t pour<\/p><p class=\"wp-block-post-excerpt__more-text\"><a class=\"wp-block-post-excerpt__more-link\" href=\"https:\/\/blog.univ-angers.fr\/jardinspasserelle\/2023\/07\/17\/un-systeme-dirrigation-automatique-pour-le-jardin\/\">Lire la suite<\/a><\/p><\/div><\/div><\/div>\n<\/div>\n\n\n\n<div style=\"height:25px\" aria-hidden=\"true\" class=\"wp-block-spacer\"><\/div>\n\n<\/li><li class=\"wp-block-post post-776 post type-post status-publish format-standard has-post-thumbnail hentry category-actualite-du-jardin category-agriculture-urbaine tag-actualites-du-jardin tag-agriculture-urbaine\">\n\n<div class=\"wp-block-group alignwide is-nowrap is-layout-flex wp-container-core-group-is-layout-ad2f72ca wp-block-group-is-layout-flex\"><figure style=\"width:600px;height:400px;\" class=\"wp-block-post-featured-image\"><a href=\"https:\/\/blog.univ-angers.fr\/jardinspasserelle\/2023\/06\/01\/un-mois-depuis-son-arrivee-comment-se-porte-le-composteur-de-la-mrgt\/\" target=\"_self\"  style=\"height:400px\"><img loading=\"lazy\" decoding=\"async\" width=\"1200\" height=\"1000\" src=\"https:\/\/blog.univ-angers.fr\/jardinspasserelle\/files\/2023\/06\/Ftl5bsVWAAAxV84-1-scaled-e1685615382103-1200x1000.jpg\" class=\"attachment-post-thumbnail size-post-thumbnail wp-post-image\" alt=\"Un mois depuis son arriv\u00e9e, comment se porte le composteur de la MRGT ?\" style=\"height:400px;object-fit:cover;\" srcset=\"https:\/\/blog.univ-angers.fr\/jardinspasserelle\/files\/2023\/06\/Ftl5bsVWAAAxV84-1-scaled-e1685615382103-1200x1000.jpg 1200w, https:\/\/blog.univ-angers.fr\/jardinspasserelle\/files\/2023\/06\/Ftl5bsVWAAAxV84-1-scaled-e1685615382103-300x250.jpg 300w, https:\/\/blog.univ-angers.fr\/jardinspasserelle\/files\/2023\/06\/Ftl5bsVWAAAxV84-1-scaled-e1685615382103-1024x853.jpg 1024w, https:\/\/blog.univ-angers.fr\/jardinspasserelle\/files\/2023\/06\/Ftl5bsVWAAAxV84-1-scaled-e1685615382103-768x640.jpg 768w, https:\/\/blog.univ-angers.fr\/jardinspasserelle\/files\/2023\/06\/Ftl5bsVWAAAxV84-1-scaled-e1685615382103-1536x1280.jpg 1536w, https:\/\/blog.univ-angers.fr\/jardinspasserelle\/files\/2023\/06\/Ftl5bsVWAAAxV84-1-scaled-e1685615382103.jpg 1920w\" sizes=\"auto, (max-width: 1200px) 100vw, 1200px\" \/><\/a><\/figure>\n\n\n<p>  <\/p>\n\n\n\n<div class=\"wp-block-group\"><div class=\"wp-block-group__inner-container is-layout-constrained wp-block-group-is-layout-constrained\"><h2 style=\"color:#05617d;\" class=\"has-text-align-left wp-block-post-title has-text-color has-larger-font-size\"><a href=\"https:\/\/blog.univ-angers.fr\/jardinspasserelle\/2023\/06\/01\/un-mois-depuis-son-arrivee-comment-se-porte-le-composteur-de-la-mrgt\/\" target=\"_self\" >Un mois depuis son arriv\u00e9e, comment se porte le composteur de la MRGT ?<\/a><\/h2>\n\n<div style=\"color:#05617d;\" class=\"wp-block-post-excerpt has-text-color has-normal-font-size\"><p class=\"wp-block-post-excerpt__excerpt\">Le 13 avril \u00e9tait install\u00e9 le nouveau composteur collectif aux abords de la Maison de la Recherche Germaine Tillon. \u00c0 cette occasion, les personnels ont pu assister \u00e0 un expos\u00e9 expliquant les principes de base n\u00e9cessaires \u00e0 la bonne tenue d\u2019un composteur et poser toutes leurs questions \u00e0 un ma\u00eetre composteur. Un d\u00e9jeuner collectif \u00e9tait<\/p><p class=\"wp-block-post-excerpt__more-text\"><a class=\"wp-block-post-excerpt__more-link\" href=\"https:\/\/blog.univ-angers.fr\/jardinspasserelle\/2023\/06\/01\/un-mois-depuis-son-arrivee-comment-se-porte-le-composteur-de-la-mrgt\/\">Lire la suite<\/a><\/p><\/div><\/div><\/div>\n<\/div>\n\n\n\n<div style=\"height:25px\" aria-hidden=\"true\" class=\"wp-block-spacer\"><\/div>\n\n<\/li><\/ul>\n\n<nav class=\"aligncenter wp-block-query-pagination is-layout-flex wp-block-query-pagination-is-layout-flex\" aria-label=\"Pagination\">\n\n\n<div class=\"wp-block-query-pagination-numbers\"><span aria-current=\"page\" class=\"page-numbers current\">1<\/span>\n<a class=\"page-numbers\" href=\"?query-20-page=2\">2<\/a><\/div>\n\n<a href=\"\/jardinspasserelle\/wp-json\/wp\/v2\/pages\/547?query-20-page=2\" class=\"wp-block-query-pagination-next\">Page suivante<\/a>\n<\/nav><\/div>\n","protected":false},"excerpt":{"rendered":"","protected":false},"author":107634,"featured_media":0,"parent":0,"menu_order":0,"comment_status":"closed","ping_status":"closed","template":"","meta":{"footnotes":""},"class_list":["post-547","page","type-page","status-publish","hentry"],"_links":{"self":[{"href":"https:\/\/blog.univ-angers.fr\/jardinspasserelle\/wp-json\/wp\/v2\/pages\/547","targetHints":{"allow":["GET"]}}],"collection":[{"href":"https:\/\/blog.univ-angers.fr\/jardinspasserelle\/wp-json\/wp\/v2\/pages"}],"about":[{"href":"https:\/\/blog.univ-angers.fr\/jardinspasserelle\/wp-json\/wp\/v2\/types\/page"}],"author":[{"embeddable":true,"href":"https:\/\/blog.univ-angers.fr\/jardinspasserelle\/wp-json\/wp\/v2\/users\/107634"}],"replies":[{"embeddable":true,"href":"https:\/\/blog.univ-angers.fr\/jardinspasserelle\/wp-json\/wp\/v2\/comments?post=547"}],"version-history":[{"count":26,"href":"https:\/\/blog.univ-angers.fr\/jardinspasserelle\/wp-json\/wp\/v2\/pages\/547\/revisions"}],"predecessor-version":[{"id":807,"href":"https:\/\/blog.univ-angers.fr\/jardinspasserelle\/wp-json\/wp\/v2\/pages\/547\/revisions\/807"}],"wp:attachment":[{"href":"https:\/\/blog.univ-angers.fr\/jardinspasserelle\/wp-json\/wp\/v2\/media?parent=547"}],"curies":[{"name":"wp","href":"https:\/\/api.w.org\/{rel}","templated":true}]}}