{"id":91,"date":"2013-02-01T19:09:48","date_gmt":"2013-02-01T18:09:48","guid":{"rendered":"https:\/\/blog.univ-angers.fr\/formationarchives20ans\/?page_id=91"},"modified":"2013-02-17T12:28:40","modified_gmt":"2013-02-17T11:28:40","slug":"bienvenue","status":"publish","type":"page","link":"https:\/\/blog.univ-angers.fr\/formationarchives20ans\/","title":{"rendered":"Bienvenue !"},"content":{"rendered":"<p>L\u2019ann\u00e9e 2013 marque les vingt ans de la formation Archives de l\u2019universit\u00e9 d\u2019Angers. Cr\u00e9\u00e9e par des professionnels pour les futures g\u00e9n\u00e9rations d\u2019archivistes, elle suit au plus pr\u00e8s les \u00e9volutions des pratiques.<\/p>\n<p>La c\u00e9l\u00e9bration de cet anniversaire est l\u2019occasion de revenir sur l&rsquo;histoire de la formation, sur ses \u00e9volutions et se traduit par la cr\u00e9ation de ce blog, la r\u00e9daction d\u2019un article scientifique et l\u2019impression de d\u00e9pliants (ci-dessous).<\/p>\n<p>Afin de r\u00e9aliser ce projet, nous avons effectu\u00e9 des recherches historiques et collect\u00e9 des t\u00e9moignages, oraux et \u00e9crits. Des entretiens film\u00e9s ont \u00e9t\u00e9 men\u00e9s avec des personnes ayant anim\u00e9 la formation \u00e0 divers niveaux : celles qui ont contribu\u00e9 \u00e0 sa cr\u00e9ation, les responsables, actuels et pr\u00e9c\u00e9dents, des intervenants professionnels, et d\u2019anciens \u00e9tudiants. Les t\u00e9moignages sont \u00e9galement \u00e9crits : nous avons mis en ligne un questionnaire \u00e0 destination des anciens \u00e9tudiants, sur le site internet de l\u2019AEDAA (association des \u00e9tudiants et de dipl\u00f4m\u00e9s de la formation en archivistique d&rsquo;Angers).<br \/>\nCes t\u00e9moignages sont \u00e0 retrouver sur notre blog.<\/p>\n<p>En ce qui concerne le d\u00e9pliant, il est diffus\u00e9 sp\u00e9cialement pour deux occasions : le 15 f\u00e9vrier 2013, lors de la journ\u00e9e d\u2019\u00e9tude \u00ab Les expositions d\u2019archives et leurs publics \u00bb, organis\u00e9e par l\u2019ensemble de la promotion du master 2 M\u00e9tiers des archives, et le 16 f\u00e9vrier, durant la journ\u00e9e des portes ouvertes de l\u2019universit\u00e9 d&rsquo;Angers.<\/p>\n<p>La r\u00e9daction d&rsquo;un article sur l&rsquo;histoire de la formation est en cours.<\/p>\n<p>Ce blog a \u00e9t\u00e9 mis au point par les \u00e9tudiants de l&rsquo;option valorisation du patrimoine :  Aude, Audrey, C\u00e9line, \u00c9l\u00e9onore, Lucie et Pauline. <\/p>\n<p><a href=\"https:\/\/blog.univ-angers.fr\/formationarchives20ans\/files\/2013\/02\/Groupe-VP-2012-2013.jpg\"><img loading=\"lazy\" decoding=\"async\" src=\"https:\/\/blog.univ-angers.fr\/formationarchives20ans\/files\/2013\/02\/Groupe-VP-2012-2013-300x225.jpg\" alt=\"\" width=\"300\" height=\"225\" class=\"aligncenter size-medium wp-image-467\" srcset=\"https:\/\/blog.univ-angers.fr\/formationarchives20ans\/files\/2013\/02\/Groupe-VP-2012-2013-300x225.jpg 300w, https:\/\/blog.univ-angers.fr\/formationarchives20ans\/files\/2013\/02\/Groupe-VP-2012-2013-1024x768.jpg 1024w, https:\/\/blog.univ-angers.fr\/formationarchives20ans\/files\/2013\/02\/Groupe-VP-2012-2013-400x300.jpg 400w\" sizes=\"auto, (max-width: 300px) 100vw, 300px\" \/><\/a><\/p>\n<p>Nous tenons \u00e0 remercier l&rsquo;Association des \u00e9tudiants et dipl\u00f4m\u00e9s en archivistique d&rsquo;Angers (AEDAA), pour son soutien.<\/p>\n<p>D\u00e9pliant r\u00e9alis\u00e9 pour c\u00e9l\u00e9brer les 20 ans de la formation.<br \/>\n<a href=\"https:\/\/blog.univ-angers.fr\/formationarchives20ans\/files\/2013\/02\/d\u00e9pliant-20-ans-1.jpg\"><img loading=\"lazy\" decoding=\"async\" src=\"https:\/\/blog.univ-angers.fr\/formationarchives20ans\/files\/2013\/02\/d\u00e9pliant-20-ans-1-733x1024.jpg\" alt=\"\" width=\"584\" height=\"815\" class=\"aligncenter size-large wp-image-565\" srcset=\"https:\/\/blog.univ-angers.fr\/formationarchives20ans\/files\/2013\/02\/d\u00e9pliant-20-ans-1-733x1024.jpg 733w, https:\/\/blog.univ-angers.fr\/formationarchives20ans\/files\/2013\/02\/d\u00e9pliant-20-ans-1-214x300.jpg 214w, https:\/\/blog.univ-angers.fr\/formationarchives20ans\/files\/2013\/02\/d\u00e9pliant-20-ans-1.jpg 1320w\" sizes=\"auto, (max-width: 584px) 100vw, 584px\" \/><\/a><\/p>\n<p>Bonne visite !<\/p>\n<p><em>Ce blog anniversaire peut s&rsquo;enrichir gr\u00e2ce \u00e0 vous. Si vous souhaitez nous communiquer des renseignements, des documents ou des photographies, ou si vous souhaitez faire corriger des informations, merci d&rsquo;utiliser le champ commentaire ci-dessous ou d&rsquo;adresser un message \u00e0 patrice.marcilloux@univ-angers.fr<\/em><\/p>\n<p><em>En ce qui concerne les photographies de groupes, elles ont \u00e9t\u00e9 prises dans un contexte public, et sont donc librement r\u00e9utilisables. Cependant, si vous n&rsquo;\u00eates pas d&rsquo;accord quant \u00e0 leur publication sur le blog, merci de nous le faire savoir.<\/em><\/p>\n","protected":false},"excerpt":{"rendered":"<p>L\u2019ann\u00e9e 2013 marque les vingt ans de la formation Archives de l\u2019universit\u00e9 d\u2019Angers. Cr\u00e9\u00e9e par des professionnels pour les futures g\u00e9n\u00e9rations d\u2019archivistes, elle suit au plus pr\u00e8s les \u00e9volutions des pratiques. La c\u00e9l\u00e9bration de cet anniversaire est l\u2019occasion de revenir &hellip; <a href=\"https:\/\/blog.univ-angers.fr\/formationarchives20ans\/\">Continuer la lecture <span class=\"meta-nav\">&rarr;<\/span><\/a><\/p>\n","protected":false},"author":417,"featured_media":0,"parent":0,"menu_order":0,"comment_status":"open","ping_status":"open","template":"","meta":{"footnotes":""},"class_list":["post-91","page","type-page","status-publish","hentry"],"_links":{"self":[{"href":"https:\/\/blog.univ-angers.fr\/formationarchives20ans\/wp-json\/wp\/v2\/pages\/91","targetHints":{"allow":["GET"]}}],"collection":[{"href":"https:\/\/blog.univ-angers.fr\/formationarchives20ans\/wp-json\/wp\/v2\/pages"}],"about":[{"href":"https:\/\/blog.univ-angers.fr\/formationarchives20ans\/wp-json\/wp\/v2\/types\/page"}],"author":[{"embeddable":true,"href":"https:\/\/blog.univ-angers.fr\/formationarchives20ans\/wp-json\/wp\/v2\/users\/417"}],"replies":[{"embeddable":true,"href":"https:\/\/blog.univ-angers.fr\/formationarchives20ans\/wp-json\/wp\/v2\/comments?post=91"}],"version-history":[{"count":15,"href":"https:\/\/blog.univ-angers.fr\/formationarchives20ans\/wp-json\/wp\/v2\/pages\/91\/revisions"}],"predecessor-version":[{"id":260,"href":"https:\/\/blog.univ-angers.fr\/formationarchives20ans\/wp-json\/wp\/v2\/pages\/91\/revisions\/260"}],"wp:attachment":[{"href":"https:\/\/blog.univ-angers.fr\/formationarchives20ans\/wp-json\/wp\/v2\/media?parent=91"}],"curies":[{"name":"wp","href":"https:\/\/api.w.org\/{rel}","templated":true}]}}

<p>L’année 2013 marque les vingt ans de la formation Archives de l’université d’Angers. Créée par des professionnels pour les futures générations d’archivistes, elle suit au plus près les évolutions des pratiques.</p>
<p>La célébration de cet anniversaire est l’occasion de revenir sur l&rsquo;histoire de la formation, sur ses évolutions et se traduit par la création de ce blog, la rédaction d’un article scientifique et l’impression de dépliants (ci-dessous).</p>
<p>Afin de réaliser ce projet, nous avons effectué des recherches historiques et collecté des témoignages, oraux et écrits. Des entretiens filmés ont été menés avec des personnes ayant animé la formation à divers niveaux : celles qui ont contribué à sa création, les responsables, actuels et précédents, des intervenants professionnels, et d’anciens étudiants. Les témoignages sont également écrits : nous avons mis en ligne un questionnaire à destination des anciens étudiants, sur le site internet de l’AEDAA (association des étudiants et de diplômés de la formation en archivistique d&rsquo;Angers).<br />
Ces témoignages sont à retrouver sur notre blog.</p>
<p>En ce qui concerne le dépliant, il est diffusé spécialement pour deux occasions : le 15 février 2013, lors de la journée d’étude « Les expositions d’archives et leurs publics », organisée par l’ensemble de la promotion du master 2 Métiers des archives, et le 16 février, durant la journée des portes ouvertes de l’université d&rsquo;Angers.</p>
<p>La rédaction d&rsquo;un article sur l&rsquo;histoire de la formation est en cours.</p>
<p>Ce blog a été mis au point par les étudiants de l&rsquo;option valorisation du patrimoine :  Aude, Audrey, Céline, Éléonore, Lucie et Pauline. </p>
<p><a href="https://blog.univ-angers.fr/formationarchives20ans/files/2013/02/Groupe-VP-2012-2013.jpg"><img loading="lazy" decoding="async" src="https://blog.univ-angers.fr/formationarchives20ans/files/2013/02/Groupe-VP-2012-2013-300x225.jpg" alt="" width="300" height="225" class="aligncenter size-medium wp-image-467" srcset="https://blog.univ-angers.fr/formationarchives20ans/files/2013/02/Groupe-VP-2012-2013-300x225.jpg 300w, https://blog.univ-angers.fr/formationarchives20ans/files/2013/02/Groupe-VP-2012-2013-1024x768.jpg 1024w, https://blog.univ-angers.fr/formationarchives20ans/files/2013/02/Groupe-VP-2012-2013-400x300.jpg 400w" sizes="auto, (max-width: 300px) 100vw, 300px" /></a></p>
<p>Nous tenons à remercier l&rsquo;Association des étudiants et diplômés en archivistique d&rsquo;Angers (AEDAA), pour son soutien.</p>
<p>Dépliant réalisé pour célébrer les 20 ans de la formation.<br />
<a href="https://blog.univ-angers.fr/formationarchives20ans/files/2013/02/dépliant-20-ans-1.jpg"><img loading="lazy" decoding="async" src="https://blog.univ-angers.fr/formationarchives20ans/files/2013/02/dépliant-20-ans-1-733x1024.jpg" alt="" width="584" height="815" class="aligncenter size-large wp-image-565" srcset="https://blog.univ-angers.fr/formationarchives20ans/files/2013/02/dépliant-20-ans-1-733x1024.jpg 733w, https://blog.univ-angers.fr/formationarchives20ans/files/2013/02/dépliant-20-ans-1-214x300.jpg 214w, https://blog.univ-angers.fr/formationarchives20ans/files/2013/02/dépliant-20-ans-1.jpg 1320w" sizes="auto, (max-width: 584px) 100vw, 584px" /></a></p>
<p>Bonne visite !</p>
<p><em>Ce blog anniversaire peut s&rsquo;enrichir grâce à vous. Si vous souhaitez nous communiquer des renseignements, des documents ou des photographies, ou si vous souhaitez faire corriger des informations, merci d&rsquo;utiliser le champ commentaire ci-dessous ou d&rsquo;adresser un message à patrice.marcilloux@univ-angers.fr</em></p>
<p><em>En ce qui concerne les photographies de groupes, elles ont été prises dans un contexte public, et sont donc librement réutilisables. Cependant, si vous n&rsquo;êtes pas d&rsquo;accord quant à leur publication sur le blog, merci de nous le faire savoir.</em></p>

<p>L’année 2013 marque les vingt ans de la formation Archives de l’université d’Angers. Créée par des professionnels pour les futures générations d’archivistes, elle suit au plus près les évolutions des pratiques. La célébration de cet anniversaire est l’occasion de revenir &hellip; <a href="https://blog.univ-angers.fr/formationarchives20ans/">Continuer la lecture <span class="meta-nav">&rarr;</span></a></p>
