{"id":135,"date":"2013-02-01T21:50:48","date_gmt":"2013-02-01T20:50:48","guid":{"rendered":"https:\/\/blog.univ-angers.fr\/formationarchives20ans\/?page_id=135"},"modified":"2013-02-17T12:45:04","modified_gmt":"2013-02-17T11:45:04","slug":"la-formation-aujourdhui","status":"publish","type":"page","link":"https:\/\/blog.univ-angers.fr\/formationarchives20ans\/les-enseignents-et-enseignements\/la-formation-aujourdhui\/","title":{"rendered":"La formation aujourd&rsquo;hui"},"content":{"rendered":"<div id=\"attachment_315\" style=\"width: 997px\" class=\"wp-caption aligncenter\"><a href=\"https:\/\/blog.univ-angers.fr\/formationarchives20ans\/files\/2013\/02\/billet-formation-aujourdhui.png\"><img loading=\"lazy\" decoding=\"async\" aria-describedby=\"caption-attachment-315\" src=\"https:\/\/blog.univ-angers.fr\/formationarchives20ans\/files\/2013\/02\/billet-formation-aujourdhui.png\" alt=\"\" width=\"987\" height=\"648\" class=\"size-full wp-image-315\" srcset=\"https:\/\/blog.univ-angers.fr\/formationarchives20ans\/files\/2013\/02\/billet-formation-aujourdhui.png 987w, https:\/\/blog.univ-angers.fr\/formationarchives20ans\/files\/2013\/02\/billet-formation-aujourdhui-300x196.png 300w, https:\/\/blog.univ-angers.fr\/formationarchives20ans\/files\/2013\/02\/billet-formation-aujourdhui-456x300.png 456w\" sizes=\"auto, (max-width: 987px) 100vw, 987px\" \/><\/a><p id=\"caption-attachment-315\" class=\"wp-caption-text\">Sch\u00e9ma de l\u2019offre de formation aux m\u00e9tiers des archives \u00e0 l\u2019universit\u00e9 d\u2019Angers<\/p><\/div>\n<p>Aujourd\u2019hui, l\u2019offre de formation aux m\u00e9tiers des archives propos\u00e9e par l\u2019universit\u00e9 d\u2019Angers englobe quatre niveaux, comprend trois dipl\u00f4mes d\u2019\u00c9tat et deux dipl\u00f4mes d\u2019universit\u00e9, rassemblant environ 80 \u00e9tudiants chaque ann\u00e9e, ce qui en fait sans doute la fili\u00e8re universitaire la plus \u00e9toff\u00e9e \u00e0 ce jour en France. Rappelons que les dipl\u00f4mes d\u2019\u00c9tat font l\u2019objet d\u2019une habilitation nationale par le minist\u00e8re de l\u2019Enseignement sup\u00e9rieur d\u00e9livr\u00e9e sur la base d\u2019une \u00e9valuation des contenus et de l\u2019organisation des cursus faite par l\u2019AERES (Agence d\u2019\u00e9valuation de la recherche et de l\u2019enseignement sup\u00e9rieur). L\u2019universit\u00e9 d\u2019Angers propose donc actuellement :<\/p>\n<p> &#8211; une licence professionnelle traitement et gestion des archives et des biblioth\u00e8ques, avec deux options : biblioth\u00e8ques et archives. L\u2019acc\u00e8s, sur s\u00e9lection, est ouvert \u00e0 tous les \u00e9tudiants justifiant de deux ann\u00e9es d\u2019\u00e9tudes sup\u00e9rieures valid\u00e9es, quelle qu\u2019en soit la nature. La prise en compte de l\u2019exp\u00e9rience professionnelle est possible \u00e0 travers une proc\u00e9dure de validation des acquis professionnels (VAP). <\/p>\n<p> &#8211; un master mention histoire et document, sp\u00e9cialit\u00e9 m\u00e9tiers des archives et des biblioth\u00e8ques, parcours archives comprenant une premi\u00e8re et une deuxi\u00e8me ann\u00e9e. L\u2019acc\u00e8s, s\u00e9lectif, est possible en premi\u00e8re ou en deuxi\u00e8me ann\u00e9e. Les \u00e9tudiants qui ont fait une premi\u00e8re ann\u00e9e de master dans une autre formation suivent des cours d\u2019archivistique renforc\u00e9s en master 2. <\/p>\n<p> &#8211; un doctorat. <\/p>\n<p>Ajoutons qu\u2019en deuxi\u00e8me et troisi\u00e8me ann\u00e9e de licence, des enseignements dits de pr\u00e9professionnalisation permettent aux \u00e9tudiants de confirmer leur projet professionnel et de s\u2019initier \u00e0 l\u2019archivistique. <\/p>\n<p>Deux dipl\u00f4mes d\u2019universit\u00e9 (DU) sont \u00e9galement habilit\u00e9s par les instances scientifiques de l\u2019\u00e9tablissement :<br \/>\n &#8211; conduite de projet et archives de la sant\u00e9 (COPRAS).<br \/>\n &#8211; conduite de projet en archives et records management<\/p>\n<p>Tous deux fond\u00e9s sur la notion de conduite de projet, ils sont sp\u00e9cialement destin\u00e9s aux professionnels qui souhaitent qualifier leur pratique et \u00e9voluer dans leur carri\u00e8re.<br \/>\nPour conna\u00eetre le d\u00e9tail des cours, on peut se reporter au site de l\u2019universit\u00e9 : <a href=\"http:\/\/www.univ-angers.fr\/fr\/formation\/offre-de-formation.html\" target=\"_blank\">www.univ-angers.fr\/fr\/formation\/offre-de-formation.fr<\/a>.<\/p>\n","protected":false},"excerpt":{"rendered":"<p>Aujourd\u2019hui, l\u2019offre de formation aux m\u00e9tiers des archives propos\u00e9e par l\u2019universit\u00e9 d\u2019Angers englobe quatre niveaux, comprend trois dipl\u00f4mes d\u2019\u00c9tat et deux dipl\u00f4mes d\u2019universit\u00e9, rassemblant environ 80 \u00e9tudiants chaque ann\u00e9e, ce qui en fait sans doute la fili\u00e8re universitaire la plus &hellip; <a href=\"https:\/\/blog.univ-angers.fr\/formationarchives20ans\/les-enseignents-et-enseignements\/la-formation-aujourdhui\/\">Continuer la lecture <span class=\"meta-nav\">&rarr;<\/span><\/a><\/p>\n","protected":false},"author":417,"featured_media":0,"parent":66,"menu_order":0,"comment_status":"open","ping_status":"open","template":"","meta":{"footnotes":""},"class_list":["post-135","page","type-page","status-publish","hentry"],"_links":{"self":[{"href":"https:\/\/blog.univ-angers.fr\/formationarchives20ans\/wp-json\/wp\/v2\/pages\/135","targetHints":{"allow":["GET"]}}],"collection":[{"href":"https:\/\/blog.univ-angers.fr\/formationarchives20ans\/wp-json\/wp\/v2\/pages"}],"about":[{"href":"https:\/\/blog.univ-angers.fr\/formationarchives20ans\/wp-json\/wp\/v2\/types\/page"}],"author":[{"embeddable":true,"href":"https:\/\/blog.univ-angers.fr\/formationarchives20ans\/wp-json\/wp\/v2\/users\/417"}],"replies":[{"embeddable":true,"href":"https:\/\/blog.univ-angers.fr\/formationarchives20ans\/wp-json\/wp\/v2\/comments?post=135"}],"version-history":[{"count":13,"href":"https:\/\/blog.univ-angers.fr\/formationarchives20ans\/wp-json\/wp\/v2\/pages\/135\/revisions"}],"predecessor-version":[{"id":574,"href":"https:\/\/blog.univ-angers.fr\/formationarchives20ans\/wp-json\/wp\/v2\/pages\/135\/revisions\/574"}],"up":[{"embeddable":true,"href":"https:\/\/blog.univ-angers.fr\/formationarchives20ans\/wp-json\/wp\/v2\/pages\/66"}],"wp:attachment":[{"href":"https:\/\/blog.univ-angers.fr\/formationarchives20ans\/wp-json\/wp\/v2\/media?parent=135"}],"curies":[{"name":"wp","href":"https:\/\/api.w.org\/{rel}","templated":true}]}}