{"id":2,"date":"2016-07-19T13:06:23","date_gmt":"2016-07-19T13:06:23","guid":{"rendered":"https:\/\/blog.univ-angers.fr\/fondsspe\/?page_id=2"},"modified":"2023-12-14T15:19:08","modified_gmt":"2023-12-14T14:19:08","slug":"apropos","status":"publish","type":"page","link":"https:\/\/blog.univ-angers.fr\/fondsspe\/apropos\/","title":{"rendered":"A propos"},"content":{"rendered":"<p><span style=\"font-weight: 400\">Ce blog a \u00e9t\u00e9 cr\u00e9\u00e9 en 2016 par France Chabod, conservatrice, pour faire conna\u00eetre les fonds litt\u00e9raires et f\u00e9ministes de la Biblioth\u00e8que universitaire d\u2019Angers. Le site a fait peau neuve en 2024 gr\u00e2ce au travail collectif d\u2019un groupe de Master 2 Sciences de l\u2019information et des Biblioth\u00e8ques : No\u00e9mie Besnier, Oc\u00e9ane Buttet, Cl\u00f6 Eg\u00e9a, Oc\u00e9ane Leloup, Rachel Renaud, Olivia Tregoat, Sabrina Tribot\u00e9.<\/span><\/p>\n<p><span style=\"font-weight: 400\">R\u00e9dactrices : France Chabod, Val\u00e9rie Neveu<\/span><\/p>\n<p><span style=\"font-weight: 400\">Avec la contribution occasionnelle des stagiaires ou \u00e9tudiants en archivistique ou biblioth\u00e9conomie accueillis \u00e0 la BU.<\/span><\/p>\n","protected":false},"excerpt":{"rendered":"<p>Ce blog a \u00e9t\u00e9 cr\u00e9\u00e9 en 2016 par France Chabod, conservatrice, pour faire conna\u00eetre les fonds litt\u00e9raires et f\u00e9ministes de la Biblioth\u00e8que universitaire d\u2019Angers. Le site a fait peau neuve en 2024 gr\u00e2ce au travail collectif d\u2019un groupe de Master &hellip; <a href=\"https:\/\/blog.univ-angers.fr\/fondsspe\/apropos\/\">Continuer la lecture <span class=\"meta-nav\">&rarr;<\/span><\/a><\/p>\n","protected":false},"author":6132,"featured_media":0,"parent":0,"menu_order":0,"comment_status":"open","ping_status":"closed","template":"","meta":{"footnotes":""},"class_list":["post-2","page","type-page","status-publish","hentry"],"_links":{"self":[{"href":"https:\/\/blog.univ-angers.fr\/fondsspe\/wp-json\/wp\/v2\/pages\/2","targetHints":{"allow":["GET"]}}],"collection":[{"href":"https:\/\/blog.univ-angers.fr\/fondsspe\/wp-json\/wp\/v2\/pages"}],"about":[{"href":"https:\/\/blog.univ-angers.fr\/fondsspe\/wp-json\/wp\/v2\/types\/page"}],"author":[{"embeddable":true,"href":"https:\/\/blog.univ-angers.fr\/fondsspe\/wp-json\/wp\/v2\/users\/6132"}],"replies":[{"embeddable":true,"href":"https:\/\/blog.univ-angers.fr\/fondsspe\/wp-json\/wp\/v2\/comments?post=2"}],"version-history":[{"count":2,"href":"https:\/\/blog.univ-angers.fr\/fondsspe\/wp-json\/wp\/v2\/pages\/2\/revisions"}],"predecessor-version":[{"id":283,"href":"https:\/\/blog.univ-angers.fr\/fondsspe\/wp-json\/wp\/v2\/pages\/2\/revisions\/283"}],"wp:attachment":[{"href":"https:\/\/blog.univ-angers.fr\/fondsspe\/wp-json\/wp\/v2\/media?parent=2"}],"curies":[{"name":"wp","href":"https:\/\/api.w.org\/{rel}","templated":true}]}}