{"id":37,"date":"2017-01-16T10:54:13","date_gmt":"2017-01-16T09:54:13","guid":{"rendered":"https:\/\/blog.univ-angers.fr\/dictionnairefeministes\/?page_id=37"},"modified":"2017-01-30T11:14:12","modified_gmt":"2017-01-30T10:14:12","slug":"biographies","status":"publish","type":"page","link":"https:\/\/blog.univ-angers.fr\/dictionnairefeministes\/biographies\/","title":{"rendered":"Christine Bard et Sylvie Chaperon"},"content":{"rendered":"<blockquote><p><strong>Christine BARD<\/strong><\/p><\/blockquote>\n<div id=\"attachment_112\" style=\"width: 231px\" class=\"wp-caption alignleft\"><a href=\"https:\/\/blog.univ-angers.fr\/dictionnairefeministes\/files\/2017\/01\/DSC4433-copie2.jpg\"><img loading=\"lazy\" decoding=\"async\" aria-describedby=\"caption-attachment-112\" src=\"https:\/\/blog.univ-angers.fr\/dictionnairefeministes\/files\/2017\/01\/DSC4433-copie2-221x300.jpg\" alt=\"Photographie de Christine Bard, \u00a9Laurence Prat\" width=\"221\" height=\"300\" class=\"size-medium wp-image-112\" srcset=\"https:\/\/blog.univ-angers.fr\/dictionnairefeministes\/files\/2017\/01\/DSC4433-copie2-221x300.jpg 221w, https:\/\/blog.univ-angers.fr\/dictionnairefeministes\/files\/2017\/01\/DSC4433-copie2-755x1024.jpg 755w, https:\/\/blog.univ-angers.fr\/dictionnairefeministes\/files\/2017\/01\/DSC4433-copie2.jpg 1417w\" sizes=\"auto, (max-width: 221px) 100vw, 221px\" \/><\/a><p id=\"caption-attachment-112\" class=\"wp-caption-text\">Photographie de Christine Bard, \u00a9Laurence Prat<\/p><\/div>\n<p align=\"justify\">Christine Bard est professeure des universit\u00e9s en histoire contemporaine \u00e0 l\u2019universit\u00e9 d\u2019Angers, membre du Centre de recherches historiques de l\u2019Ouest (CERHIO) et de l\u2019Institut Universitaire de France. Sp\u00e9cialiste de l\u2019histoire des femmes, du genre et du f\u00e9minisme en France, elle pr\u00e9side l\u2019association Archives du f\u00e9minisme, qu\u2019elle a cr\u00e9\u00e9e en 2000, et anime le mus\u00e9e virtuel MUSEA. Depuis 2014, elle pilote le programme Genre et discriminations sexistes et homophobes (GEDI), un programme interdisciplinaire et interuniversitaire port\u00e9 par l\u2019Universit\u00e9 d\u2019Angers et financ\u00e9 par la R\u00e9gion Pays de la Loire, comprenant 98 universitaires et doctorant.e.s fran\u00e7ais et \u00e9trangers. Elle a publi\u00e9 de nombreux ouvrages sur l\u2019histoire des femmes, du genre et du f\u00e9minisme dont sa th\u00e8se <em>Les Filles de Marianne<\/em> (Fayard, 1995) mais aussi <em>Une histoire politique du pantalon<\/em> (Seuil, 2010) et <em>Ce que soul\u00e8ve la jupe. Identit\u00e9s, transgressions, r\u00e9sistances<\/em> (Autrement, 2010).<\/p>\n<blockquote><p><strong>Sylvie CHAPERON<\/strong><\/p><\/blockquote>\n<div id=\"attachment_80\" style=\"width: 310px\" class=\"wp-caption alignright\"><a href=\"https:\/\/blog.univ-angers.fr\/dictionnairefeministes\/files\/2017\/01\/sylvie1.jpg\"><img loading=\"lazy\" decoding=\"async\" aria-describedby=\"caption-attachment-80\" src=\"https:\/\/blog.univ-angers.fr\/dictionnairefeministes\/files\/2017\/01\/sylvie1-300x225.jpg\" alt=\"Sylvie Chaperon\" width=\"300\" height=\"225\" class=\"size-medium wp-image-80\" srcset=\"https:\/\/blog.univ-angers.fr\/dictionnairefeministes\/files\/2017\/01\/sylvie1-300x225.jpg 300w, https:\/\/blog.univ-angers.fr\/dictionnairefeministes\/files\/2017\/01\/sylvie1-1024x768.jpg 1024w, https:\/\/blog.univ-angers.fr\/dictionnairefeministes\/files\/2017\/01\/sylvie1-400x300.jpg 400w, https:\/\/blog.univ-angers.fr\/dictionnairefeministes\/files\/2017\/01\/sylvie1.jpg 1632w\" sizes=\"auto, (max-width: 300px) 100vw, 300px\" \/><\/a><p id=\"caption-attachment-80\" class=\"wp-caption-text\">Sylvie Chaperon<\/p><\/div>\n<p align=\"justify\">Sylvie Chaperon est professeure d\u2019histoire contemporaine du genre \u00e0 l\u2019universit\u00e9 de Toulouse Jean Jaur\u00e8s. Autrice d&rsquo;une th\u00e8se portant sur le \u00ab Creux de la vague \u00bb, p\u00e9riode de reflux, de recomposition et de red\u00e9finition des mouvements de femmes entre 1945 \u00e0 1970, elle s\u2019est par la suite orient\u00e9e vers l\u2019histoire de la sexualit\u00e9 et plus pr\u00e9cis\u00e9ment la constitution de la sexologie, science qui pr\u00e9tend connaitre rationnellement la sexualit\u00e9 et la diff\u00e9rence des sexes. Elle a contribu\u00e9 \u00e0 cr\u00e9er l\u2019axe genre de FRAMESPA (UMR 5136) \u00e0 l&rsquo;universit\u00e9 de Toulouse, ainsi que le r\u00e9seau interuniversitaire et interdisciplinaire en \u00e9tudes de genre Arpege. Elle a organis\u00e9 de nombreux colloques, dont \u00ab Le cinquantenaire du Deuxi\u00e8me sexe \u00bb (en 1999 avec C. Delphy) et \u00ab Femmes, f\u00e9minismes et recherches, 30 ans apr\u00e8s \u00bb (2012). Elle a publi\u00e9 plusieurs ouvrages dont deux collectifs, huit num\u00e9ros sp\u00e9ciaux de revues et une centaine d\u2019articles ou contributions \u00e0 des ouvrages collectifs.<\/p>\n<!-- AddThis Advanced Settings generic via filter on the_content --><!-- AddThis Share Buttons generic via filter on the_content -->","protected":false},"excerpt":{"rendered":"<p>Christine BARD Christine Bard est professeure des universit\u00e9s en histoire contemporaine \u00e0 l\u2019universit\u00e9 d\u2019Angers, membre du Centre de recherches historiques de l\u2019Ouest (CERHIO) et de l\u2019Institut Universitaire de France. Sp\u00e9cialiste de l\u2019histoire des femmes, du genre et du f\u00e9minisme en &hellip; <a href=\"https:\/\/blog.univ-angers.fr\/dictionnairefeministes\/biographies\/\">Continuer la lecture <span class=\"meta-nav\">&rarr;<\/span><\/a><!-- AddThis Advanced Settings generic via filter on get_the_excerpt --><!-- AddThis Share Buttons generic via filter on get_the_excerpt --><\/p>\n","protected":false},"author":12310,"featured_media":0,"parent":0,"menu_order":0,"comment_status":"open","ping_status":"open","template":"","meta":{"footnotes":""},"class_list":["post-37","page","type-page","status-publish","hentry"],"_links":{"self":[{"href":"https:\/\/blog.univ-angers.fr\/dictionnairefeministes\/wp-json\/wp\/v2\/pages\/37","targetHints":{"allow":["GET"]}}],"collection":[{"href":"https:\/\/blog.univ-angers.fr\/dictionnairefeministes\/wp-json\/wp\/v2\/pages"}],"about":[{"href":"https:\/\/blog.univ-angers.fr\/dictionnairefeministes\/wp-json\/wp\/v2\/types\/page"}],"author":[{"embeddable":true,"href":"https:\/\/blog.univ-angers.fr\/dictionnairefeministes\/wp-json\/wp\/v2\/users\/12310"}],"replies":[{"embeddable":true,"href":"https:\/\/blog.univ-angers.fr\/dictionnairefeministes\/wp-json\/wp\/v2\/comments?post=37"}],"version-history":[{"count":1,"href":"https:\/\/blog.univ-angers.fr\/dictionnairefeministes\/wp-json\/wp\/v2\/pages\/37\/revisions"}],"predecessor-version":[{"id":79,"href":"https:\/\/blog.univ-angers.fr\/dictionnairefeministes\/wp-json\/wp\/v2\/pages\/37\/revisions\/79"}],"wp:attachment":[{"href":"https:\/\/blog.univ-angers.fr\/dictionnairefeministes\/wp-json\/wp\/v2\/media?parent=37"}],"curies":[{"name":"wp","href":"https:\/\/api.w.org\/{rel}","templated":true}]}}