{"id":17,"date":"2021-01-04T12:19:38","date_gmt":"2021-01-04T11:19:38","guid":{"rendered":"https:\/\/blog.univ-angers.fr\/christinebard\/?page_id=17"},"modified":"2023-05-14T08:37:37","modified_gmt":"2023-05-14T07:37:37","slug":"enseignement","status":"publish","type":"page","link":"https:\/\/blog.univ-angers.fr\/christinebard\/enseignement\/","title":{"rendered":"Enseignement"},"content":{"rendered":"<p><strong>Activit\u00e9 d\u2019enseignement de 2015 \u00e0 2020<\/strong><\/p>\n<p><strong>Niveau Licence<\/strong><br \/>\nCours et TD L3 Histoire contemporaine sur \u00ab l\u2019histoire du corps \u00bb.<br \/>\n[UEL pour L1 et L2 : 2011-2018 : une UEL sur \u00ab La r\u00e9volution sexuelle des ann\u00e9es 1970 \u00bb.<br \/>\nUECG pour L1 : 2013-2017 : un enseignement d\u2019\u00ab Initiation \u00e0 la science politique \u00bb]<\/p>\n<p><strong>Niveau Master Histoire<\/strong><br \/>\nCours \u00ab Histoire et m\u00e9moire \u00bb (24 h)<br \/>\nCours \u00ab Analyse du discours \u00bb (24 h)<br \/>\nS\u00e9minaire destin\u00e9 aux \u00e9tudiants travaillant sous ma direction en Master 1 et en Master 2.<br \/>\nNiveau Master Etudes sur le genre<br \/>\nCours de l\u2019UE 6 Corps parures et parades (11 heures CM et 11 heures TD)<br \/>\nCours de l\u2019UE 1 F\u00e9minismes, citoyennet\u00e9 et engagements (6 heures CM et 6 heures TD)<br \/>\nTD Atelier m\u00e9thodologique (3 h).<\/p>\n<p><strong>Niveau doctorat<\/strong><br \/>\nParticipation aux journ\u00e9es d\u2019\u00e9tudes des doctorants de mon universit\u00e9.<br \/>\nPilotage de l\u2019universit\u00e9 d\u2019\u00e9t\u00e9 de GEDI pluridisciplinaire en juin 2016 au Croisic (44) avec 20 doctorant.e.s et un encadrement franco-qu\u00e9b\u00e9cois.<br \/>\nInterventions en 2015 \u00e0 l\u2019universit\u00e9 d\u2019\u00e9t\u00e9 en sciences sociales \u00ab Faire de la recherche sur le genre \u00bb, du R\u00e9Doc (R\u00e9seau international d\u2019\u00c9coles doctorales de l\u2019aislf), \u00e0 l\u2019UBO (Brest)<br \/>\nInterventions en 2018 \u00e0 l\u2019UNIL (Lausanne) \u00e0 une \u00e9cole d\u2019\u00e9t\u00e9 en \u00e9tudes genre (UNIL et ULB).<\/p>\n<p><strong>International (enseignement)<\/strong><br \/>\nInvitation en 2018 pour 7 semaines \u00e0 l\u2019Institute for French Studies de NYU pour donner deux s\u00e9minaires hebdomadaires ainsi que des conf\u00e9rences.<br \/>\nInvitation en 2018 pour 1 semaine \u00e0 l\u2019ULB (Bruxelles) et cours \u00e0 l\u2019UCL (Louvain).<\/p>\n<!-- AddThis Advanced Settings generic via filter on the_content --><!-- AddThis Share Buttons generic via filter on the_content -->","protected":false},"excerpt":{"rendered":"<p>Activit\u00e9 d\u2019enseignement de 2015 \u00e0 2020 Niveau Licence Cours et TD L3 Histoire contemporaine sur \u00ab l\u2019histoire du corps \u00bb. [UEL pour L1 et L2 : 2011-2018 : une UEL sur \u00ab La r\u00e9volution sexuelle des ann\u00e9es 1970 \u00bb. UECG &hellip; <a href=\"https:\/\/blog.univ-angers.fr\/christinebard\/enseignement\/\">Continuer la lecture <span class=\"meta-nav\">&rarr;<\/span><\/a><!-- AddThis Advanced Settings generic via filter on get_the_excerpt --><!-- AddThis Share Buttons generic via filter on get_the_excerpt --><\/p>\n","protected":false},"author":3490,"featured_media":0,"parent":0,"menu_order":3,"comment_status":"closed","ping_status":"closed","template":"","meta":{"footnotes":""},"class_list":["post-17","page","type-page","status-publish","hentry"],"_links":{"self":[{"href":"https:\/\/blog.univ-angers.fr\/christinebard\/wp-json\/wp\/v2\/pages\/17","targetHints":{"allow":["GET"]}}],"collection":[{"href":"https:\/\/blog.univ-angers.fr\/christinebard\/wp-json\/wp\/v2\/pages"}],"about":[{"href":"https:\/\/blog.univ-angers.fr\/christinebard\/wp-json\/wp\/v2\/types\/page"}],"author":[{"embeddable":true,"href":"https:\/\/blog.univ-angers.fr\/christinebard\/wp-json\/wp\/v2\/users\/3490"}],"replies":[{"embeddable":true,"href":"https:\/\/blog.univ-angers.fr\/christinebard\/wp-json\/wp\/v2\/comments?post=17"}],"version-history":[{"count":1,"href":"https:\/\/blog.univ-angers.fr\/christinebard\/wp-json\/wp\/v2\/pages\/17\/revisions"}],"predecessor-version":[{"id":273,"href":"https:\/\/blog.univ-angers.fr\/christinebard\/wp-json\/wp\/v2\/pages\/17\/revisions\/273"}],"wp:attachment":[{"href":"https:\/\/blog.univ-angers.fr\/christinebard\/wp-json\/wp\/v2\/media?parent=17"}],"curies":[{"name":"wp","href":"https:\/\/api.w.org\/{rel}","templated":true}]}}