{"id":21,"date":"2018-10-11T13:56:24","date_gmt":"2018-10-11T12:56:24","guid":{"rendered":"https:\/\/blog.univ-angers.fr\/capacite\/?page_id=21"},"modified":"2023-09-07T15:48:23","modified_gmt":"2023-09-07T13:48:23","slug":"capacite-en-droit-universite-dangers","status":"publish","type":"page","link":"https:\/\/blog.univ-angers.fr\/capacite\/capacite-en-droit-universite-dangers\/","title":{"rendered":"Capacit\u00e9 en Droit, Universit\u00e9 d&rsquo;Angers"},"content":{"rendered":"<p>La <strong>capacit\u00e9 en droit<\/strong> est un dipl\u00f4me national d\u00e9livr\u00e9 dans le cadre d&rsquo;une formation de 2 ans propos\u00e9e par la <a title=\"Vers les pages de la Facult\u00e9 de droit, \u00e9conomie et gestion\" href=\"http:\/\/univ-angers.fr\/deg\" target=\"_blank\" rel=\"noopener\">Facult\u00e9 de droit, d&rsquo;\u00e9conomie et de gestion<\/a> de l&rsquo;<strong>Universit\u00e9 d&rsquo;Angers<\/strong>.<\/p>\n<p>Organis\u00e9e sous forme de \u00ab\u00a0formation ouverte et \u00e0 distance\u00a0\u00bb, la capacit\u00e9 en droit alterne des phases de travail en autonomie et en groupe \u00e0 distance suivies par les enseignants eux-m\u00eames \u00e0 distance, et des phases de regroupement \u00e0 l&rsquo;Universit\u00e9 d&rsquo;Angers.<\/p>\n<p>Vous trouverez d&rsquo;autres informations pratiques sur le lien suivant :<\/p>\n<p><a href=\"https:\/\/formations.univ-angers.fr\/fr\/offre-de-formation\/capacite-en-droit-CED\/droit-economie-gestion-DEG\/capacite-en-droit-cap_droit.html\">https:\/\/formations.univ-angers.fr\/fr\/offre-de-formation\/capacite-en-droit-CED\/droit-economie-gestion-DEG\/capacite-en-droit-cap_droit.html<\/a><\/p>\n<p><a title=\"Vers la pr\u00e9sentation de la capacit\u00e9 sur le site portail\" href=\"http:\/\/formations.univ-angers.fr\/fr\/offre-de-formation\/capacite-en-droit-CED\/droit-economie-gestion-02\/capacite-en-droit-program-capacite-en-droit-a-distance.html\"><span style=\"color: #000000\">page formation d\u00e9di\u00e9e \u00e0 la capacit\u00e9 en droit<\/span><\/a> sur <a href=\"http:\/\/univ-angers.fr\" target=\"_blank\" rel=\"noopener\">le site portail de l&rsquo;Universit\u00e9<\/a>.<\/p>\n","protected":false},"excerpt":{"rendered":"<p>La capacit\u00e9 en droit est un dipl\u00f4me national d\u00e9livr\u00e9 dans le cadre d&rsquo;une formation de 2 ans propos\u00e9e par la Facult\u00e9 de droit, d&rsquo;\u00e9conomie et de gestion de l&rsquo;Universit\u00e9 d&rsquo;Angers. Organis\u00e9e sous forme de \u00ab\u00a0formation ouverte et \u00e0 distance\u00a0\u00bb, la &hellip; <a href=\"https:\/\/blog.univ-angers.fr\/capacite\/capacite-en-droit-universite-dangers\/\">Continuer la lecture <span class=\"meta-nav\">&rarr;<\/span><\/a><\/p>\n","protected":false},"author":1065,"featured_media":0,"parent":0,"menu_order":0,"comment_status":"open","ping_status":"open","template":"","meta":{"footnotes":""},"class_list":["post-21","page","type-page","status-publish","hentry"],"_links":{"self":[{"href":"https:\/\/blog.univ-angers.fr\/capacite\/wp-json\/wp\/v2\/pages\/21","targetHints":{"allow":["GET"]}}],"collection":[{"href":"https:\/\/blog.univ-angers.fr\/capacite\/wp-json\/wp\/v2\/pages"}],"about":[{"href":"https:\/\/blog.univ-angers.fr\/capacite\/wp-json\/wp\/v2\/types\/page"}],"author":[{"embeddable":true,"href":"https:\/\/blog.univ-angers.fr\/capacite\/wp-json\/wp\/v2\/users\/1065"}],"replies":[{"embeddable":true,"href":"https:\/\/blog.univ-angers.fr\/capacite\/wp-json\/wp\/v2\/comments?post=21"}],"version-history":[{"count":3,"href":"https:\/\/blog.univ-angers.fr\/capacite\/wp-json\/wp\/v2\/pages\/21\/revisions"}],"predecessor-version":[{"id":477,"href":"https:\/\/blog.univ-angers.fr\/capacite\/wp-json\/wp\/v2\/pages\/21\/revisions\/477"}],"wp:attachment":[{"href":"https:\/\/blog.univ-angers.fr\/capacite\/wp-json\/wp\/v2\/media?parent=21"}],"curies":[{"name":"wp","href":"https:\/\/api.w.org\/{rel}","templated":true}]}}

Capacité en Droit, Université d&rsquo;Angers

<p>La <strong>capacité en droit</strong> est un diplôme national délivré dans le cadre d&rsquo;une formation de 2 ans proposée par la <a title="Vers les pages de la Faculté de droit, économie et gestion" href="http://univ-angers.fr/deg" target="_blank" rel="noopener">Faculté de droit, d&rsquo;économie et de gestion</a> de l&rsquo;<strong>Université d&rsquo;Angers</strong>.</p>
<p>Organisée sous forme de « formation ouverte et à distance », la capacité en droit alterne des phases de travail en autonomie et en groupe à distance suivies par les enseignants eux-mêmes à distance, et des phases de regroupement à l&rsquo;Université d&rsquo;Angers.</p>
<p>Vous trouverez d&rsquo;autres informations pratiques sur le lien suivant :</p>
<p><a href="https://formations.univ-angers.fr/fr/offre-de-formation/capacite-en-droit-CED/droit-economie-gestion-DEG/capacite-en-droit-cap_droit.html">https://formations.univ-angers.fr/fr/offre-de-formation/capacite-en-droit-CED/droit-economie-gestion-DEG/capacite-en-droit-cap_droit.html</a></p>
<p><a title="Vers la présentation de la capacité sur le site portail" href="http://formations.univ-angers.fr/fr/offre-de-formation/capacite-en-droit-CED/droit-economie-gestion-02/capacite-en-droit-program-capacite-en-droit-a-distance.html"><span style="color: #000000">page formation dédiée à la capacité en droit</span></a> sur <a href="http://univ-angers.fr" target="_blank" rel="noopener">le site portail de l&rsquo;Université</a>.</p>

<p>La capacité en droit est un diplôme national délivré dans le cadre d&rsquo;une formation de 2 ans proposée par la Faculté de droit, d&rsquo;économie et de gestion de l&rsquo;Université d&rsquo;Angers. Organisée sous forme de « formation ouverte et à distance », la &hellip; <a href="https://blog.univ-angers.fr/capacite/capacite-en-droit-universite-dangers/">Continuer la lecture <span class="meta-nav">&rarr;</span></a></p>
