{"id":193,"date":"2019-08-26T13:42:59","date_gmt":"2019-08-26T11:42:59","guid":{"rendered":"https:\/\/blog.univ-angers.fr\/capacite\/?page_id=193"},"modified":"2019-08-26T13:42:55","modified_gmt":"2019-08-26T11:42:55","slug":"resumes-des-cours","status":"publish","type":"page","link":"https:\/\/blog.univ-angers.fr\/capacite\/resumes-des-cours\/","title":{"rendered":"R\u00e9sum\u00e9s des cours"},"content":{"rendered":"<h6><strong><span style=\"color: #0000ff\">CAPACIT\u00c9 EN DROIT 1\u00e8re ann\u00e9e<\/span><\/strong><\/h6>\n<h3><strong><span style=\"color: #ff6600\"><span style=\"text-decoration: underline\">Unit\u00e9 1 : Droit civil<\/span><\/span><\/strong><\/h3>\n<h3><strong><span style=\"color: #008000\">Introduction \u00e0 l&rsquo;\u00e9tude du droit priv\u00e9<\/span><\/strong><\/h3>\n<h4 style=\"padding-left: 30px\"><strong><span style=\"color: #000000\">C\u00e9cile Bonneman<\/span><\/strong><\/h4>\n<h4 style=\"padding-left: 30px\"><em>Avocat au Barreau d&rsquo;Angers<\/em><\/h4>\n<p>&nbsp;<\/p>\n<p>Le cours d\u2019introduction au droit cherche \u00e0 d\u00e9finir la notion de Droit, \u00e0 pr\u00e9senter les sources cr\u00e9atrices de Droit, et \u00e0 analyser la mise en pratique des r\u00e8gles de Droit.<\/p>\n<p>Ce cours d\u2019introduction au droit est divis\u00e9 en trois parties :<\/p>\n<p><strong>1\/ La notion de Droit<\/strong> <em>(distinction droit et autres normes, distinction fait et droit, caract\u00e8res de la r\u00e8gle de droit, branches du droit)<\/em><\/p>\n<p><strong>2\/ Les sources du Droit<\/strong> <em>(droit \u00e9crit : bloc constitutionnel, sources internationales, lois, r\u00e8glements ; sources pratiques du droit : jurisprudence, usages, conventions ; doctrine)<\/em><\/p>\n<p><strong>3\/ La r\u00e9alisation du Droit<\/strong> <em>(organisation juridictionnelle ; droit d&rsquo;agir : int\u00e9r\u00eat, qualit\u00e9, capacit\u00e9, pouvoir ; preuve des droits)<\/em><\/p>\n<h3><strong><span style=\"color: #008000\">La personne, ses droits et ses obligations<\/span><\/strong><\/h3>\n<h4 style=\"padding-left: 30px\"><strong>Antoine B\u00e9guin<\/strong><\/h4>\n<h4 style=\"padding-left: 30px\"><em>Ma\u00eetre de conf\u00e9rences en droit priv\u00e9<\/em><\/h4>\n<p>&nbsp;<\/p>\n<p>Le cours est subdivis\u00e9 en trois parties :<\/p>\n<p><strong>1\u00e8re partie<\/strong> : Les personnes<\/p>\n<p>&#8211; La personnalit\u00e9 juridique (personne physique et morale) ;<\/p>\n<p>&#8211; Le couple (dans le mariage et hors mariage) ;<\/p>\n<p>&#8211; L&rsquo;enfant (procr\u00e9ation charnelle et par adoption).<\/p>\n<p><strong>2\u00e8me partie<\/strong> : Les obligations<\/p>\n<p>&#8211; Introduction au droit des obligations ;<\/p>\n<p>&#8211; Le contrat (diversit\u00e9 du contrat quant \u00e0 la forme, le type, l\u2019objet et la dur\u00e9e) ;<\/p>\n<p>&#8211; Les conditions de formation du contrat (consentement, capacit\u00e9 et contenu) ;<\/p>\n<p>&#8211; Les nullit\u00e9s (nullit\u00e9 relative et absolue, les effets) ;<\/p>\n<p>&#8211; Le contenu (principe et limites \u00e0 la libert\u00e9 contractuelle) ;<\/p>\n<p>&#8211; Force obligatoire du contrat ;<\/p>\n<p>&#8211; Les sanctions communes de l\u2019inex\u00e9cution du contrat (d\u00e9faut d\u2019ex\u00e9cution, ex\u00e9cution forc\u00e9e, r\u00e9duction du prix) ;<\/p>\n<p>&#8211; Les sanctions propres aux contrats synallagmatiques (l\u2019exception d\u2019inex\u00e9cution et la r\u00e9solution) ;<\/p>\n<p>&#8211; La responsabilit\u00e9 d\u00e9lictuelle (les diff\u00e9rents r\u00e9gimes et les conditions de mise en \u0153uvre).<\/p>\n<p><strong>3\u00e8me partie<\/strong> : Les biens<\/p>\n<p>&#8211; Les droits r\u00e9els (distinction entre droit r\u00e9el et droit personnel) ;<\/p>\n<p>&#8211; Les diff\u00e9rentes sortes de biens (les immeubles et les meubles) ;<\/p>\n<p>&#8211; Le droit de propri\u00e9t\u00e9 (les pr\u00e9rogatives du propri\u00e9taire, l\u2019acquisition et la conservation de la propri\u00e9t\u00e9).<\/p>\n<h3><strong><span style=\"text-decoration: underline;color: #ff6600\">Unit\u00e9 2 : Droit commercial<\/span><\/strong><\/h3>\n<h3><strong><span style=\"color: #339966\">Droit commercial g\u00e9n\u00e9ral<\/span><br \/>\n<\/strong><\/h3>\n<h4 style=\"padding-left: 30px\"><strong>Sophie LAMBERT-WIBER<\/strong><\/h4>\n<h4 style=\"padding-left: 30px\"><i>Ma\u00eetre de conf\u00e9rences en droit priv\u00e9, HDR<\/i><\/h4>\n<p>&nbsp;<\/p>\n<h4>Le droit commercial est traditionnellement d\u00e9fini comme l\u2019ensemble des r\u00e8gles de droit priv\u00e9 applicables aux commer\u00e7ants et aux actes juridiques qu\u2019ils r\u00e9alisent pour les besoins de leur activit\u00e9 commerciale. Ces actes sont d\u00e9sign\u00e9s sous le terme d\u2019actes de commerce.<\/h4>\n<p>Classiquement, ce cours de droit commercial est divis\u00e9 en quatre parties :<\/p>\n<p><strong>1\/ L\u2019introduction au droit commercial<\/strong> <i>(Historique de la mati\u00e8re, sources du droit commercial)<\/i><\/p>\n<p><strong>2\/ Les actes de commerce<\/strong> <i>(D\u00e9finition et r\u00e9gime juridique)<\/i><\/p>\n<p><strong>3\/ Les commer\u00e7ant<\/strong>s <i>(D\u00e9finition des commer\u00e7ants et autres professionnels, obligations professionnelles)<\/i><\/p>\n<p><strong>4\/ Le patrimoine du commer\u00e7ant<\/strong> <i>(Le patrimoine du commer\u00e7ant, le fonds de commerce et sa cession).<\/i><\/p>\n<h3><strong><span style=\"color: #008000\">Droit des soci\u00e9t\u00e9s commerciales<\/span><\/strong><\/h3>\n<h4 style=\"padding-left: 30px\"><strong>Antoine B\u00e9guin<br \/>\n<\/strong><\/h4>\n<h6 style=\"padding-left: 30px\"><em>Ma\u00eetre de conf\u00e9rences en droit priv\u00e9<\/em><\/h6>\n<p>&nbsp;<\/p>\n<h1>I &#8211; Le droit commun des soci\u00e9t\u00e9s<\/h1>\n<p>a. Le contrat<\/p>\n<p>b. Les formalit\u00e9s<\/p>\n<p>c. les sanctions des r\u00e8gles de constitution<\/p>\n<p>d. La personnalit\u00e9 morale<\/p>\n<h1>II &#8211; La vie de la soci\u00e9t\u00e9<\/h1>\n<p>a. Les principes de fonctionnement<\/p>\n<p>b. Les difficult\u00e9s de fonctionnement<\/p>\n<p>c. La disparition de la soci\u00e9t\u00e9<\/p>\n<h1>III &#8211; Droit sp\u00e9cial des soci\u00e9t\u00e9s<\/h1>\n<p>a. Les soci\u00e9t\u00e9s de personne<\/p>\n<p>b. Les soci\u00e9t\u00e9s par action<\/p>\n<h1>VI &#8211; La soci\u00e9t\u00e9 \u00e0 responsabilit\u00e9 limit\u00e9e<\/h1>\n<p>&nbsp;<\/p>\n<p><span style=\"text-decoration: underline;color: #ff6600\"><strong>Unit\u00e9 3 : Droit public<\/strong><\/span><\/p>\n<h3><strong><span style=\"color: #008000\">Droit constitutionnel<\/span><br \/>\n<\/strong><\/h3>\n<h4 style=\"padding-left: 30px\"><strong>Pierre Brossard<\/strong><\/h4>\n<h4 style=\"padding-left: 30px\"><em>Ma\u00eetre de conf\u00e9rences en droit public<\/em><\/h4>\n<p>&nbsp;<\/p>\n<p>Le Droit constitutionnel est constitu\u00e9 de l\u2019ensemble des r\u00e8gles juridiques de base concernant l\u2019organisation des Etats.<\/p>\n<p>Le cours se divise en deux grandes parties.<\/p>\n<p><strong>1\u00e8re Partie<\/strong> &#8211; La premi\u00e8re partie traite de la notion juridique d\u2019Etat. Y sont \u00e9tudi\u00e9s les \u00e9l\u00e9ments constitutifs de l\u2019Etat (chapitre I), ce qu\u2019est la souverrainet\u00e9 (chapitre II), les modes d\u2019organisations politique et administrative des Etats (chapitre III) et les ph\u00e9nom\u00e8nes entrainant soit l\u2019apparition soit la disparition des Etats (chapitre IV).<\/p>\n<p><strong>2\u00e8me Partie<\/strong> &#8211; La deuxi\u00e8me partie \u00e0 pour objet l\u2019\u00e9tude d\u2019un r\u00e9gime constitutionnel particulier \u00e0 savoir celui de la France sous la V\u00e8me r\u00e9publique. Apr\u00e8s une pr\u00e9sentation g\u00e9n\u00e9rale de la Constitution actuelle (chapitre I), seront successivement \u00e9tudi\u00e9s le pouvoir ex\u00e9cutif (chapitre II), le pouvoir l\u00e9gislatif (chapitre III) et enfin le r\u00f4le du Conseil constitutionnel (chap\u00eetre IV).<\/p>\n<h3><strong><span style=\"color: #008000\">Droit administratif<\/span><br \/>\n<\/strong><\/h3>\n<h4 style=\"padding-left: 30px\"><strong>Pierre Brossard<\/strong><\/h4>\n<h4 style=\"padding-left: 30px\"><em>Ma\u00eetre de conf\u00e9rences en droit public<\/em><\/h4>\n<p>&nbsp;<\/p>\n<p>Le droit administratif est compos\u00e9 de l\u2019ensemble des r\u00e8gles juridiques applicables \u00e0 l\u2019administration dans ses diff\u00e9rentes composantes (Etat, collectivit\u00e9s territoriales, \u00e9tablissements publics\u2026) et dans ses rapports avec les individus pris en tant qu\u2019administr\u00e9s. Ces r\u00e8gles de droit administratifs sont ind\u00e9pendantes et autonomes par rapport au droit priv\u00e9.<\/p>\n<p>Pour appr\u00e9hender l\u2019ensemble de cette mati\u00e8re, le cours se subdivise en deux parties.<\/p>\n<p><strong>1\u00e8re Partie<\/strong> &#8211; La premi\u00e8re est consacr\u00e9e \u00e0 \u00ab l\u2019organisation administrative de la France \u00bb. Apr\u00e8s une pr\u00e9sentation g\u00e9n\u00e9rale des grands principes applicables en mati\u00e8re d\u2019organisation administrative (chapitre I), seront \u00e9tudi\u00e9es les diff\u00e9rentes personnes publiques administratives charg\u00e9es d\u2019appliquer et de faire respecter le droit administratif \u00e0 savoir l\u2019administration d\u2019Etat (chapitre II), les diff\u00e9rentes collectivit\u00e9s territoriales (chapitre III) et les \u00e9tablissements publics (chapitre IV).<\/p>\n<p><strong>2\u00e8me Partie<\/strong> &#8211; Une fois le cadre institutionnel pr\u00e9sent\u00e9, il sera temps d\u2019\u00e9tudier dans une seconde partie \u00ab les activit\u00e9s administratives \u00bb. Les actes administratifs doivent respecter le principe de l\u00e9galit\u00e9 (chapitre I). L\u2019activit\u00e9 administrative implique que l\u2019administration prenne des actes qui seront soit unilat\u00e9raux soit des contrats (chapitres II et III). Cette activit\u00e9 administrative peut g\u00e9n\u00e9rer du contentieux qui, pour l\u2019essentiel est confi\u00e9 \u00e0 un ordre juridictionnel sp\u00e9cifique (chapitre IV).<\/p>\n<h6><span style=\"color: #0000ff\"><strong>CAPACIT\u00c9 EN DROIT 2\u00e8me ann\u00e9e<\/strong><\/span><\/h6>\n<h3><span style=\"text-decoration: underline;color: #ff6600\"><strong>Unit\u00e9 1 : Droit p\u00e9nal et proc\u00e9dure p\u00e9nale &#8211; Economie politique<\/strong><\/span><\/h3>\n<h3><span style=\"color: #008000\"><strong>Droit p\u00e9nal et proc\u00e9dure p\u00e9nale<\/strong><\/span><\/h3>\n<h4 style=\"padding-left: 30px\"><strong>Thierry Phelippeau<\/strong><\/h4>\n<h4 style=\"padding-left: 30px\"><em>Magistrat <\/em><em>Cour d\u2019appel de POITIERS<\/em><\/h4>\n<p>&nbsp;<\/p>\n<p>Le droit p\u00e9nal et la proc\u00e9dure p\u00e9nale d\u00e9finissent les r\u00e8gles juridiques et les principes organisant la r\u00e9action de la soci\u00e9t\u00e9 face au ph\u00e9nom\u00e8ne criminel.<br \/>\nLe droit p\u00e9nal<br \/>\nIl a pour objet de d\u00e9finir les comportements incrimin\u00e9s, actions ou omissions (les infractions) et d\u2019\u00e9noncer les peines qui y sont attach\u00e9es. Il r\u00e9git \u00e9galement les conditions de responsabilit\u00e9 tenant aux personnes (l\u2019auteur). Ce sont les trois parties du cours.<br \/>\nLa proc\u00e9dure p\u00e9nale<br \/>\nC\u2019est l\u2019\u00e9tude du proc\u00e8s p\u00e9nal qui permet la mise en \u0153uvre de la r\u00e9action sociale pr\u00e9vue par le droit p\u00e9nal (et accessoirement l\u2019indemnisation de la victime de l\u2019infraction). Le cours est divis\u00e9 en trois parties :<\/p>\n<p>&#8211; l\u2019objet du proc\u00e8s p\u00e9nal (action publique, action civile)<br \/>\n&#8211; les organes du proc\u00e8s p\u00e9nal (police judiciaire, organes judiciaires)<br \/>\n&#8211; le d\u00e9roulement du proc\u00e8s p\u00e9nal (de la constatation de l\u2019infraction au jugement)<\/p>\n<h3><strong><span style=\"color: #008000\">\u00c9conomie politique<\/span><br \/>\n<\/strong><\/h3>\n<h4 style=\"padding-left: 30px\"><strong>Margaux Laviron<br \/>\n<\/strong><\/h4>\n<h4 style=\"padding-left: 30px\"><em>Doctorante en \u00e9conomie au GRANEM<\/em><\/h4>\n<p>&nbsp;<\/p>\n<p>L\u2019\u00e9conomie politique est une discipline macro\u00e9conomique (= qui vise \u00e0 comprendre les grands principes qui r\u00e9gissent l\u2019\u00e9conomie g\u00e9n\u00e9rale, comme par exemple la cause du ch\u00f4mage ou encore de l\u2019inflation). Dans un sens moderne, l\u2019\u00e9conomie politique peut s\u2019entendre comme \u00e9tant<strong> l\u2019\u00e9conomie de la cit\u00e9<\/strong> par opposition \u00e0 l\u2019\u00e9conomie domestique.<\/p>\n<p>Politique signifie <i>politeia<\/i> en grec, qui veut dire gouvernement de la cit\u00e9.<\/p>\n<p>L\u2019\u00e9conomie politique rev\u00eat une dimension de <span style=\"text-decoration: underline\"><span style=\"color: #000000;text-decoration: underline\">r\u00e9gulation sociale<\/span><\/span> et <span style=\"text-decoration: underline\">politique<\/span>, ce sont finalement les actions des gouvernements dans le cadre des politiques publiques et sociales. Elle renvoie \u00e0 la complexit\u00e9 du monde social. Puisque l\u2019\u00e9conomie politique ne peut se d\u00e9tacher des acteurs qui la composent : les Hommes.<\/p>\n<p>L\u2019\u00e9conomie politique est une discipline qui rev\u00eat un nombre important de cadres d\u2019analyse. Il s\u2019agit d\u2019apprendre les concepts de base, essentiels \u00e0 une meilleure compr\u00e9hension et critique de notre soci\u00e9t\u00e9 actuelle. A titre d\u2019exemple, le cours abordera les notions de croissance, de ch\u00f4mage, d\u2019emploi, d\u2019\u00e9conomie de march\u00e9 ou encore le syst\u00e8me d\u2019imposition en France.<\/p>\n<h3><span style=\"text-decoration: underline;color: #ff6600\"><strong>Unit\u00e9 2 : Proc\u00e9dure civile &#8211; Droit administratif<\/strong><\/span><\/h3>\n<h3><span style=\"color: #008000\"><strong>\u00a0Proc\u00e9dure civile<\/strong><\/span><\/h3>\n<h4 style=\"padding-left: 30px\"><strong>C\u00e9cile Bonneman<\/strong><\/h4>\n<h4 style=\"padding-left: 30px\"><em>Avocat au Barreau d\u2019Angers <\/em><br \/>\n<em><\/em><\/h4>\n<p>&nbsp;<\/p>\n<p>Le cours de proc\u00e9dure civile cherche \u00e0 d\u00e9finir le contour de la notion de proc\u00e9dure civile, il rappel les juridictions concern\u00e9es, les moyens d\u2019acc\u00e9der \u00e0 un juge ainsi que les r\u00e8gles de comp\u00e9tence des juridictions.<br \/>\nCe cours de proc\u00e9dure civile est divis\u00e9 en quatre parties :<\/p>\n<p><strong>1\/ Introduction<\/strong> (D\u00e9finition de la proc\u00e9dure civile ; Caract\u00e8res de la proc\u00e9dure civile ; Sources de la proc\u00e9dure civile)<\/p>\n<p><strong>2\/ Partie pr\u00e9liminaire<\/strong> (juridictions civiles et leurs personnels)<\/p>\n<p><strong>3\/ Le droit d\u2019acc\u00e9der \u00e0 un juge<\/strong> (action en justice ; recevabilit\u00e9 et r\u00e9gularit\u00e9 de la demande ; frais de justice)<\/p>\n<p><strong>4\/ Les r\u00e8gles de comp\u00e9tence <\/strong>(comp\u00e9tence d\u2019attribution et comp\u00e9tence territoriale)<\/p>\n<h3><span style=\"color: #008000\"><strong>Droit administratif<\/strong><\/span><\/h3>\n<h4 style=\"padding-left: 30px\"><strong>Jean Fougerouse<\/strong><\/h4>\n<h4 style=\"padding-left: 30px\"><em>Ma\u00eetre de conf\u00e9rences HDR<\/em><\/h4>\n<p>&nbsp;<\/p>\n<p>Le droit administratif est l\u2019ensemble des r\u00e8gles qui encadrent l\u2019activit\u00e9 administrative. Cette activit\u00e9 est essentiellement poursuivie par des personnes publiques (Etat, collectivit\u00e9s locales, \u00e9tablissements publics\u2026). Ces r\u00e8gles sont \u00e9tudi\u00e9es selon le plan suivant :<\/p>\n<p><strong>1) l\u2019activit\u00e9 administrative<\/strong><\/p>\n<ul>\n<li>a) les actes de l\u2019administration (typologie et r\u00e9gime des actes)<\/li>\n<\/ul>\n<ul>\n<li>b) les formes de l\u2019activit\u00e9 (service public, police administrative)<\/li>\n<\/ul>\n<p><strong>2) l\u2019encadrement de l\u2019activit\u00e9 administrative<\/strong><\/p>\n<ul>\n<li>a) le principe de l\u00e9galit\u00e9 (sources, port\u00e9e)<\/li>\n<\/ul>\n<ul>\n<li>b) la responsabilit\u00e9 (faits g\u00e9n\u00e9rateurs, r\u00e9paration)<\/li>\n<\/ul>\n<h3><span style=\"text-decoration: underline;color: #ff6600\"><strong>\u00a0Unit\u00e9 3 \/ Droit priv\u00e9 notarial &#8211; Droit du travail<\/strong><\/span><\/h3>\n<h3><span style=\"color: #008000\"><strong>Droit priv\u00e9 notarial<\/strong><\/span><\/h3>\n<h4 style=\"padding-left: 30px\"><strong>Flore Gasnier<\/strong><\/h4>\n<h4 style=\"padding-left: 30px\"><em>Ma\u00eetre de Conf\u00e9rences en droit priv\u00e9<\/em><\/h4>\n<p>&nbsp;<\/p>\n<p>Le droit priv\u00e9 notarial est classiquement d\u00e9nomm\u00e9 droit patrimonial de la famille, lequel constitue donc le droit du patrimoine de celle-ci. Il se compose de deux grandes mati\u00e8res, le droit des r\u00e9gimes matrimoniaux et le droit des successions, qui forment les deux parties du cours.<br \/>\nTout d\u2019abord, le droit des r\u00e9gimes matrimoniaux consiste en l\u2019\u00e9tude des r\u00e8gles organisant les rapports patrimoniaux des \u00e9poux, \u00e0 la fois entre eux et \u00e0 l\u2019\u00e9gard des tiers. L\u2019organisation patrimoniale des personnes mari\u00e9es est mixte puisqu\u2019ils ont soumis \u00e0 un double corps de r\u00e8gles : les premi\u00e8res rel\u00e8vent d\u2019un r\u00e9gime imp\u00e9ratif qui s\u2019impose \u00e0 tous les \u00e9poux (Titre 1) et les secondes sont celles du r\u00e9gime matrimonial choisi par les \u00e9poux (communaut\u00e9 l\u00e9gale, s\u00e9paration de biens etc\u2026, Titre 2).<br \/>\nEnsuite, le droit des successions consiste en l\u2019\u00e9tude de la transmission des biens d\u2019une personne d\u00e9c\u00e9d\u00e9e \u00e0 ses h\u00e9ritiers. A cet effet, trois grandes questions sont trait\u00e9es : la d\u00e9termination des h\u00e9ritiers du d\u00e9funt (succession l\u00e9gale et succession volontaire, Titre 1), puis l\u2019administration et liquidation de la succession, et enfin le partage de cette derni\u00e8re (Titre 2).<\/p>\n<h3><span style=\"color: #008000\"><strong>Droit du travail<\/strong><\/span><\/h3>\n<h4 style=\"padding-left: 30px\"><strong>Christine Blondel-Angebault<br \/>\n<\/strong><\/h4>\n<h4 style=\"padding-left: 30px\"><em>Responsable du secteur proc\u00e9dure civile pour Juris-Data (LexisNexis)<\/em><br \/>\n<em>Juge au TGI d\u2019Angers<\/em><\/h4>\n<p>&nbsp;<\/p>\n<p>Le droit du travail est l\u2019ensemble des r\u00e8gles qui r\u00e9gissent les rapports entre employeur et salari\u00e9. Ce cours pr\u00e9sente de mani\u00e8re synth\u00e9tique tant les relations individuelles que les relations collectives.<br \/>\nLa partie consacr\u00e9e aux relations individuelles traite du contrat de travail :<\/p>\n<ul>\n<li>les conditions de sa formation,<\/li>\n<\/ul>\n<ul>\n<li>les diff\u00e9rents types de contrats (CDI, CDD, \u2026),<\/li>\n<\/ul>\n<ul>\n<li>son ex\u00e9cution (Dur\u00e9e du travail, protection des salari\u00e9s, cong\u00e9s, \u2026),<\/li>\n<\/ul>\n<ul>\n<li>sa modification et sa rupture (d\u00e9mission, retraite, licenciement, rupture n\u00e9goci\u00e9e\u2026).<\/li>\n<\/ul>\n<p>La partie consacr\u00e9e aux relations collectives aborde :<\/p>\n<ul>\n<li>la repr\u00e9sentation des salari\u00e9s (comit\u00e9 d\u2019entreprise, syndicat, comit\u00e9 social et \u00e9conomique\u2026)<\/li>\n<\/ul>\n<ul>\n<li>les conflits collectifs.<\/li>\n<\/ul>\n<p>De nombreux exemples jurisprudentiels illustrent le propos.<\/p>\n","protected":false},"excerpt":{"rendered":"<p>CAPACIT\u00c9 EN DROIT 1\u00e8re ann\u00e9e Unit\u00e9 1 : Droit civil Introduction \u00e0 l&rsquo;\u00e9tude du droit priv\u00e9 C\u00e9cile Bonneman Avocat au Barreau d&rsquo;Angers &nbsp; Le cours d\u2019introduction au droit cherche \u00e0 d\u00e9finir la notion de Droit, \u00e0 pr\u00e9senter les sources cr\u00e9atrices &hellip; <a href=\"https:\/\/blog.univ-angers.fr\/capacite\/resumes-des-cours\/\">Continuer la lecture <span class=\"meta-nav\">&rarr;<\/span><\/a><\/p>\n","protected":false},"author":14389,"featured_media":0,"parent":0,"menu_order":0,"comment_status":"closed","ping_status":"closed","template":"","meta":{"footnotes":""},"class_list":["post-193","page","type-page","status-publish","hentry"],"_links":{"self":[{"href":"https:\/\/blog.univ-angers.fr\/capacite\/wp-json\/wp\/v2\/pages\/193","targetHints":{"allow":["GET"]}}],"collection":[{"href":"https:\/\/blog.univ-angers.fr\/capacite\/wp-json\/wp\/v2\/pages"}],"about":[{"href":"https:\/\/blog.univ-angers.fr\/capacite\/wp-json\/wp\/v2\/types\/page"}],"author":[{"embeddable":true,"href":"https:\/\/blog.univ-angers.fr\/capacite\/wp-json\/wp\/v2\/users\/14389"}],"replies":[{"embeddable":true,"href":"https:\/\/blog.univ-angers.fr\/capacite\/wp-json\/wp\/v2\/comments?post=193"}],"version-history":[{"count":1,"href":"https:\/\/blog.univ-angers.fr\/capacite\/wp-json\/wp\/v2\/pages\/193\/revisions"}],"predecessor-version":[{"id":244,"href":"https:\/\/blog.univ-angers.fr\/capacite\/wp-json\/wp\/v2\/pages\/193\/revisions\/244"}],"wp:attachment":[{"href":"https:\/\/blog.univ-angers.fr\/capacite\/wp-json\/wp\/v2\/media?parent=193"}],"curies":[{"name":"wp","href":"https:\/\/api.w.org\/{rel}","templated":true}]}}