{"id":126,"date":"2020-08-26T15:00:25","date_gmt":"2020-08-26T13:00:25","guid":{"rendered":"https:\/\/blog.univ-angers.fr\/capacite\/?page_id=126"},"modified":"2023-09-07T15:37:47","modified_gmt":"2023-09-07T13:37:47","slug":"les-examens","status":"publish","type":"page","link":"https:\/\/blog.univ-angers.fr\/capacite\/les-examens\/","title":{"rendered":"Les examens"},"content":{"rendered":"<p style=\"text-align: justify\">Un examen a lieu \u00e0 la fin de chaque unit\u00e9 (3 unit\u00e9s dans chaque ann\u00e9e) \u2013 Environ toutes les 10 semaines.<br \/>\nL\u2019examen consiste en questions de cours en premi\u00e8re ann\u00e9e. En seconde ann\u00e9e, les enseignants peuvent proposer des cas pratiques de droit aux \u00e9tudiants.<br \/>\nQuel que soit le type d\u2019exercice choisi, vous \u00eates pr\u00e9par\u00e9 \u00e0 l\u2019examen tout au long de l\u2019ann\u00e9e et de la mise en ligne des cours concern\u00e9s.<br \/>\nL\u2019examen a lieu \u00e0 la fin de chaque unit\u00e9 et porte sur chacune des deux mati\u00e8res de l\u2019unit\u00e9 :<\/p>\n<ul>\n<li>En premi\u00e8re ann\u00e9e &#8211; en principe &#8211; 1 \u00e9crit d\u20191H30 dans chacune des deux mati\u00e8res de l\u2019unit\u00e9 ;<\/li>\n<li>En seconde ann\u00e9e &#8211; en principe &#8211; 1 \u00e9crit de 2H dans l\u2019une des deux mati\u00e8res de l\u2019unit\u00e9 et un oral dans l\u2019autre mati\u00e8re.<\/li>\n<\/ul>\n<p style=\"text-align: justify\">Les capacitaires sont re\u00e7us lorsqu\u2019ils obtiennent une moyenne g\u00e9n\u00e9rale d\u2019au moins 10\/20 : toutes les mati\u00e8res et les unit\u00e9s se compensant entre elles.<br \/>\nUn rattrapage des mati\u00e8res non valid\u00e9es a lieu au mois de septembre.<\/p>\n<p style=\"text-align: justify\">\n","protected":false},"excerpt":{"rendered":"<p>Un examen a lieu \u00e0 la fin de chaque unit\u00e9 (3 unit\u00e9s dans chaque ann\u00e9e) \u2013 Environ toutes les 10 semaines. L\u2019examen consiste en questions de cours en premi\u00e8re ann\u00e9e. En seconde ann\u00e9e, les enseignants peuvent proposer des cas pratiques &hellip; <a href=\"https:\/\/blog.univ-angers.fr\/capacite\/les-examens\/\">Continuer la lecture <span class=\"meta-nav\">&rarr;<\/span><\/a><\/p>\n","protected":false},"author":14389,"featured_media":0,"parent":0,"menu_order":0,"comment_status":"closed","ping_status":"open","template":"","meta":{"footnotes":""},"class_list":["post-126","page","type-page","status-publish","hentry"],"_links":{"self":[{"href":"https:\/\/blog.univ-angers.fr\/capacite\/wp-json\/wp\/v2\/pages\/126","targetHints":{"allow":["GET"]}}],"collection":[{"href":"https:\/\/blog.univ-angers.fr\/capacite\/wp-json\/wp\/v2\/pages"}],"about":[{"href":"https:\/\/blog.univ-angers.fr\/capacite\/wp-json\/wp\/v2\/types\/page"}],"author":[{"embeddable":true,"href":"https:\/\/blog.univ-angers.fr\/capacite\/wp-json\/wp\/v2\/users\/14389"}],"replies":[{"embeddable":true,"href":"https:\/\/blog.univ-angers.fr\/capacite\/wp-json\/wp\/v2\/comments?post=126"}],"version-history":[{"count":1,"href":"https:\/\/blog.univ-angers.fr\/capacite\/wp-json\/wp\/v2\/pages\/126\/revisions"}],"predecessor-version":[{"id":473,"href":"https:\/\/blog.univ-angers.fr\/capacite\/wp-json\/wp\/v2\/pages\/126\/revisions\/473"}],"wp:attachment":[{"href":"https:\/\/blog.univ-angers.fr\/capacite\/wp-json\/wp\/v2\/media?parent=126"}],"curies":[{"name":"wp","href":"https:\/\/api.w.org\/{rel}","templated":true}]}}

<p style="text-align: justify">Un examen a lieu à la fin de chaque unité (3 unités dans chaque année) – Environ toutes les 10 semaines.<br />
L’examen consiste en questions de cours en première année. En seconde année, les enseignants peuvent proposer des cas pratiques de droit aux étudiants.<br />
Quel que soit le type d’exercice choisi, vous êtes préparé à l’examen tout au long de l’année et de la mise en ligne des cours concernés.<br />
L’examen a lieu à la fin de chaque unité et porte sur chacune des deux matières de l’unité :</p>
<ul>
<li>En première année &#8211; en principe &#8211; 1 écrit d’1H30 dans chacune des deux matières de l’unité ;</li>
<li>En seconde année &#8211; en principe &#8211; 1 écrit de 2H dans l’une des deux matières de l’unité et un oral dans l’autre matière.</li>
</ul>
<p style="text-align: justify">Les capacitaires sont reçus lorsqu’ils obtiennent une moyenne générale d’au moins 10/20 : toutes les matières et les unités se compensant entre elles.<br />
Un rattrapage des matières non validées a lieu au mois de septembre.</p>
<p style="text-align: justify">

<p>Un examen a lieu à la fin de chaque unité (3 unités dans chaque année) – Environ toutes les 10 semaines. L’examen consiste en questions de cours en première année. En seconde année, les enseignants peuvent proposer des cas pratiques &hellip; <a href="https://blog.univ-angers.fr/capacite/les-examens/">Continuer la lecture <span class="meta-nav">&rarr;</span></a></p>
