{"id":34,"date":"2016-03-03T10:09:43","date_gmt":"2016-03-03T09:09:43","guid":{"rendered":"https:\/\/blog.univ-angers.fr\/banqueannalesistia\/?page_id=34"},"modified":"2020-10-18T15:25:33","modified_gmt":"2020-10-18T14:25:33","slug":"estimations-et-tests","status":"publish","type":"page","link":"https:\/\/blog.univ-angers.fr\/banqueannalesistia\/differentes-matieres\/ei2-semestre-1\/estimations-et-tests\/","title":{"rendered":"Estimations et tests"},"content":{"rendered":"<p><strong>Mais qu&rsquo;est-ce que c&rsquo;est ?<\/strong> <a href=\"http:\/\/www.techniques-ingenieur.fr\/base-documentaire\/sciences-fondamentales-th8\/probabilites-et-statistique-42101210\/\">Techniques de l&rsquo;ing\u00e9nieur<\/a>, <a href=\"https:\/\/fr.wikiversity.org\/wiki\/Probabilit%C3%A9s,_statistiques_et_combinatoire\">Wikiversit\u00e9<\/a><\/p>\n<p><strong>Nous allons voir quoi ? Notions cl\u00e9s :<\/strong><\/p>\n<ul>\n<li>     <\/li>\n<li>      <\/li>\n<li>     <\/li>\n<li>    <\/li>\n<\/ul>\n<p><strong>Examens pr\u00e9c\u00e9dents : <\/strong><\/p>\n<p><a href=\"https:\/\/blog.univ-angers.fr\/banqueannalesistia\/files\/2016\/06\/Estimations-et-Tests-CC-2010-2011.pdf\">Estimations et Tests CC 2010-2011<\/a><br \/>\n<a href=\"https:\/\/blog.univ-angers.fr\/banqueannalesistia\/files\/2016\/06\/Estimations-et-Tests-CC-2011-2012.pdf\">Estimations et Tests CC 2011-2012<\/a><br \/>\n<a href=\"https:\/\/blog.univ-angers.fr\/banqueannalesistia\/files\/2016\/06\/Estimations-et-Tests-CC-2012-2013.pdf\">Estimations et Tests CC 2012-2013<\/a><br \/>\n<a href=\"https:\/\/blog.univ-angers.fr\/banqueannalesistia\/files\/2016\/06\/Estimations-et-Tests-CC-2013-2014.pdf\">Estimations et Tests CC 2013-2014<\/a><br \/>\n<a href=\"https:\/\/blog.univ-angers.fr\/banqueannalesistia\/files\/2017\/06\/Estimations-et-Tests-CC-2015-2016.pdf\">Estimations et Tests CC 2015-2016<\/a><\/p>\n<p><strong>Tu as besoin d&rsquo;autres explications ? voici des liens vers d&rsquo;autres plateformes :<\/strong><\/p>\n<ul>\n<li><a href=\"   \">   <\/a><\/li>\n<li><a href=\"   \">   <\/a><\/li>\n<\/ul>\n<p><strong>Qui nous enseigne ? <\/strong><br \/>\n<span style=\"text-decoration: underline\">Professeur de cours Magistraux<\/span> :<br \/>\nM. TIPLICA Teodor (teodor.tiplica[@]univ-angers.fr), ISTIA bureau 414<br \/>\n<span style=\"text-decoration: underline\">Responsables des Travaux Dirig\u00e9s<\/span> :<br \/>\nM. TIPLICA Teodor (teodor.tiplica[@]univ-angers.fr), ISTIA bureau 414<br \/>\nM. KOBI Abdessamad (abdessamad.kobi[@]univ-angers.fr), ISTIA bureau 416<\/p>\n","protected":false},"excerpt":{"rendered":"<p>Mais qu&rsquo;est-ce que c&rsquo;est ? Techniques de l&rsquo;ing\u00e9nieur, Wikiversit\u00e9 Nous allons voir quoi ? Notions cl\u00e9s : Examens pr\u00e9c\u00e9dents : Estimations et Tests CC 2010-2011 Estimations et Tests CC 2011-2012 Estimations et Tests CC 2012-2013 Estimations et Tests CC 2013-2014 &hellip; <a href=\"https:\/\/blog.univ-angers.fr\/banqueannalesistia\/differentes-matieres\/ei2-semestre-1\/estimations-et-tests\/\">Continuer la lecture <span class=\"meta-nav\">&rarr;<\/span><\/a><\/p>\n","protected":false},"author":31733,"featured_media":0,"parent":11,"menu_order":0,"comment_status":"open","ping_status":"open","template":"","meta":{"footnotes":""},"class_list":["post-34","page","type-page","status-publish","hentry"],"_links":{"self":[{"href":"https:\/\/blog.univ-angers.fr\/banqueannalesistia\/wp-json\/wp\/v2\/pages\/34","targetHints":{"allow":["GET"]}}],"collection":[{"href":"https:\/\/blog.univ-angers.fr\/banqueannalesistia\/wp-json\/wp\/v2\/pages"}],"about":[{"href":"https:\/\/blog.univ-angers.fr\/banqueannalesistia\/wp-json\/wp\/v2\/types\/page"}],"author":[{"embeddable":true,"href":"https:\/\/blog.univ-angers.fr\/banqueannalesistia\/wp-json\/wp\/v2\/users\/31733"}],"replies":[{"embeddable":true,"href":"https:\/\/blog.univ-angers.fr\/banqueannalesistia\/wp-json\/wp\/v2\/comments?post=34"}],"version-history":[{"count":2,"href":"https:\/\/blog.univ-angers.fr\/banqueannalesistia\/wp-json\/wp\/v2\/pages\/34\/revisions"}],"predecessor-version":[{"id":661,"href":"https:\/\/blog.univ-angers.fr\/banqueannalesistia\/wp-json\/wp\/v2\/pages\/34\/revisions\/661"}],"up":[{"embeddable":true,"href":"https:\/\/blog.univ-angers.fr\/banqueannalesistia\/wp-json\/wp\/v2\/pages\/11"}],"wp:attachment":[{"href":"https:\/\/blog.univ-angers.fr\/banqueannalesistia\/wp-json\/wp\/v2\/media?parent=34"}],"curies":[{"name":"wp","href":"https:\/\/api.w.org\/{rel}","templated":true}]}}