{"id":20,"date":"2016-03-02T12:12:54","date_gmt":"2016-03-02T11:12:54","guid":{"rendered":"https:\/\/blog.univ-angers.fr\/banqueannalesistia\/?page_id=20"},"modified":"2020-09-13T14:05:39","modified_gmt":"2020-09-13T13:05:39","slug":"electricite","status":"publish","type":"page","link":"https:\/\/blog.univ-angers.fr\/banqueannalesistia\/differentes-matieres\/ei1-s1-bases-danalyses\/electricite\/","title":{"rendered":"Electricit\u00e9 et filtrage passif"},"content":{"rendered":"<p><strong>Mais qu&rsquo;est-ce que c&rsquo;est ?<\/strong> <a href=\"http:\/\/www.techniques-ingenieur.fr\/base-documentaire\/electronique-automatique-th13\/electronique-ti350\/\">Techniques de l&rsquo;ing\u00e9nieur<\/a>, <a href=\"https:\/\/fr.wikiversity.org\/wiki\/R%C3%A9sistance_et_imp%C3%A9dance\">Wikiversit\u00e9<\/a><\/p>\n<p><strong>Nous allons voir quoi ? Notions cl\u00e9s :<\/strong><\/p>\n<ul>\n<li>Loi d&rsquo;Ohm<\/li>\n<li>R\u00e9sistance<\/li>\n<li>Imp\u00e9dance<\/li>\n<li>Bobine, condensateur <\/li>\n<\/ul>\n<p><strong>Examens pr\u00e9c\u00e9dents : <\/strong><\/p>\n<p><a href=\"https:\/\/blog.univ-angers.fr\/banqueannalesistia\/files\/2016\/03\/Electricit\u00e9-CC1-2013-2014.pdf\">Electricit\u00e9 CC1 2013-2014<\/a><br \/>\n<a href=\"https:\/\/blog.univ-angers.fr\/banqueannalesistia\/files\/2016\/03\/Electricit\u00e9-CC1-2014-2015.pdf\">Electricit\u00e9 CC1 2014-2015<\/a><br \/>\n<a href=\"https:\/\/blog.univ-angers.fr\/banqueannalesistia\/files\/2016\/03\/Electricit\u00e9-CC1-2015-2016.pdf\">Electricit\u00e9 CC1 2015-2016<\/a><br \/>\n<a href=\"https:\/\/blog.univ-angers.fr\/banqueannalesistia\/files\/2017\/06\/Electricit\u00e9-CC1-2016-2017.pdf\">Electricit\u00e9 CC1 2016-2017<\/a><br \/>\n<a href=\"https:\/\/blog.univ-angers.fr\/banqueannalesistia\/files\/2019\/09\/Electricit\u00e9-CC1-2018-2019.pdf\">Electricit\u00e9 CC1 2018-2019<\/a><br \/>\n<a href=\"https:\/\/blog.univ-angers.fr\/banqueannalesistia\/files\/2020\/09\/Electricit\u00e9-CC1-2019-2020.pdf\">Electricit\u00e9 CC1 2019-2020<\/a><\/p>\n<p><a href=\"https:\/\/blog.univ-angers.fr\/banqueannalesistia\/files\/2016\/03\/Electricit\u00e9-CC2-2013-2014.pdf\">Electricit\u00e9 CC2 2013-2014<\/a><br \/>\n<a href=\"https:\/\/blog.univ-angers.fr\/banqueannalesistia\/files\/2016\/03\/Electricit\u00e9-CC2-2014-2015.pdf\">Electricit\u00e9 CC2 2014-2015<\/a><br \/>\n<a href=\"https:\/\/blog.univ-angers.fr\/banqueannalesistia\/files\/2016\/04\/Electricit\u00e9-CC2-2015-2016.pdf\">Electricit\u00e9 CC2 2015-2016<\/a><br \/>\n<a href=\"https:\/\/blog.univ-angers.fr\/banqueannalesistia\/files\/2017\/06\/Electricit\u00e9-CC2-2016-2017.pdf\">Electricit\u00e9 CC2 2016-2017<\/a><br \/>\n<a href=\"https:\/\/blog.univ-angers.fr\/banqueannalesistia\/files\/2019\/09\/Electricit\u00e9-CC2-2017-2018.pdf\">Electricit\u00e9 CC2 2017-2018<\/a><br \/>\n<a href=\"https:\/\/blog.univ-angers.fr\/banqueannalesistia\/files\/2019\/09\/Electricit\u00e9-CC2-2018-2019.pdf\">Electricit\u00e9 CC2 2018-2019<\/a><br \/>\n<a href=\"https:\/\/blog.univ-angers.fr\/banqueannalesistia\/files\/2020\/09\/Electricit\u00e9-CC2-2019-2020.pdf\">Electricit\u00e9 CC2 2019-2020<\/a><\/p>\n<p><strong>Tu as besoin d&rsquo;autres explications ? voici des liens vers d&rsquo;autres plateformes :<\/strong><\/p>\n<ul>\n<li><a href=\"http:\/\/www.tecnipass.com\/panorama-cours.php\">Cours tecnipass<\/li>\n<li><a href=\"https:\/\/www.youtube.com\/playlist?list=PLb5073YdR5_2-AmpwsXM1lvNrbqc8Z9kT\">Cours en ligne par swisslearn<\/a><\/li>\n<li>D. Hong, M.H. Gobbey, J.M. Bauchire, Circuits et mesures \u00e9lectriques, ed. Dunod, 243 pages, 2009 donn\u00e9 par M.Autrique<\/li>\n<\/ul>\n<p><strong>Qui nous enseigne ? <\/strong><br \/>\n<span style=\"text-decoration: underline\">Professeur de cours Magistraux<\/span> :<br \/>\nM. AUTRIQUE Laurent (laurent.autrique[@]univ-angers.fr), ISTIA bureau E31<br \/>\n<span style=\"text-decoration: underline\">Responsables des Travaux Dirig\u00e9s<\/span> :<br \/>\nM. AUTRIQUE Laurent (laurent.autrique[@]univ-angers.fr), ISTIA bureau E31<br \/>\nM. TRAN Thanh Phong<\/p>\n","protected":false},"excerpt":{"rendered":"<p>Mais qu&rsquo;est-ce que c&rsquo;est ? Techniques de l&rsquo;ing\u00e9nieur, Wikiversit\u00e9 Nous allons voir quoi ? Notions cl\u00e9s : Loi d&rsquo;Ohm R\u00e9sistance Imp\u00e9dance Bobine, condensateur Examens pr\u00e9c\u00e9dents : Electricit\u00e9 CC1 2013-2014 Electricit\u00e9 CC1 2014-2015 Electricit\u00e9 CC1 2015-2016 Electricit\u00e9 CC1 2016-2017 Electricit\u00e9 CC1 &hellip; <a href=\"https:\/\/blog.univ-angers.fr\/banqueannalesistia\/differentes-matieres\/ei1-s1-bases-danalyses\/electricite\/\">Continuer la lecture <span class=\"meta-nav\">&rarr;<\/span><\/a><\/p>\n","protected":false},"author":31733,"featured_media":0,"parent":6,"menu_order":0,"comment_status":"open","ping_status":"open","template":"","meta":{"footnotes":""},"class_list":["post-20","page","type-page","status-publish","hentry"],"_links":{"self":[{"href":"https:\/\/blog.univ-angers.fr\/banqueannalesistia\/wp-json\/wp\/v2\/pages\/20","targetHints":{"allow":["GET"]}}],"collection":[{"href":"https:\/\/blog.univ-angers.fr\/banqueannalesistia\/wp-json\/wp\/v2\/pages"}],"about":[{"href":"https:\/\/blog.univ-angers.fr\/banqueannalesistia\/wp-json\/wp\/v2\/types\/page"}],"author":[{"embeddable":true,"href":"https:\/\/blog.univ-angers.fr\/banqueannalesistia\/wp-json\/wp\/v2\/users\/31733"}],"replies":[{"embeddable":true,"href":"https:\/\/blog.univ-angers.fr\/banqueannalesistia\/wp-json\/wp\/v2\/comments?post=20"}],"version-history":[{"count":3,"href":"https:\/\/blog.univ-angers.fr\/banqueannalesistia\/wp-json\/wp\/v2\/pages\/20\/revisions"}],"predecessor-version":[{"id":713,"href":"https:\/\/blog.univ-angers.fr\/banqueannalesistia\/wp-json\/wp\/v2\/pages\/20\/revisions\/713"}],"up":[{"embeddable":true,"href":"https:\/\/blog.univ-angers.fr\/banqueannalesistia\/wp-json\/wp\/v2\/pages\/6"}],"wp:attachment":[{"href":"https:\/\/blog.univ-angers.fr\/banqueannalesistia\/wp-json\/wp\/v2\/media?parent=20"}],"curies":[{"name":"wp","href":"https:\/\/api.w.org\/{rel}","templated":true}]}}