{"id":5,"date":"2012-10-16T10:21:29","date_gmt":"2012-10-16T09:21:29","guid":{"rendered":"https:\/\/blog.univ-angers.fr\/agregationphysiquechimie\/?page_id=5"},"modified":"2012-11-16T14:37:01","modified_gmt":"2012-11-16T13:37:01","slug":"inscription","status":"publish","type":"page","link":"https:\/\/blog.univ-angers.fr\/agregationphysiquechimie\/?page_id=5","title":{"rendered":"Inscription"},"content":{"rendered":"<p>En Avril \u2013 Mai et en Septembre de l\u2019ann\u00e9e qui pr\u00e9c\u00e8de le concours aupr\u00e8s du service de la formation continue du Rectorat de l\u2019acad\u00e9mie. L\u2019information est diffus\u00e9e dans les \u00e9tablissements scolaires.<\/p>\n<p><span style=\"color: #0096ac;\"><strong>PRE-REQUIS, CONDITIONS D\u2019ACC\u00c8S<\/strong><\/span><\/p>\n<ul>\n<li>\u00catre fonctionnaire de l\u2019\u00c9tat ou d&rsquo;une collectivit\u00e9 territoriale ou d&rsquo;un \u00e9tablissement public qui en d\u00e9pend ou militaire de carri\u00e8re.<\/li>\n<li>Avoir accompli 5 ann\u00e9es de services publics.<\/li>\n<li>Justifier d&rsquo;une ma\u00eetrise ou d&rsquo;un titre ou dipl\u00f4me sanctionnant un cycle d&rsquo;\u00e9tudes postsecondaires d&rsquo;au moins quatre ann\u00e9es, d\u00e9livr\u00e9 dans un \u00c9tat membre de la Communaut\u00e9 europ\u00e9enne ou dans un autre \u00c9tat partie \u00e0 l&rsquo;accord sur l&rsquo;Espace \u00e9conomique europ\u00e9en y compris en France.<\/li>\n<li>Consulter le lien suivant :\u00a0<a href=\"http:\/\/www.guide-concours-enseignants-college-lycee.education.gouv.fr\/\">http:\/\/www.guide-concours-enseignants-college-lycee.education.gouv.fr\/<\/a><\/li>\n<li>\u00c9quipement mat\u00e9riel : ordinateur, acc\u00e8s internet<\/li>\n<\/ul>\n<p><span style=\"color: #0096ac;\"><strong>DATES DE D\u00c9BUT ET DE FIN D&rsquo;INSCRIPTION<\/strong><\/span><\/p>\n<p><strong>Avril &#8211; mai <\/strong>puis <strong>septembre <\/strong>de l&rsquo;ann\u00e9e qui pr\u00e9c\u00e8de le concours.<\/p>\n<p><span style=\"color: #0096ac;\"><strong>TARIF<\/strong><\/span><\/p>\n<p>Prendre contact avec le responsable de formation (voir la rubrique \u00ab\u00a0contact\u00a0\u00bb).<\/p>\n<p><span style=\"color: #0096ac;\"><strong>INSCRIPTION<\/strong><\/span><\/p>\n<ul>\n<li><strong>A la pr\u00e9paration au concours :<\/strong> consulter la documentation diffus\u00e9e par le service de la formation continue du Rectorat de l&rsquo;Acad\u00e9mie de Nantes dans les \u00e9tablissements d&rsquo;enseignement.<\/li>\n<li><strong>Au concours :<\/strong> Sur Internet, consulter <a href=\"http:\/\/www.education.gouv.fr\/siac\/siac2\" target=\"_blank\">www.education.gouv.fr\/siac\/siac2<\/a><\/li>\n<\/ul>\n<p><span style=\"color: #0096ac;\"><strong>VALIDATION DU DIPL\u00d4ME<\/strong><\/span><\/p>\n<p>Formation non-diplomante<\/p>\n<p>CURSUS DE FORMATION ASSOCI\u00c9<\/p>\n<p>Le programme est celui de physique et chimie jusqu&rsquo;au niveau classes pr\u00e9paratoires scientifiques aux grandes \u00e9coles publi\u00e9 au BO (Hors s\u00e9rie) en mai de l&rsquo;ann\u00e9e qui pr\u00e9c\u00e8de le concours.<\/p>\n<ul>\n<li><strong> Chimie :<\/strong> L&rsquo;atome, Chimie inorganique, \u00c9tat solide, Chimie analytique en solution aqueuse, \u00c9lectrochimie, Thermodynamique chimique, Cin\u00e9tique, Catalyse, Spectroscopies, Atomistique, Chimie organique.<\/li>\n<li><strong> Physique <\/strong>: M\u00e9canique, Optique, Thermodynamique, \u00c9lectricit\u00e9, \u00c9lectromagn\u00e9tisme, Ondes.<\/li>\n<li><strong>\u00c9preuves \u00e9crites<\/strong> pr\u00e9par\u00e9es \u00e0 distance<\/li>\n<li><strong>\u00c9preuves orales :<\/strong> journ\u00e9es de formations \u00e0 Angers, Le Mans ou Nantes.<\/li>\n<\/ul>\n<p>&nbsp;<\/p>\n<p>&nbsp;<\/p>\n<p>&nbsp;<\/p>\n","protected":false},"excerpt":{"rendered":"<p>En Avril \u2013 Mai et en Septembre de l\u2019ann\u00e9e qui pr\u00e9c\u00e8de le concours aupr\u00e8s du service de la formation continue du Rectorat de l\u2019acad\u00e9mie. L\u2019information est diffus\u00e9e dans les \u00e9tablissements scolaires. PRE-REQUIS, CONDITIONS D\u2019ACC\u00c8S \u00catre fonctionnaire de l\u2019\u00c9tat ou d&rsquo;une &hellip; <a href=\"https:\/\/blog.univ-angers.fr\/agregationphysiquechimie\/?page_id=5\">Continuer la lecture <span class=\"meta-nav\">&rarr;<\/span><\/a><\/p>\n","protected":false},"author":14582,"featured_media":0,"parent":0,"menu_order":2,"comment_status":"closed","ping_status":"open","template":"","meta":{"footnotes":""},"class_list":["post-5","page","type-page","status-publish","hentry"],"_links":{"self":[{"href":"https:\/\/blog.univ-angers.fr\/agregationphysiquechimie\/index.php?rest_route=\/wp\/v2\/pages\/5","targetHints":{"allow":["GET"]}}],"collection":[{"href":"https:\/\/blog.univ-angers.fr\/agregationphysiquechimie\/index.php?rest_route=\/wp\/v2\/pages"}],"about":[{"href":"https:\/\/blog.univ-angers.fr\/agregationphysiquechimie\/index.php?rest_route=\/wp\/v2\/types\/page"}],"author":[{"embeddable":true,"href":"https:\/\/blog.univ-angers.fr\/agregationphysiquechimie\/index.php?rest_route=\/wp\/v2\/users\/14582"}],"replies":[{"embeddable":true,"href":"https:\/\/blog.univ-angers.fr\/agregationphysiquechimie\/index.php?rest_route=%2Fwp%2Fv2%2Fcomments&post=5"}],"version-history":[{"count":7,"href":"https:\/\/blog.univ-angers.fr\/agregationphysiquechimie\/index.php?rest_route=\/wp\/v2\/pages\/5\/revisions"}],"predecessor-version":[{"id":76,"href":"https:\/\/blog.univ-angers.fr\/agregationphysiquechimie\/index.php?rest_route=\/wp\/v2\/pages\/5\/revisions\/76"}],"wp:attachment":[{"href":"https:\/\/blog.univ-angers.fr\/agregationphysiquechimie\/index.php?rest_route=%2Fwp%2Fv2%2Fmedia&parent=5"}],"curies":[{"name":"wp","href":"https:\/\/api.w.org\/{rel}","templated":true}]}}