{"id":22,"date":"2012-10-16T10:38:54","date_gmt":"2012-10-16T09:38:54","guid":{"rendered":"https:\/\/blog.univ-angers.fr\/agregationphysiquechimie\/?page_id=22"},"modified":"2012-11-16T14:46:04","modified_gmt":"2012-11-16T13:46:04","slug":"accueil","status":"publish","type":"page","link":"https:\/\/blog.univ-angers.fr\/agregationphysiquechimie\/","title":{"rendered":"Accueil"},"content":{"rendered":"<p><strong>Formation continue<\/strong> propos\u00e9e par le <strong>Rectorat de l\u2019Acad\u00e9mie des Pays de la Loire<\/strong>, aux enseignants de physique \u2013 chimie du second degr\u00e9 ayant droit \u00e0 pr\u00e9senter le concours d\u2019obtention du <strong>Certificat d\u2019Aptitude \u00e0 l\u2019Echelle de R\u00e9mun\u00e9ration des Professeurs Agr\u00e9g\u00e9s (CAERPA)<\/strong>.<\/p>\n<table width=\"80%\" border=\"1\" cellspacing=\"1\" cellpadding=\"1\">\n<tbody>\n<tr>\n<td>\n<div align=\"center\"><a href=\"http:\/\/www.education.gouv.fr\/siac\/siac2\/default.htm\">Consulter le site Syst\u00e8me d&rsquo;Information et d&rsquo;Aide aux Concours du 2nd degr\u00e9<\/a><\/div>\n<\/td>\n<\/tr>\n<\/tbody>\n<\/table>\n<p style=\"color: #0096ac;\"><strong>\u00c9PREUVES<\/strong><\/p>\n<p>Descriptif des \u00e9preuves de l&rsquo;agr\u00e9gation interne et du CAERPA section physique-chimie :<em> Extrait de la rubrique \u00ab Epreuves \u00bb du site SIAC 2nd degr\u00e9<\/em> (<a href=\"http:\/\/www.guide-concours-enseignants-college-lycee.education.gouv.fr\/cid60078\/agregation-interne-section-physique-chimie.html\">lien direct<\/a>)<\/p>\n<p>Les \u00e9preuves sont not\u00e9es de 0 \u00e0 20. Pour toutes les \u00e9preuves, la note z\u00e9ro est \u00e9liminatoire. Lorsqu&rsquo;une \u00e9preuve comporte plusieurs parties, la note z\u00e9ro obtenue \u00e0 l&rsquo;une ou l&rsquo;autre des parties est \u00e9liminatoire.<\/p>\n<p>Le programme sur lequel portent les \u00e9preuves \u00e9crites et orales est publi\u00e9 sur le site internet du minist\u00e8re charg\u00e9 de l&rsquo;\u00e9ducation nationale.<\/p>\n<ul>\n<li>\n<p style=\"font-variant: small-caps;\">\u00c9preuves \u00e9crites d&rsquo;admissibilit\u00e9<\/p>\n<\/li>\n<\/ul>\n<ol>\n<li><span style=\"text-decoration: underline;\">Composition sur la physique et le traitement automatis\u00e9 de l&rsquo;information<\/span><br \/>\n<strong>Dur\u00e9e : 5 heures<\/strong><br \/>\n<strong>Coefficient 1<\/strong><br \/>\nLe programme de l&rsquo;\u00e9preuve est d\u00e9fini par r\u00e9f\u00e9rence aux programmes de physique des classes de coll\u00e8ge et de lyc\u00e9e, classes post-baccalaur\u00e9at incluses. Il fait l&rsquo;objet d&rsquo;une publication sur le site internet du minist\u00e8re charg\u00e9 de l&rsquo;\u00e9ducation nationale.<\/li>\n<li><span style=\"text-decoration: underline;\">Composition sur la chimie et le traitement automatis\u00e9 de l&rsquo;information<\/span><br \/>\n<strong>Dur\u00e9e : 5 heures<\/strong><br \/>\n<strong>Coefficient 1<\/strong><br \/>\nLe programme de l&rsquo;\u00e9preuve est d\u00e9fini par r\u00e9f\u00e9rence aux programmes de chimie des classes de coll\u00e8ge et de lyc\u00e9e, classes post-baccalaur\u00e9at incluses. Il fait l&rsquo;objet d&rsquo;une publication sur le site internet du minist\u00e8re charg\u00e9 de l&rsquo;\u00e9ducation nationale.<\/li>\n<\/ol>\n<ul>\n<li>\n<p style=\"font-variant: small-caps;\">\u00c9preuves orales d&rsquo;admission<\/p>\n<\/li>\n<\/ul>\n<ol>\n<li>\n<h5><span style=\"text-decoration: underline;\">Expos\u00e9 consistant en une pr\u00e9sentation d&rsquo;un concept et son exploitation p\u00e9dagogique<\/span><br \/>\n<strong>Dur\u00e9e de pr\u00e9paration : 4 heures | Dur\u00e9e de l&rsquo;\u00e9preuve : 1h20<\/strong><br \/>\n<strong>Coefficient 1<\/strong><br \/>\nCette \u00e9preuve s&rsquo;appuie sur les contenus d&rsquo;enseignement \u00e0 tous les niveaux du coll\u00e8ge et du lyc\u00e9e, classes post-baccalaur\u00e9at comprises.<\/h5>\n<\/li>\n<li>\n<h5><span style=\"text-decoration: underline;\">Montage et traitement automatis\u00e9 de l&rsquo;information<\/span><\/h5>\n<h5><strong>Dur\u00e9e de pr\u00e9paration : 4 heures | Dur\u00e9e de l&rsquo;\u00e9preuve : 1h20<\/strong><br \/>\n<strong>Coefficient 1<br \/>\n<\/strong>Cette \u00e9preuve est compos\u00e9e d&rsquo;exp\u00e9riences, pouvant mettre en \u0153uvre l&rsquo;ordinateur, illustrant l&rsquo;enseignement donn\u00e9 \u00e0 tous les niveaux du coll\u00e8ge et du lyc\u00e9e, classes post-baccalaur\u00e9at comprises. Le candidat doit choisir l&rsquo;un des deux montages qui lui sont propos\u00e9s. La pr\u00e9sentation des exp\u00e9riences est suivie d&rsquo;un entretien.<\/h5>\n<\/li>\n<\/ol>\n<p><strong><span style=\"color: #0096ac;\">PROGRAMME<\/span><\/strong><\/p>\n<p>Le programme est celui de physique et chimie jusqu\u2019au niveau classes pr\u00e9paratoires scientifiques aux grandes \u00e9coles publi\u00e9 au BO :<br \/>\n<a href=\"http:\/\/cache.media.education.gouv.fr\/file\/agregation_externe\/16\/7\/p2013_agreg_ext_sc_phys_physique_210167.pdf\">Consultez-le ici !<\/a><\/p>\n<p>&nbsp;<\/p>\n","protected":false},"excerpt":{"rendered":"<p>Formation continue propos\u00e9e par le Rectorat de l\u2019Acad\u00e9mie des Pays de la Loire, aux enseignants de physique \u2013 chimie du second degr\u00e9 ayant droit \u00e0 pr\u00e9senter le concours d\u2019obtention du Certificat d\u2019Aptitude \u00e0 l\u2019Echelle de R\u00e9mun\u00e9ration des Professeurs Agr\u00e9g\u00e9s (CAERPA). &hellip; <a href=\"https:\/\/blog.univ-angers.fr\/agregationphysiquechimie\/\">Continuer la lecture <span class=\"meta-nav\">&rarr;<\/span><\/a><\/p>\n","protected":false},"author":14582,"featured_media":0,"parent":0,"menu_order":0,"comment_status":"closed","ping_status":"closed","template":"","meta":{"footnotes":""},"class_list":["post-22","page","type-page","status-publish","hentry"],"_links":{"self":[{"href":"https:\/\/blog.univ-angers.fr\/agregationphysiquechimie\/index.php?rest_route=\/wp\/v2\/pages\/22","targetHints":{"allow":["GET"]}}],"collection":[{"href":"https:\/\/blog.univ-angers.fr\/agregationphysiquechimie\/index.php?rest_route=\/wp\/v2\/pages"}],"about":[{"href":"https:\/\/blog.univ-angers.fr\/agregationphysiquechimie\/index.php?rest_route=\/wp\/v2\/types\/page"}],"author":[{"embeddable":true,"href":"https:\/\/blog.univ-angers.fr\/agregationphysiquechimie\/index.php?rest_route=\/wp\/v2\/users\/14582"}],"replies":[{"embeddable":true,"href":"https:\/\/blog.univ-angers.fr\/agregationphysiquechimie\/index.php?rest_route=%2Fwp%2Fv2%2Fcomments&post=22"}],"version-history":[{"count":38,"href":"https:\/\/blog.univ-angers.fr\/agregationphysiquechimie\/index.php?rest_route=\/wp\/v2\/pages\/22\/revisions"}],"predecessor-version":[{"id":25,"href":"https:\/\/blog.univ-angers.fr\/agregationphysiquechimie\/index.php?rest_route=\/wp\/v2\/pages\/22\/revisions\/25"}],"wp:attachment":[{"href":"https:\/\/blog.univ-angers.fr\/agregationphysiquechimie\/index.php?rest_route=%2Fwp%2Fv2%2Fmedia&parent=22"}],"curies":[{"name":"wp","href":"https:\/\/api.w.org\/{rel}","templated":true}]}}